000
CXUS52 KMHX 290052
CF6HSE
PRELIMINARY LOCAL CLIMATOLOGICAL DATA (WS FORM: F-6)
STATION: CAPE HATTERAS NC
MONTH: JANUARY
YEAR: 2021
LATITUDE: 35 13 N
LONGITUDE: 75 37 W
TEMPERATURE IN F: :PCPN: SNOW: WIND :SUNSHINE: SKY :PK WND
================================================================================
1 2 3 4 5 6A 6B 7 8 9 10 11 12 13 14 15 16 17 18
12Z AVG MX 2MIN
DY MAX MIN AVG DEP HDD CDD WTR SNW DPTH SPD SPD DIR MIN PSBL S-S WX SPD DR
================================================================================
1 67 54 61 15 4 0 0.31 0.0 0 8.1 16 210 M M 8 12 23 200
2 68 57 63 17 2 0 0.13 0.0 0 8.1 23 230 M M 8 1 32 230
3 68 48 58 12 7 0 0.03 0.0 0 8.3 16 250 M M 8 1 26 260
4 52 46 49 3 16 0 0.00 0.0 0 4.9 13 360 M M 6 21 360
5 53 42 48 2 17 0 0.00 0.0 0 3.8 10 300 M M 2 16 10
6 48 41 45 -1 20 0 0.00 0.0 0 8.3 14 330 M M 5 25 330
7 48 35 42 -4 23 0 0.00 0.0 0 4.7 9 300 M M 0 16 330
8 52 39 46 0 19 0 1.00 0.0 0 11.1 18 10 M M 7 1 34 10
9 45 37 41 -4 24 0 0.75 0.0 0 9.9 21 330 M M 3 1 36 330
10 48 32 40 -5 25 0 0.00 0.0 0 5.5 12 330 M M 0 21 330
11 52 30 41 -4 24 0 0.07 0.0 0 3.6 8 30 M M 3 12 30
12 50 44 47 2 18 0 0.36 0.0 0 6.1 12 30 M M 8 1 19 30
13 50 35 43 -2 22 0 0.00 0.0 0 1.8 7 280 M M 1 18 9 270
14 50 38 44 -1 21 0 0.07 0.0 0 5.2 12 290 M M 4 1 17 290
15 60 34 47 2 18 0 0.31 0.0 0 4.4 13 250 M M 2 18 18 240
16 55 44 50 5 15 0 0.34 0.0 0 12.6 26 240 M M 4 1 41 240
17 51 40 46 1 19 0 0.00 0.0 0 9.5 18 260 M M 1 34 280
18 53 43 48 3 17 0 0.00 0.0 0 8.0 14 260 M M 1 22 260
19 55 42 49 4 16 0 0.00 0.0 0 9.8 21 240 M M 0 29 240
20 58 35 47 2 18 0 0.00 0.0 0 8.7 23 250 M M 3 41 250
21 60 33 47 2 18 0 T 0.0 0 8.1 20 240 M M 5 27 240
22 53 46 50 5 15 0 0.00 0.0 0 8.0 13 300 M M 0 21 290
23 49 37 43 -2 22 0 0.00 0.0 0 7.5 13 20 M M 0 23 10
24 44 33 39 -6 26 0 0.00 0.0 0 4.5 13 10 M M 2 21 360
25 54 40 47 2 18 0 0.59 0.0 0 2.3 8 40 M M 10 1 M M
26 62 47 55 10 10 0 0.51 0.0 0 5.0 14 210 M M 10 123 20 210
27 54 44 49 3 16 0 0.05 0.0 0 7.4 16 30 M M 9 12 25 40
28 45 35 40 -6 25 0 1.18 T T 13.4 22 10 M M 7 1 40 340
29 37 30 34 -12 31 0 0.00 0.0 0 9.2 15 330 M M 0 28 340
30 40 28 34 -12 31 0 0.00 0.0 0 5.5 10 10 M M 0 20 320
31 56 33 45 -1 20 0 1.77 0.0 0 8.8 23 170 M M 9 12 32 170
================================================================================
SM 1637 1222 577 0 7.47 T 222.1 M 126
================================================================================
AV 52.8 39.4 7.2 FASTST M M 4 MAX(MPH)
MISC ----> 26 240 # 41 240
================================================================================
NOTES:
# LAST OF SEVERAL OCCURRENCES
COLUMN 17 PEAK WIND IN M.P.H.
PRELIMINARY LOCAL CLIMATOLOGICAL DATA (WS FORM: F-6) , PAGE 2
STATION: CAPE HATTERAS NC
MONTH: JANUARY
YEAR: 2021
LATITUDE: 35 13 N
LONGITUDE: 75 37 W
[TEMPERATURE DATA] [PRECIPITATION DATA] SYMBOLS USED IN COLUMN 16
AVERAGE MONTHLY: 46.1 TOTAL FOR MONTH: 7.47 1 = FOG OR MIST
DPTR FM NORMAL: 0.6 DPTR FM NORMAL: 2.23 2 = FOG REDUCING VISIBILITY
HIGHEST: 68 ON 3, 2 GRTST 24HR 1.77 ON 31-31 TO 1/4 MILE OR LESS
LOWEST: 28 ON 30 3 = THUNDER
SNOW, ICE PELLETS, HAIL 4 = ICE PELLETS
TOTAL MONTH: T 5 = HAIL
GRTST 24HR T ON 28-28 6 = FREEZING RAIN OR DRIZZLE
GRTST DEPTH: T 7 = DUSTSTORM OR SANDSTORM:
VSBY 1/2 MILE OR LESS
8 = SMOKE OR HAZE
[NO. OF DAYS WITH] [WEATHER - DAYS WITH] 9 = BLOWING SNOW
X = TORNADO
MAX 32 OR BELOW: 0 0.01 INCH OR MORE: 15
MAX 90 OR ABOVE: 0 0.10 INCH OR MORE: 11
MIN 32 OR BELOW: 4 0.50 INCH OR MORE: 6
MIN 0 OR BELOW: 0 1.00 INCH OR MORE: 3
[HDD (BASE 65) ]
TOTAL THIS MO. 577 CLEAR (SCALE 0-3) 14
DPTR FM NORMAL -29 PTCLDY (SCALE 4-7) 12
TOTAL FM JUL 1 1152 CLOUDY (SCALE 8-10) 5
DPTR FM NORMAL -265
[CDD (BASE 65) ]
TOTAL THIS MO. 0
DPTR FM NORMAL 0 [PRESSURE DATA]
TOTAL FM JAN 1 0 HIGHEST SLP 30.40 ON 30
DPTR FM NORMAL 0 LOWEST SLP 29.58 ON 16
[REMARKS]
#FINAL-01-21#