000
CXUS54 KHUN 030447
CF6HSV
PRELIMINARY LOCAL CLIMATOLOGICAL DATA (WS FORM: F-6)
STATION: HUNTSVILLE
MONTH: MARCH
YEAR: 2021
LATITUDE: 34 39 N
LONGITUDE: 86 46 W
TEMPERATURE IN F: :PCPN: SNOW: WIND :SUNSHINE: SKY :PK WND
================================================================================
1 2 3 4 5 6A 6B 7 8 9 10 11 12 13 14 15 16 17 18
12Z AVG MX 2MIN
DY MAX MIN AVG DEP HDD CDD WTR SNW DPTH SPD SPD DIR MIN PSBL S-S WX SPD DR
================================================================================
1 59 41 50 0 15 0 0.66 0.0 0 8.5 20 20 M M 10 13 26 20
2 53 39 46 -4 19 0 0.04 0.0 0 4.7 13 30 M M 8 16 40
3 61 35 48 -2 17 0 0.00 0.0 0 4.5 13 320 M M 1 18 350
4 71 34 53 3 12 0 0.00 0.0 0 3.6 14 20 M M 0 19 340
5 58 40 49 -2 16 0 T 0.0 0 9.2 20 10 M M 6 22 10
6 58 37 48 -3 17 0 0.00 0.0 0 12.5 23 30 M M 2 32 10
7 63 28 46 -5 19 0 0.00 0.0 0 5.4 20 70 M M 1 24 50
8 70 29 50 -1 15 0 0.00 0.0 0 2.4 8 230 M M 1 10 220
9 70 35 53 1 12 0 0.00 0.0 0 6.6 14 180 M M 3 19 170
10 74 45 60 8 5 0 0.00 0.0 0 9.3 23 200 M M 4 32 210
11 71 54 63 11 2 0 0.00 0.0 0 9.7 17 160 M M 6 24 190
12 76 52 64 12 1 0 0.00 0.0 0 5.2 16 30 M M 8 18 30
13 76 56 66 13 0 1 0.00 0.0 0 4.4 13 30 M M 7 12 16 30
14 80 54 67 14 0 2 0.00 0.0 0 5.8 15 120 M M 7 18 130
15 69 60 65 12 0 0 0.10 0.0 0 11.6 22 170 M M 9 1 27 170
16 67 57 62 8 3 0 2.25 0.0 0 9.2 22 310 M M 9 13 29 320
17 66 56 61 7 4 0 2.15 0.0 0 10.5 23 210 M M 10 13 34 220
18 64 45 55 1 10 0 0.01 0.0 0 13.2 24 290 M M 9 1 33 260
19 49 45 47 -7 18 0 T 0.0 0 10.4 20 20 M M 10 1 23 20
20 64 42 53 -2 12 0 0.00 0.0 0 8.0 22 120 M M 3 27 110
21 65 37 51 -4 14 0 0.00 0.0 0 4.9 15 90 M M 3 20 100
22 71 46 59 4 6 0 0.00 0.0 0 8.8 20 140 M M 7 8 24 130
23 66 54 60 5 5 0 0.14 0.0 0 12.8 28 140 M M 8 1 35 140
24 75 51 63 7 2 0 0.00 0.0 0 5.8 12 190 M M 5 14 150
25 72 59 66 10 0 1 2.35 0.0 0 10.2 23 190 M M 8 13 34 290
26 75 52 64 8 1 0 0.00 0.0 0 4.3 10 350 M M 2 15 270
27 80 60 70 14 0 5 0.61 0.0 0 11.6 29 300 M M 9 123 38 300
28 73 46 60 3 5 0 1.67 0.0 0 13.0 30 280 M M 7 13 42 270
29 67 37 52 -5 13 0 0.00 0.0 0 4.2 12 50 M M 0 15 30
30 77 43 60 3 5 0 0.01 0.0 0 9.1 22 170 M M 5 27 170
31 68 38 53 -5 12 0 1.33 0.0 0 10.1 25 10 M M 8 13 32 330
================================================================================
SM 2108 1407 260 9 11.32 0.0 249.5 M 176
================================================================================
AV 68.0 45.4 8.0 FASTST M M 6 MAX(MPH)
MISC ----> 30 280 42 270
================================================================================
NOTES:
# LAST OF SEVERAL OCCURRENCES
COLUMN 17 PEAK WIND IN M.P.H.
PRELIMINARY LOCAL CLIMATOLOGICAL DATA (WS FORM: F-6) , PAGE 2
STATION: HUNTSVILLE
MONTH: MARCH
YEAR: 2021
LATITUDE: 34 39 N
LONGITUDE: 86 46 W
[TEMPERATURE DATA] [PRECIPITATION DATA] SYMBOLS USED IN COLUMN 16
AVERAGE MONTHLY: 56.7 TOTAL FOR MONTH: 11.32 1 = FOG OR MIST
DPTR FM NORMAL: 3.2 DPTR FM NORMAL: 6.11 2 = FOG REDUCING VISIBILITY
HIGHEST: 80 ON 27,14 GRTST 24HR 2.35 ON 15-16 TO 1/4 MILE OR LESS
LOWEST: 28 ON 7 3 = THUNDER
SNOW, ICE PELLETS, HAIL 4 = ICE PELLETS
TOTAL MONTH: 0.0 INCH 5 = HAIL
GRTST 24HR 0.0 6 = FREEZING RAIN OR DRIZZLE
GRTST DEPTH: 0 7 = DUSTSTORM OR SANDSTORM:
VSBY 1/2 MILE OR LESS
8 = SMOKE OR HAZE
[NO. OF DAYS WITH] [WEATHER - DAYS WITH] 9 = BLOWING SNOW
X = TORNADO
MAX 32 OR BELOW: 0 0.01 INCH OR MORE: 12
MAX 90 OR ABOVE: 0 0.10 INCH OR MORE: 9
MIN 32 OR BELOW: 2 0.50 INCH OR MORE: 7
MIN 0 OR BELOW: 0 1.00 INCH OR MORE: 5
[HDD (BASE 65) ]
TOTAL THIS MO. 260 CLEAR (SCALE 0-3) 9
DPTR FM NORMAL -108 PTCLDY (SCALE 4-7) 14
TOTAL FM JUL 1 2703 CLOUDY (SCALE 8-10) 8
DPTR FM NORMAL -118
[CDD (BASE 65) ]
TOTAL THIS MO. 9
DPTR FM NORMAL -4 [PRESSURE DATA]
TOTAL FM JAN 1 13 HIGHEST SLP 30.57 ON 8
DPTR FM NORMAL -1 LOWEST SLP 29.62 ON 18
[REMARKS]
#FINAL-03-21#