000
CXUS54 KHUN 010810
CF6HSV
PRELIMINARY LOCAL CLIMATOLOGICAL DATA (WS FORM: F-6)
STATION: HUNTSVILLE
MONTH: JULY
YEAR: 2020
LATITUDE: 34 39 N
LONGITUDE: 86 46 W
TEMPERATURE IN F: :PCPN: SNOW: WIND :SUNSHINE: SKY :PK WND
================================================================================
1 2 3 4 5 6A 6B 7 8 9 10 11 12 13 14 15 16 17 18
12Z AVG MX 2MIN
DY MAX MIN AVG DEP HDD CDD WTR SNW DPTH SPD SPD DIR MIN PSBL S-S WX SPD DR
================================================================================
1 82 68 75 -5 0 10 0.73 0.0 0 5.0 13 310 M M 9 13 18 290
2 89 68 79 -1 0 14 0.00 0.0 0 3.3 9 330 M M 5 13 340
3 94 71 83 3 0 18 0.00 0.0 0 3.1 10 10 M M 4 12 16 130
4 92 71 82 2 0 17 0.00 0.0 0 3.1 12 160 M M 4 13 15 130
5 93 71 82 2 0 17 0.47 0.0 0 4.4 44 130 M M 6 138 60 130
6 88 71 80 0 0 15 0.00 0.0 0 5.8 14 120 M M 5 16 110
7 90 73 82 2 0 17 0.07 0.0 0 3.1 9 330 M M 6 3 12 170
8 87 73 80 0 0 15 T 0.0 0 3.9 16 40 M M 5 3 20 340
9 90 71 81 1 0 16 0.00 0.0 0 2.7 10 250 M M 4 14 240
10 92 73 83 3 0 18 0.00 M M 6.2 14 290 M M 3 1 21 260
11 92 67 80 -1 0 15 0.00 0.0 0 5.7 18 320 M M 1 22 350
12 82 68 75 -6 0 10 1.38 0.0 0 6.2 28 50 M M 5 138 35 50
13 89 69 79 -2 0 14 0.00 0.0 0 2.7 8 330 M M 5 1 12 260
14 91 70 81 0 0 16 0.00 0.0 0 1.9 9 140 M M 3 1 11 100
15 93 70 82 1 0 17 0.00 0.0 0 4.6 10 160 M M 1 13 170
16 91 70 81 0 0 16 0.00 0.0 0 4.5 14 160 M M 2 1 17 190
17 94 73 84 3 0 19 0.00 0.0 0 3.0 12 190 M M 2 15 190
18 95 73 84 3 0 19 0.00 0.0 0 3.2 12 260 M M 4 14 260
19 95 73 84 3 0 19 0.00 0.0 0 4.2 26 170 M M 3 13 31 170
20 95 73 84 3 0 19 0.00 0.0 0 3.1 13 200 M M 4 13 17 200
21 94 74 84 3 0 19 T 0.0 0 3.5 20 210 M M 6 13 26 210
22 92 73 83 2 0 18 0.19 0.0 0 4.8 37 150 M M 6 138 50 150
23 92 71 82 1 0 17 0.00 0.0 0 4.5 17 150 M M 3 20 160
24 90 73 82 1 0 17 0.00 0.0 0 5.9 15 170 M M 3 19 180
25 94 72 83 2 0 18 0.07 0.0 0 5.0 20 20 M M 4 3 23 10
26 94 71 83 2 0 18 0.00 0.0 0 2.9 10 210 M M 3 14 200
27 91 73 82 1 0 17 T 0.0 0 4.4 14 260 M M 5 18 250
28 90 72 81 0 0 16 T 0.0 0 2.9 21 190 M M 5 25 180
29 92 73 83 2 0 18 0.02 0.0 0 4.0 15 230 M M 8 1 18 220
30 90 74 82 1 0 17 0.14 0.0 0 8.6 17 240 M M 6 1 21 220
31 92 74 83 2 0 18 0.25 0.0 0 7.8 18 170 M M 7 13 24 210
================================================================================
SM 2825 2216 0 514 3.32 0.0 134.0 M 137
================================================================================
AV 91.1 71.5 4.3 FASTST M M 4 MAX(MPH)
MISC ----> 44 130 60 130
================================================================================
NOTES:
# LAST OF SEVERAL OCCURRENCES
COLUMN 17 PEAK WIND IN M.P.H.
PRELIMINARY LOCAL CLIMATOLOGICAL DATA (WS FORM: F-6) , PAGE 2
STATION: HUNTSVILLE
MONTH: JULY
YEAR: 2020
LATITUDE: 34 39 N
LONGITUDE: 86 46 W
[TEMPERATURE DATA] [PRECIPITATION DATA] SYMBOLS USED IN COLUMN 16
AVERAGE MONTHLY: 81.3 TOTAL FOR MONTH: 3.32 1 = FOG OR MIST
DPTR FM NORMAL: 0.7 DPTR FM NORMAL: -0.73 2 = FOG REDUCING VISIBILITY
HIGHEST: 95 ON 20,19 GRTST 24HR 1.57 ON 30- 1 TO 1/4 MILE OR LESS
LOWEST: 67 ON 11 3 = THUNDER
SNOW, ICE PELLETS, HAIL 4 = ICE PELLETS
TOTAL MONTH: 0.0 INCH 5 = HAIL
GRTST 24HR 0.0 6 = FREEZING RAIN OR DRIZZLE
GRTST DEPTH: 0 7 = DUSTSTORM OR SANDSTORM:
VSBY 1/2 MILE OR LESS
8 = SMOKE OR HAZE
[NO. OF DAYS WITH] [WEATHER - DAYS WITH] 9 = BLOWING SNOW
X = TORNADO
MAX 32 OR BELOW: 0 0.01 INCH OR MORE: 9
MAX 90 OR ABOVE: 25 0.10 INCH OR MORE: 6
MIN 32 OR BELOW: 0 0.50 INCH OR MORE: 2
MIN 0 OR BELOW: 0 1.00 INCH OR MORE: 1
[HDD (BASE 65) ]
TOTAL THIS MO. 0 CLEAR (SCALE 0-3) 9
DPTR FM NORMAL 0 PTCLDY (SCALE 4-7) 21
TOTAL FM JUL 1 0 CLOUDY (SCALE 8-10) 1
DPTR FM NORMAL 0
[CDD (BASE 65) ]
TOTAL THIS MO. 514
DPTR FM NORMAL 32 [PRESSURE DATA]
TOTAL FM JAN 1 1067 HIGHEST SLP M ON M
DPTR FM NORMAL -58 LOWEST SLP 29.77 ON 12
[REMARKS]
#FINAL-07-20#