000
CXUS53 KIND 010600
CF6HUF
PRELIMINARY LOCAL CLIMATOLOGICAL DATA (WS FORM: F-6)
STATION: TERRE HAUTE IN
MONTH: APRIL
YEAR: 2023
LATITUDE: 39 27 N
LONGITUDE: 87 18 W
TEMPERATURE IN F: :PCPN: SNOW: WIND :SUNSHINE: SKY :PK WND
================================================================================
1 2 3 4 5 6A 6B 7 8 9 10 11 12 13 14 15 16 17 18
12Z AVG MX 2MIN
DY MAX MIN AVG DEP HDD CDD WTR SNW DPTH SPD SPD DIR MIN PSBL S-S WX SPD DR
================================================================================
1 60 41 51 2 14 0 T M M 14.8 35 250 M M 7 53 300
2 60 31 46 -3 19 0 0.00 M M 7.8 21 160 M M 2 27 140
3 75 45 60 10 5 0 0.00 M M 11.4 23 190 M M 1 32 190
4 81 57 69 19 0 4 T M M 12.3 28 180 M M 6 1 37 190
5 76 46 61 11 4 0 0.54 M M 14.2 43 190 M M 5 13 61 190
6 52 37 45 -6 20 0 0.00 M M 4.4 12 300 M M 0 16 330
7 60 32 46 -5 19 0 0.00 M M 5.4 15 50 M M 0 23 60
8 66 36 51 0 14 0 0.00 M M 9.2 18 110 M M 0 33 100
9 69 35 52 0 13 0 0.00 M M 5.7 17 70 M M 0 27 70
10 72 35 54 2 11 0 0.00 M M 2.8 12 130 M M 0 16 130
11 76 39 58 6 7 0 0.00 M M 4.8 17 240 M M 0 22 230
12 79 50 65 12 0 0 0.00 M M 8.3 20 200 M M 0 26 210
13 80 43 62 9 3 0 0.00 M M 4.5 13 140 M M 0 17 160
14 79 56 68 15 0 3 0.00 M M 3.6 14 150 M M 2 18 160
15 81 51 66 12 0 1 0.00 M M 8.1 25 260 M M 1 40 260
16 62 39 51 -3 14 0 0.12 M M 14.2 25 240 M M 9 18 37 250
17 59 38 49 -5 16 0 0.02 M M 14.2 29 270 M M 7 1 42 290
18 66 29 48 -7 17 0 0.00 M M 2.4 10 290 M M 1 14 300
19 81 46 64 9 1 0 0.00 M M 12.6 25 190 M M 1 36 200
20 84 59 72 16 0 7 0.24 M M 14.0 32 180 M M 3 3 44 210
21 61 47 54 -2 11 0 0.53 M M 5.6 22 310 M M 6 1 34 310
22 52 39 46 -10 19 0 0.00 M M 10.2 23 270 M M 7 34 260
23 50 33 42 -14 23 0 0.00 M M 7.8 16 260 M M 9 23 300
24 58 26 42 -15 23 0 0.00 M M 5.4 16 320 M M 2 24 330
25 61 36 49 -8 16 0 T M M 6.2 17 240 M M 8 24 200
26 63 39 51 -7 14 0 0.00 M M 6.0 13 40 M M 3 18 19 10
27 67 35 51 -7 14 0 0.15 M M 6.0 13 70 M M 4 1 19 110
28 64 43 54 -4 11 0 0.07 M M 5.9 17 10 M M 8 18 25 10
29 71 41 56 -2 9 0 T M M 6.3 24 320 M M 2 3 39 320
30 55 43 49 -10 16 0 0.24 M M 12.2 28 290 M M 9 13 44 310
================================================================================
SM 2020 1227 333 15 1.91 M 246.3 M 103
================================================================================
AV 67.3 40.9 8.2 FASTST M M 3 MAX(MPH)
MISC ----> 43 190 61 190
================================================================================
NOTES:
# LAST OF SEVERAL OCCURRENCES
COLUMN 17 PEAK WIND IN M.P.H.
PRELIMINARY LOCAL CLIMATOLOGICAL DATA (WS FORM: F-6) , PAGE 2
STATION: TERRE HAUTE IN
MONTH: APRIL
YEAR: 2023
LATITUDE: 39 27 N
LONGITUDE: 87 18 W
[TEMPERATURE DATA] [PRECIPITATION DATA] SYMBOLS USED IN COLUMN 16
AVERAGE MONTHLY: 54.1 TOTAL FOR MONTH: 1.91 1 = FOG OR MIST
DPTR FM NORMAL: 0.2 DPTR FM NORMAL: -2.80 2 = FOG REDUCING VISIBILITY
HIGHEST: 84 ON 20 GRTST 24HR 0.77 ON 20-21 TO 1/4 MILE OR LESS
LOWEST: 26 ON 24 3 = THUNDER
SNOW, ICE PELLETS, HAIL 4 = ICE PELLETS
TOTAL MONTH: M 5 = HAIL
GRTST 24HR M ON M 6 = FREEZING RAIN OR DRIZZLE
GRTST DEPTH: M ON M 7 = DUSTSTORM OR SANDSTORM:
VSBY 1/2 MILE OR LESS
8 = SMOKE OR HAZE
[NO. OF DAYS WITH] [WEATHER - DAYS WITH] 9 = BLOWING SNOW
X = TORNADO
MAX 32 OR BELOW: 0 0.01 INCH OR MORE: 8
MAX 90 OR ABOVE: 0 0.10 INCH OR MORE: 6
MIN 32 OR BELOW: 4 0.50 INCH OR MORE: 2
MIN 0 OR BELOW: 0 1.00 INCH OR MORE: 0
[HDD (BASE 65) ]
TOTAL THIS MO. 333 CLEAR (SCALE 0-3) 17
DPTR FM NORMAL -14 PTCLDY (SCALE 4-7) 10
TOTAL FM JUL 1 4511 CLOUDY (SCALE 8-10) 3
DPTR FM NORMAL -590
[CDD (BASE 65) ]
TOTAL THIS MO. 15
DPTR FM NORMAL 1 [PRESSURE DATA]
TOTAL FM JAN 1 15 HIGHEST SLP M ON M
DPTR FM NORMAL -2 LOWEST SLP 29.41 ON 1
[REMARKS]
#FINAL-04-23#