000
CXUS53 KIND 011508
CLMHUF
CLIMATE REPORT
NATIONAL WEATHER SERVICE INDIANAPOLIS IN
1108 AM EDT SAT APR 01 2023
...................................
...THE TERRE HAUTE IN CLIMATE SUMMARY FOR THE MONTH OF MARCH 2023...
CLIMATE NORMAL PERIOD 1991 TO 2020
CLIMATE RECORD PERIOD 9999 TO 9999
WEATHER OBSERVED NORMAL DEPART LAST YEAR`S
VALUE DATE(S) VALUE FROM VALUE DATE(S)
NORMAL
................................................................
TEMPERATURE (F)
HIGHEST 72 03/01 75 03/30
03/06
LOWEST 19 03/18 14 03/12
AVG. MAXIMUM 52.8 52.8 0.0 56.4
AVG. MINIMUM 33.2 32.8 0.4 34.0
MEAN 43.0 42.8 0.2 45.2
DAYS MAX >= 90 0 0.0 0.0 0
DAYS MAX <= 32 1 1.2 -0.2 1
DAYS MIN <= 32 14 16.3 -2.3 11
DAYS MIN <= 0 0 0.1 -0.1 0
PRECIPITATION (INCHES)
TOTALS 6.95 2.92 4.03 4.74
DAILY AVG. 0.22 0.09 0.13 0.15
DAYS >= .01 15 10.6 4.4 12
DAYS >= .10 11 6.5 4.5 7
DAYS >= .50 4 1.8 2.2 4
DAYS >= 1.00 2 0.7 1.3 2
GREATEST
24 HR. TOTAL 2.10 03/03 TO 03/03
DEGREE DAYS
HEATING TOTAL 673 692 -19 606
SINCE 7/1 4178 4755 -577 MM
COOLING TOTAL 0 3 -3 0
SINCE 1/1 0 3 -3 MM
................................................................
WIND (MPH)
AVERAGE WIND SPEED 10.0
HIGHEST WIND SPEED/DIRECTION 35/200 DATE 03/31
HIGHEST GUST SPEED/DIRECTION 53/190 DATE 03/31
SKY COVER
AVERAGE SKY COVER 0.53
AVERAGE RH (PERCENT) 70
WEATHER CONDITIONS. NUMBER OF DAYS WITH
THUNDERSTORM 4 MIXED PRECIP 0
HEAVY RAIN 4 RAIN 8
LIGHT RAIN 16 FREEZING RAIN 0
LT FREEZING RAIN 0 HAIL 0
HEAVY SNOW 0 SNOW 0
LIGHT SNOW 6 SLEET 0
FOG 17 FOG W/VIS <= 1/4 MILE 1
HAZE 1
- INDICATES NEGATIVE NUMBERS.
R INDICATES RECORD WAS SET OR TIED.
MM INDICATES DATA IS MISSING.
T INDICATES TRACE AMOUNT.
$$