000
CXUS51 KCAR 230700
CF6HUL
PRELIMINARY LOCAL CLIMATOLOGICAL DATA (WS FORM: F-6)
STATION: HOULTON ME
MONTH: APRIL
YEAR: 2024
LATITUDE: 46 7 N
LONGITUDE: 67 48 W
TEMPERATURE IN F: :PCPN: SNOW: WIND :SUNSHINE: SKY :PK WND
================================================================================
1 2 3 4 5 6A 6B 7 8 9 10 11 12 13 14 15 16 17 18
12Z AVG MX 2MIN
DY MAX MIN AVG DEP HDD CDD WTR SNW DPTH SPD SPD DIR MIN PSBL S-S WX SPD DR
================================================================================
1 47 17 32 0 33 0 0.00 M M 2.4 13 50 M M 4 17 300
2 45 23 34 2 31 0 0.00 M M 5.2 18 20 M M 2 23 10
3 42 28 35 2 30 0 0.00 M M 9.7 20 80 M M 5 29 90
4 35 29 32 -1 33 0 0.25 M M 14.2 24 40 M M 8 12 40 50
5 36 32 34 0 31 0 0.15 M M 14.0 24 60 M M 10 18 41 60
6 38 32 35 1 30 0 0.01 M M 12.5 24 20 M M 10 1 30 30
7 47 25 36 2 29 0 0.00 M M 10.1 20 20 M M 6 28 10
8 62 23 43 8 22 0 0.00 M M 4.8 20 320 M M 0 29 340
9 49 23 36 0 29 0 0.00 M M 6.5 18 20 M M 0 31 40
10 54 23 39 3 26 0 0.01 M M 5.8 16 230 M M 4 33 160
11 47 38 43 7 22 0 0.15 M M 7.8 15 160 M M 10 18 26 150
12 58 44 51 14 14 0 0.15 M M 11.8 22 150 M M 10 1 38 170
13 62 43 53 16 12 0 0.20 M M 9.2 20 140 M M 7 1 31 170
14 54 37 46 8 19 0 0.02 M M 8.0 18 250 M M 6 28 240
15 58 29 44 6 21 0 T M M 4.1 18 300 M M 8 26 260
16 50 28 39 0 26 0 0.00 M M 8.1 18 320 M M 8 27 310
17 51 28 40 1 25 0 0.00 M M 8.3 21 360 M M 4 33 10
18 58 24 41 1 24 0 0.00 M M 1.9 14 110 M M 1 19 120
19 61 31 46 6 19 0 0.00 M M 8.4 18 210 M M 1 30 210
20 47 34 41 0 24 0 0.27 M M 7.0 21 200 M M 8 1 32 210
21 54 31 43 2 22 0 T M M 4.9 16 230 M M 6 25 200
22 41 22 32 -10 33 0 0.00 M M 9.2 23 260 M M 2 36 310
================================================================================
SM 1096 644 555 0 1.21 M 173.9 M 120
================================================================================
AV 49.8 29.3 7.9 FASTST M M 5 MAX(MPH)
MISC ----> # 24 40 41 60
================================================================================
NOTES:
# LAST OF SEVERAL OCCURRENCES
COLUMN 17 PEAK WIND IN M.P.H.
PRELIMINARY LOCAL CLIMATOLOGICAL DATA (WS FORM: F-6) , PAGE 2
STATION: HOULTON ME
MONTH: APRIL
YEAR: 2024
LATITUDE: 46 7 N
LONGITUDE: 67 48 W
[TEMPERATURE DATA] [PRECIPITATION DATA] SYMBOLS USED IN COLUMN 16
AVERAGE MONTHLY: 39.5 TOTAL FOR MONTH: 1.21 1 = FOG OR MIST
DPTR FM NORMAL: 2.9 DPTR FM NORMAL: -0.91 2 = FOG REDUCING VISIBILITY
HIGHEST: 62 ON 13, 8 GRTST 24HR 0.27 ON 20-20 TO 1/4 MILE OR LESS
LOWEST: 17 ON 1 3 = THUNDER
SNOW, ICE PELLETS, HAIL 4 = ICE PELLETS
TOTAL MONTH: M 5 = HAIL
GRTST 24HR M ON M 6 = FREEZING RAIN OR DRIZZLE
GRTST DEPTH: M ON M 7 = DUSTSTORM OR SANDSTORM:
VSBY 1/2 MILE OR LESS
8 = SMOKE OR HAZE
[NO. OF DAYS WITH] [WEATHER - DAYS WITH] 9 = BLOWING SNOW
X = TORNADO
MAX 32 OR BELOW: 0 0.01 INCH OR MORE: 9
MAX 90 OR ABOVE: 0 0.10 INCH OR MORE: 6
MIN 32 OR BELOW: 17 0.50 INCH OR MORE: 0
MIN 0 OR BELOW: 0 1.00 INCH OR MORE: 0
[HDD (BASE 65) ]
TOTAL THIS MO. 555 CLEAR (SCALE 0-3) 6
DPTR FM NORMAL -68 PTCLDY (SCALE 4-7) 11
TOTAL FM JUL 1 7206 CLOUDY (SCALE 8-10) 5
DPTR FM NORMAL -1051
[CDD (BASE 65) ]
TOTAL THIS MO. 0
DPTR FM NORMAL 0 [PRESSURE DATA]
TOTAL FM JAN 1 0 HIGHEST SLP M ON M
DPTR FM NORMAL 0 LOWEST SLP 29.31 ON 13
[REMARKS]