000
CXUS51 KCAR 010700
CF6HUL
PRELIMINARY LOCAL CLIMATOLOGICAL DATA (WS FORM: F-6)
STATION: HOULTON ME
MONTH: JULY
YEAR: 2023
LATITUDE: 46 7 N
LONGITUDE: 67 48 W
TEMPERATURE IN F: :PCPN: SNOW: WIND :SUNSHINE: SKY :PK WND
================================================================================
1 2 3 4 5 6A 6B 7 8 9 10 11 12 13 14 15 16 17 18
12Z AVG MX 2MIN
DY MAX MIN AVG DEP HDD CDD WTR SNW DPTH SPD SPD DIR MIN PSBL S-S WX SPD DR
================================================================================
1 79 65 72 8 0 7 0.00 M M 7.1 16 210 M M 6 1 26 200
2 72 62 67 2 0 2 0.11 M M 5.7 13 220 M M 10 1 19 180
3 79 61 70 5 0 5 0.22 M M 3.4 9 350 M M 8 1 24 140
4 82 57 70 5 0 5 0.11 M M 2.8 13 320 M M 3 13 18 330
5 86 61 74 9 0 9 0.03 M M 3.3 10 90 M M 2 12 14 70
6 90 64 77 12 0 12 0.00 M M 4.1 12 230 M M 0 1 16 220
7 91 66 79 13 0 14 0.91 M M 4.9 24 290 M M 3 13 36 280
8 85 66 76 10 0 11 0.00 M M 4.3 9 190 M M 3 1 15 160
9 82 66 74 8 0 9 0.00 M M 4.5 12 190 M M 5 16 110
10 80 64 72 6 0 7 0.07 M M 4.7 14 140 M M 5 1 21 160
11 75 60 68 2 0 3 0.57 0.0 0 5.2 12 140 M M 9 1 25 160
12 85 59 72 6 0 7 T M M 2.6 13 320 M M 2 123 20 340
13 85 55 70 4 0 5 0.00 M M 4.0 12 150 M M 2 12 22 160
14 80 67 74 8 0 9 0.00 M M 6.4 12 140 M M 3 24 150
15 76 68 72 6 0 7 0.05 M M 4.9 10 160 M M 9 1 18 160
16 75 68 72 6 0 7 0.46 M M 6.8 16 150 M M 10 1 29 130
17 83 69 76 9 0 11 0.16 M M 6.2 13 210 M M 6 1 20 180
18 81 68 75 8 0 10 0.00 M M 4.4 12 180 M M 5 128 19 190
19 84 59 72 5 0 7 T M M 4.9 12 290 M M 5 20 220
20 81 54 68 1 0 3 0.00 M M 3.7 13 10 M M 0 1 19 360
21 83 57 70 3 0 5 T M M 3.8 13 140 M M 3 1 19 150
22 81 61 71 4 0 6 0.27 M M 3.5 14 150 M M 6 1 21 160
23 81 61 71 4 0 6 0.00 M M 3.0 9 230 M M 6 1 14 260
24 85 56 71 4 0 6 0.00 M M 5.0 13 230 M M 0 1 19 230
25 84 66 75 8 0 10 0.00 M M 5.9 16 220 M M 1 26 250
26 83 62 73 6 0 8 0.00 M M 5.4 15 220 M M 2 1 24 220
27 80 62 71 5 0 6 0.14 M M 4.9 17 210 M M 5 12 25 220
28 85 59 72 6 0 7 0.42 M M 4.8 21 270 M M 5 1238 29 270
29 74 59 67 1 0 2 0.11 M M 5.4 14 290 M M 5 1 19 300
30 75 51 63 -3 2 0 0.00 M M 4.2 15 350 M M 3 1 21 350
31 74 48 61 -5 4 0 0.05 M M 2.4 16 230 M M 4 1 22 250
================================================================================
SM 2516 1901 6 206 3.68 0.0 142.2 M 136
================================================================================
AV 81.2 61.3 4.6 FASTST M M 4 MAX(MPH)
MISC ----> 24 290 36 280
================================================================================
NOTES:
# LAST OF SEVERAL OCCURRENCES
COLUMN 17 PEAK WIND IN M.P.H.
PRELIMINARY LOCAL CLIMATOLOGICAL DATA (WS FORM: F-6) , PAGE 2
STATION: HOULTON ME
MONTH: JULY
YEAR: 2023
LATITUDE: 46 7 N
LONGITUDE: 67 48 W
[TEMPERATURE DATA] [PRECIPITATION DATA] SYMBOLS USED IN COLUMN 16
AVERAGE MONTHLY: 71.2 TOTAL FOR MONTH: 3.68 1 = FOG OR MIST
DPTR FM NORMAL: 5.1 DPTR FM NORMAL: 0.05 2 = FOG REDUCING VISIBILITY
HIGHEST: 91 ON 7 GRTST 24HR 0.91 ON 7- 7 TO 1/4 MILE OR LESS
LOWEST: 48 ON 31 3 = THUNDER
SNOW, ICE PELLETS, HAIL 4 = ICE PELLETS
TOTAL MONTH: 0.0 INCH 5 = HAIL
GRTST 24HR 0.0 6 = FREEZING RAIN OR DRIZZLE
GRTST DEPTH: 0 7 = DUSTSTORM OR SANDSTORM:
VSBY 1/2 MILE OR LESS
8 = SMOKE OR HAZE
[NO. OF DAYS WITH] [WEATHER - DAYS WITH] 9 = BLOWING SNOW
X = TORNADO
MAX 32 OR BELOW: 0 0.01 INCH OR MORE: 15
MAX 90 OR ABOVE: 2 0.10 INCH OR MORE: 11
MIN 32 OR BELOW: 0 0.50 INCH OR MORE: 2
MIN 0 OR BELOW: 0 1.00 INCH OR MORE: 0
[HDD (BASE 65) ]
TOTAL THIS MO. 6 CLEAR (SCALE 0-3) 13
DPTR FM NORMAL -48 PTCLDY (SCALE 4-7) 14
TOTAL FM JUL 1 6 CLOUDY (SCALE 8-10) 4
DPTR FM NORMAL -56
[CDD (BASE 65) ]
TOTAL THIS MO. 206
DPTR FM NORMAL 118 [PRESSURE DATA]
TOTAL FM JAN 1 258 HIGHEST SLP 30.10 ON 1
DPTR FM NORMAL 131 LOWEST SLP 29.69 ON 29
[REMARKS]
#FINAL-07-23#