000
CXUS51 KCAR 010700
CF6HUL
PRELIMINARY LOCAL CLIMATOLOGICAL DATA (WS FORM: F-6)
STATION: HOULTON ME
MONTH: SEPTEMBER
YEAR: 2023
LATITUDE: 46 7 N
LONGITUDE: 67 48 W
TEMPERATURE IN F: :PCPN: SNOW: WIND :SUNSHINE: SKY :PK WND
================================================================================
1 2 3 4 5 6A 6B 7 8 9 10 11 12 13 14 15 16 17 18
12Z AVG MX 2MIN
DY MAX MIN AVG DEP HDD CDD WTR SNW DPTH SPD SPD DIR MIN PSBL S-S WX SPD DR
================================================================================
1 72 39 56 -5 9 0 0.00 M M 2.6 12 260 M M 0 18 340
2 76 45 61 0 4 0 0.00 M M 5.6 16 220 M M 0 27 230
3 79 58 69 8 0 4 0.00 M M 5.3 13 230 M M 4 1 16 230
4 84 56 70 10 0 5 0.00 M M 1.7 8 290 M M 1 12 12 170
5 85 57 71 11 0 6 0.00 M M 3.5 17 360 M M 3 128 22 10
6 83 53 68 8 0 3 0.00 M M 3.5 13 10 M M 3 128 15 360
7 85 55 70 10 0 5 0.96 M M 3.3 15 250 M M 5 123 21 220
8 81 65 73 14 0 8 0.06 M M 4.9 13 210 M M 2 13 20 220
9 76 55 66 7 0 1 0.73 M M 5.3 14 260 M M 6 1 21 290
10 69 49 59 1 6 0 0.64 M M 1.9 8 70 M M 6 1 10 340
11 65 58 62 4 3 0 0.23 M M 5.0 9 10 M M 10 1 13 360
12 65 60 63 5 2 0 0.13 M M 6.6 12 110 M M 10 1 21 100
13 72 61 67 10 0 2 0.35 M M 5.0 10 150 M M 10 1 17 120
14 69 48 59 2 6 0 0.06 M M 3.9 14 260 M M 8 1 22 150
15 64 46 55 -2 10 0 0.00 M M 4.9 13 350 M M 1 1 26 140
16 60 53 57 1 8 0 1.91 M M 14.7 29 10 M M 7 1 54 350
17 76 49 63 7 2 0 T M M 7.5 17 310 M M 3 1 29 330
18 69 48 59 4 6 0 T M M 2.3 9 200 M M 5 1 16 320
19 64 55 60 5 5 0 0.46 M M 9.2 20 100 M M 10 1 33 110
20 68 47 58 4 7 0 T M M 6.2 16 310 M M 8 1 23 330
21 65 39 52 -2 13 0 0.00 M M 4.9 16 360 M M 3 12 25 10
22 69 36 53 -1 12 0 0.00 M M 3.9 10 260 M M 0 1 16 110
23 73 48 61 8 4 0 0.00 M M 5.4 15 20 M M 3 1 18 20
24 70 42 56 3 9 0 0.00 M M 0.9 9 250 M M 0 1 12 250
25 62 37 50 -2 15 0 0.00 M M 4.7 17 20 M M 4 12 23 20
26 65 32 49 -3 16 0 0.00 M M 3.2 16 330 M M 2 12 23 10
27 64 36 50 -2 15 0 0.00 M M 0.5 8 10 M M 0 1 10 10
28 73 36 55 4 10 0 0.00 M M 1.9 8 360 M M 2 12 11 30
29 71 37 54 3 11 0 0.00 M M 0.7 7 200 M M 5 12 10 200
30 67 42 55 5 10 0 0.00 M M 0.4 6 360 M M 6 12 9 310
================================================================================
SM 2141 1442 183 34 5.53 M 129.4 M 127
================================================================================
AV 71.4 48.1 4.3 FASTST M M 4 MAX(MPH)
MISC ----> 29 10 54 350
================================================================================
NOTES:
# LAST OF SEVERAL OCCURRENCES
COLUMN 17 PEAK WIND IN M.P.H.
PRELIMINARY LOCAL CLIMATOLOGICAL DATA (WS FORM: F-6) , PAGE 2
STATION: HOULTON ME
MONTH: SEPTEMBER
YEAR: 2023
LATITUDE: 46 7 N
LONGITUDE: 67 48 W
[TEMPERATURE DATA] [PRECIPITATION DATA] SYMBOLS USED IN COLUMN 16
AVERAGE MONTHLY: 59.7 TOTAL FOR MONTH: 5.53 1 = FOG OR MIST
DPTR FM NORMAL: 3.5 DPTR FM NORMAL: 2.13 2 = FOG REDUCING VISIBILITY
HIGHEST: 85 ON 7, 5 GRTST 24HR 1.91 ON 16-17 TO 1/4 MILE OR LESS
LOWEST: 32 ON 26 3 = THUNDER
SNOW, ICE PELLETS, HAIL 4 = ICE PELLETS
TOTAL MONTH: M 5 = HAIL
GRTST 24HR M ON M 6 = FREEZING RAIN OR DRIZZLE
GRTST DEPTH: M ON M 7 = DUSTSTORM OR SANDSTORM:
VSBY 1/2 MILE OR LESS
8 = SMOKE OR HAZE
[NO. OF DAYS WITH] [WEATHER - DAYS WITH] 9 = BLOWING SNOW
X = TORNADO
MAX 32 OR BELOW: 0 0.01 INCH OR MORE: 10
MAX 90 OR ABOVE: 0 0.10 INCH OR MORE: 8
MIN 32 OR BELOW: 1 0.50 INCH OR MORE: 4
MIN 0 OR BELOW: 0 1.00 INCH OR MORE: 1
[HDD (BASE 65) ]
TOTAL THIS MO. 183 CLEAR (SCALE 0-3) 13
DPTR FM NORMAL -100 PTCLDY (SCALE 4-7) 13
TOTAL FM JUL 1 272 CLOUDY (SCALE 8-10) 4
DPTR FM NORMAL -145
[CDD (BASE 65) ]
TOTAL THIS MO. 34
DPTR FM NORMAL 17 [PRESSURE DATA]
TOTAL FM JAN 1 310 HIGHEST SLP 30.50 ON 26
DPTR FM NORMAL 104 LOWEST SLP 29.34 ON 16
[REMARKS]
#FINAL-09-23#