000
CXUS56 KTFX 011110
CF6HVR
PRELIMINARY LOCAL CLIMATOLOGICAL DATA (WS FORM: F-6)
STATION: HAVRE MT
MONTH: JULY
YEAR: 2021
LATITUDE: 48 32 N
LONGITUDE: 109 46 W
TEMPERATURE IN F: :PCPN: SNOW: WIND :SUNSHINE: SKY :PK WND
================================================================================
1 2 3 4 5 6A 6B 7 8 9 10 11 12 13 14 15 16 17 18
12Z AVG MX 2MIN
DY MAX MIN AVG DEP HDD CDD WTR SNW DPTH SPD SPD DIR MIN PSBL S-S WX SPD DR
================================================================================
1 101 65 83 17 0 18 0.00 0.0 0 11.7 24 160 M M 0 33 150
2 102 66 84 18 0 19 0.00 0.0 0 9.3 21 230 M M 0 25 220
3 94 62 78 12 0 13 0.00 0.0 0 10.4 21 310 M M 0 29 330
4 100 64 82 15 0 17 0.00 0.0 0 11.4 24 20 M M 0 36 20
5 84 61 73 6 0 8 0.00 0.0 0 10.4 30 30 M M 4 44 30
6 85 60 73 6 0 8 0.49 0.0 0 14.6 24 70 M M 2 13 32 80
7 89 57 73 5 0 8 0.00 0.0 0 8.9 21 80 M M 1 3 28 80
8 83 57 70 2 0 5 0.00 0.0 0 9.3 25 320 M M 2 33 320
9 88 51 70 2 0 5 T 0.0 0 3.5 18 10 M M 1 3 24 10
10 95 52 74 5 0 9 0.00 0.0 0 5.3 16 160 M M 0 24 220
11 92 53 73 4 0 8 T 0.0 0 10.9 49 330 M M 0 65 330
12 89 48 69 0 0 4 0.00 0.0 0 9.1 18 80 M M 0 27 70
13 82 59 71 1 0 6 0.00 0.0 0 12.3 25 220 M M 3 35 230
14 91 50 71 1 0 6 0.00 0.0 0 4.2 15 160 M M 0 20 160
15 100 54 77 7 0 12 0.00 0.0 0 8.0 24 260 M M 0 8 32 260
16 97 53 75 5 0 10 0.00 0.0 0 7.1 20 240 M M 0 8 28 230
17 99 57 78 7 0 13 0.00 0.0 0 4.4 16 240 M M 0 21 240
18 99 55 77 6 0 12 0.00 0.0 0 6.5 18 290 M M 0 8 24 280
19 90 58 74 3 0 9 T 0.0 0 8.9 23 300 M M 1 18 28 310
20 92 68 80 9 0 15 T 0.0 0 5.7 13 80 M M 3 18 18 100
21 94 67 81 10 0 16 0.03 0.0 0 7.1 40 290 M M 0 38 58 290
22 96 56 76 4 0 11 0.00 0.0 0 8.5 23 310 M M 0 1 32 300
23 90 43 67 -5 0 2 0.00 0.0 0 10.3 24 280 M M 0 8 35 250
24 90 55 73 1 0 8 0.00 0.0 0 7.4 16 240 M M 0 8 22 240
25 97 48 73 1 0 8 0.00 0.0 0 6.8 20 310 M M 0 8 27 310
26 94 52 73 1 0 8 0.00 0.0 0 6.0 13 290 M M 0 8 19 270
27 101 59 80 8 0 15 0.00 0.0 0 7.4 20 340 M M 0 8 27 350
28 89 69 79 7 0 14 T 0.0 0 11.9 21 80 M M 1 8 28 90
29 95 66 81 9 0 16 0.00 0.0 0 5.6 17 90 M M 0 23 90
30 96 59 78 6 0 13 0.00 0.0 0 9.6 18 70 M M 0 3 24 50
31 96 65 81 9 0 16 0.00 0.0 0 15.7 25 90 M M 0 35 90
================================================================================
SM 2890 1789 0 332 0.52 0.0 268.2 M 18
================================================================================
AV 93.2 57.7 8.7 FASTST M M 1 MAX(MPH)
MISC ----> 49 330 65 330
================================================================================
NOTES:
# LAST OF SEVERAL OCCURRENCES
COLUMN 17 PEAK WIND IN M.P.H.
PRELIMINARY LOCAL CLIMATOLOGICAL DATA (WS FORM: F-6) , PAGE 2
STATION: HAVRE MT
MONTH: JULY
YEAR: 2021
LATITUDE: 48 32 N
LONGITUDE: 109 46 W
[TEMPERATURE DATA] [PRECIPITATION DATA] SYMBOLS USED IN COLUMN 16
AVERAGE MONTHLY: 75.5 TOTAL FOR MONTH: 0.52 1 = FOG OR MIST
DPTR FM NORMAL: 5.7 DPTR FM NORMAL: -1.01 2 = FOG REDUCING VISIBILITY
HIGHEST: 102 ON 2 GRTST 24HR 0.49 ON 6- 6 TO 1/4 MILE OR LESS
LOWEST: 43 ON 23 3 = THUNDER
SNOW, ICE PELLETS, HAIL 4 = ICE PELLETS
TOTAL MONTH: 0.0 INCH 5 = HAIL
GRTST 24HR 0.0 6 = FREEZING RAIN OR DRIZZLE
GRTST DEPTH: 0 7 = DUSTSTORM OR SANDSTORM:
VSBY 1/2 MILE OR LESS
8 = SMOKE OR HAZE
[NO. OF DAYS WITH] [WEATHER - DAYS WITH] 9 = BLOWING SNOW
X = TORNADO
MAX 32 OR BELOW: 0 0.01 INCH OR MORE: 2
MAX 90 OR ABOVE: 23 0.10 INCH OR MORE: 1
MIN 32 OR BELOW: 0 0.50 INCH OR MORE: 0
MIN 0 OR BELOW: 0 1.00 INCH OR MORE: 0
[HDD (BASE 65) ]
TOTAL THIS MO. 0 CLEAR (SCALE 0-3) 29
DPTR FM NORMAL -26 PTCLDY (SCALE 4-7) 2
TOTAL FM JUL 1 0 CLOUDY (SCALE 8-10) 0
DPTR FM NORMAL -23
[CDD (BASE 65) ]
TOTAL THIS MO. 332
DPTR FM NORMAL 156 [PRESSURE DATA]
TOTAL FM JAN 1 466 HIGHEST SLP 30.24 ON 31
DPTR FM NORMAL 240 LOWEST SLP 29.62 ON 15
[REMARKS]
#FINAL-07-21#