617
CXUS56 KTFX 011110
CF6HVR
PRELIMINARY LOCAL CLIMATOLOGICAL DATA (WS FORM: F-6)
STATION: HAVRE MT
MONTH: AUGUST
YEAR: 2020
LATITUDE: 48 32 N
LONGITUDE: 109 46 W
TEMPERATURE IN F: :PCPN: SNOW: WIND :SUNSHINE: SKY :PK WND
================================================================================
1 2 3 4 5 6A 6B 7 8 9 10 11 12 13 14 15 16 17 18
12Z AVG MX 2MIN
DY MAX MIN AVG DEP HDD CDD WTR SNW DPTH SPD SPD DIR MIN PSBL S-S WX SPD DR
================================================================================
1 94 64 79 8 0 14 0.00 0.0 0 16.9 24 100 M M 0 31 90
2 96 63 80 9 0 15 T 0.0 0 17.2 29 100 M M 0 35 90
3 82 58 70 -1 0 5 0.01 0.0 0 6.4 26 80 M M 2 3 34 90
4 88 52 70 -1 0 5 0.00 0.0 0 4.4 17 120 M M 1 19 120
5 94 48 71 0 0 6 0.00 0.0 0 6.0 16 60 M M 0 23 90
6 98 62 80 9 0 15 0.00 0.0 0 9.3 21 200 M M 0 25 210
7 80 53 67 -4 0 2 0.00 0.0 0 17.2 35 260 M M 1 45 280
8 84 49 67 -3 0 2 0.00 0.0 0 12.7 28 290 M M 2 33 280
9 76 49 63 -7 2 0 0.00 0.0 0 6.8 18 330 M M 4 26 310
10 88 40 64 -6 1 0 0.00 0.0 0 6.4 21 220 M M 0 25 220
11 91 52 72 2 0 7 0.00 0.0 0 8.1 26 320 M M 0 37 320
12 91 51 71 1 0 6 0.00 0.0 0 10.7 22 280 M M 4 29 290
13 79 50 65 -4 0 0 0.00 0.0 0 11.4 20 250 M M 1 24 250
14 83 47 65 -4 0 0 0.00 0.0 0 11.6 26 270 M M 0 34 270
15 90 49 70 1 0 5 0.00 0.0 0 9.5 20 250 M M 0 25 260
16 95 51 73 5 0 8 0.00 0.0 0 4.3 14 270 M M 0 19 220
17 101 52 77 9 0 12 0.00 0.0 0 5.1 13 220 M M 0 17 290
18 97 63 80 12 0 15 0.00 0.0 0 9.3 25 240 M M 0 30 250
19 90 60 75 7 0 10 0.00 0.0 0 11.0 31 270 M M 0 39 280
20 95 54 75 8 0 10 0.00 0.0 0 5.9 43 300 M M 1 8 62 310
21 91 54 73 6 0 8 0.00 0.0 0 8.4 17 220 M M 0 24 250
22 92 55 74 8 0 9 0.00 0.0 0 13.5 32 280 M M 0 50 290
23 92 51 72 6 0 7 0.00 0.0 0 7.1 21 270 M M 0 27 260
24 97 49 73 7 0 8 0.00 0.0 0 6.6 26 230 M M 0 37 230
25 89 58 74 9 0 9 T 0.0 0 6.6 17 220 M M 3 23 230
26 88 60 74 9 0 9 0.00 0.0 0 11.1 23 220 M M 0 31 220
27 85 50 68 4 0 3 0.00 0.0 0 11.2 26 20 M M 0 36 20
28 86 43 65 1 0 0 0.00 0.0 0 5.1 20 160 M M 1 25 150
29 92 46 69 5 0 4 0.00 0.0 0 10.4 31 320 M M 0 49 300
30 68 43 56 -7 9 0 0.02 0.0 0 9.5 23 280 M M 3 30 280
31 73 39 56 -7 9 0 0.00 0.0 0 7.3 26 220 M M 0 33 230
================================================================================
SM 2745 1615 21 194 0.03 0.0 287.0 M 23
================================================================================
AV 88.5 52.1 9.3 FASTST M M 1 MAX(MPH)
MISC ----> 43 300 62 310
================================================================================
NOTES:
# LAST OF SEVERAL OCCURRENCES
COLUMN 17 PEAK WIND IN M.P.H.
PRELIMINARY LOCAL CLIMATOLOGICAL DATA (WS FORM: F-6) , PAGE 2
STATION: HAVRE MT
MONTH: AUGUST
YEAR: 2020
LATITUDE: 48 32 N
LONGITUDE: 109 46 W
[TEMPERATURE DATA] [PRECIPITATION DATA] SYMBOLS USED IN COLUMN 16
AVERAGE MONTHLY: 70.3 TOTAL FOR MONTH: 0.03 1 = FOG OR MIST
DPTR FM NORMAL: 2.3 DPTR FM NORMAL: -1.08 2 = FOG REDUCING VISIBILITY
HIGHEST: 101 ON 17 GRTST 24HR 0.02 ON 30-30 TO 1/4 MILE OR LESS
LOWEST: 39 ON 31 3 = THUNDER
SNOW, ICE PELLETS, HAIL 4 = ICE PELLETS
TOTAL MONTH: 0.0 INCH 5 = HAIL
GRTST 24HR 0.0 6 = FREEZING RAIN OR DRIZZLE
GRTST DEPTH: 0 7 = DUSTSTORM OR SANDSTORM:
VSBY 1/2 MILE OR LESS
8 = SMOKE OR HAZE
[NO. OF DAYS WITH] [WEATHER - DAYS WITH] 9 = BLOWING SNOW
X = TORNADO
MAX 32 OR BELOW: 0 0.01 INCH OR MORE: 2
MAX 90 OR ABOVE: 17 0.10 INCH OR MORE: 0
MIN 32 OR BELOW: 0 0.50 INCH OR MORE: 0
MIN 0 OR BELOW: 0 1.00 INCH OR MORE: 0
[HDD (BASE 65) ]
TOTAL THIS MO. 21 CLEAR (SCALE 0-3) 28
DPTR FM NORMAL -32 PTCLDY (SCALE 4-7) 3
TOTAL FM JUL 1 40 CLOUDY (SCALE 8-10) 0
DPTR FM NORMAL -44
[CDD (BASE 65) ]
TOTAL THIS MO. 194
DPTR FM NORMAL 48 [PRESSURE DATA]
TOTAL FM JAN 1 410 HIGHEST SLP 30.13 ON 28
DPTR FM NORMAL 43 LOWEST SLP 29.51 ON 6
[REMARKS]
#FINAL-08-20#