000
CXUS56 KMTR 020842
CF6HWD
PRELIMINARY LOCAL CLIMATOLOGICAL DATA (WS FORM: F-6)
STATION: HAYWARD AIRPORT
MONTH: SEPTEMBER
YEAR: 2020
LATITUDE: 37 39 N
LONGITUDE: 122 7 W
TEMPERATURE IN F: :PCPN: SNOW: WIND :SUNSHINE: SKY :PK WND
================================================================================
1 2 3 4 5 6A 6B 7 8 9 10 11 12 13 14 15 16 17 18
12Z AVG MX 2MIN
DY MAX MIN AVG DEP HDD CDD WTR SNW DPTH SPD SPD DIR MIN PSBL S-S WX SPD DR
================================================================================
1 74 61 68 1 0 3 0.00 M M 6.9 17 310 M M 7 8 23 310
2 74 62 68 1 0 3 0.00 M M 8.9 18 290 M M 7 8 21 290
3 70 61 66 -1 0 1 0.00 M M 7.0 15 290 M M 6 8 19 290
4 77 60 69 2 0 4 0.00 M M 5.3 12 280 M M 4 8 19 290
5 98 62 80 13 0 15 0.00 M M 3.3 12 280 M M 0 8 14 280
6 106 72 89 22 0 24 0.00 M M 3.5 15 290 M M 0 8 18 290
7 103 66 85 18 0 20 0.00 M M 4.5 15 280 M M 0 8 19 280
8 83 62 73 6 0 8 0.00 M M 4.5 13 290 M M 5 8 15 290
9 66 61 64 -3 1 0 0.00 M M 2.9 7 330 M M 9 8 9 340
10 68 60 64 -3 1 0 0.00 M M 2.3 8 300 M M 10 8 9 300
11 77 58 68 1 0 3 0.00 M M 3.6 10 280 M M 10 8 12 280
12 82 56 69 2 0 4 0.00 M M 3.7 13 300 M M 10 128 15 280
13 71 58 65 -2 0 0 0.00 M M 6.9 15 300 M M 10 18 17 290
14 73 61 67 0 0 2 0.00 M M 6.2 14 280 M M 9 8 18 280
15 77 60 69 3 0 4 0.00 M M 5.1 17 290 M M 6 8 21 280
16 80 65 73 7 0 8 0.00 M M 6.1 18 280 M M 6 18 21 280
17 78 66 72 6 0 7 0.00 M M 5.9 18 280 M M 6 18 21 290
18 76 64 70 4 0 5 0.00 M M 8.1 18 300 M M 5 22 290
19 79 64 72 6 0 7 0.00 M M 5.5 16 290 M M 4 19 300
20 89 60 75 9 0 10 0.00 M M 5.0 16 310 M M 0 19 310
21 79 58 69 3 0 4 0.00 M M 6.3 17 290 M M 0 8 22 280
22 77 62 70 4 0 5 0.00 M M 7.0 20 300 M M 4 22 300
23 79 59 69 3 0 4 0.00 M M 6.4 22 300 M M 0 26 300
24 79 64 72 6 0 7 0.00 M M 7.9 22 280 M M 4 27 280
25 75 62 69 3 0 4 0.00 M M 7.5 16 260 M M 4 20 270
26 80 58 69 4 0 4 0.00 M M 4.9 17 280 M M 0 21 290
27 98 61 80 15 0 15 0.00 M M 5.1 12 30 M M 0 M M
28 97 64 81 16 0 16 0.00 M M 4.8 12 270 M M 0 8 14 270
29 81 60 71 6 0 6 0.00 M M 5.8 16 290 M M 0 8 19 300
30 87 61 74 9 0 9 0.00 M M 3.1 13 280 M M 4 18 14 280
================================================================================
SM 2433 1848 2 202 0.00 M 164.0 M 130
================================================================================
AV 81.1 61.6 5.5 FASTST M M 4 MAX(MPH)
MISC ----> # 22 300 27 280
================================================================================
NOTES:
# LAST OF SEVERAL OCCURRENCES
COLUMN 17 PEAK WIND IN M.P.H.
PRELIMINARY LOCAL CLIMATOLOGICAL DATA (WS FORM: F-6) , PAGE 2
STATION: HAYWARD AIRPORT
MONTH: SEPTEMBER
YEAR: 2020
LATITUDE: 37 39 N
LONGITUDE: 122 7 W
[TEMPERATURE DATA] [PRECIPITATION DATA] SYMBOLS USED IN COLUMN 16
AVERAGE MONTHLY: 71.4 TOTAL FOR MONTH: 0.00 1 = FOG OR MIST
DPTR FM NORMAL: 4.9 DPTR FM NORMAL: -0.32 2 = FOG REDUCING VISIBILITY
HIGHEST: 106 ON 6 GRTST 24HR T ON 27-27 TO 1/4 MILE OR LESS
LOWEST: 56 ON 12 3 = THUNDER
SNOW, ICE PELLETS, HAIL 4 = ICE PELLETS
TOTAL MONTH: M 5 = HAIL
GRTST 24HR M ON M 6 = FREEZING RAIN OR DRIZZLE
GRTST DEPTH: M ON M 7 = DUSTSTORM OR SANDSTORM:
VSBY 1/2 MILE OR LESS
8 = SMOKE OR HAZE
[NO. OF DAYS WITH] [WEATHER - DAYS WITH] 9 = BLOWING SNOW
X = TORNADO
MAX 32 OR BELOW: 0 0.01 INCH OR MORE: 0
MAX 90 OR ABOVE: 5 0.10 INCH OR MORE: 0
MIN 32 OR BELOW: 0 0.50 INCH OR MORE: 0
MIN 0 OR BELOW: 0 1.00 INCH OR MORE: 0
[HDD (BASE 65) ]
TOTAL THIS MO. 2 CLEAR (SCALE 0-3) 10
DPTR FM NORMAL -32 PTCLDY (SCALE 4-7) 14
TOTAL FM JUL 1 6 CLOUDY (SCALE 8-10) 6
DPTR FM NORMAL -99
[CDD (BASE 65) ]
TOTAL THIS MO. 202
DPTR FM NORMAL 127 [PRESSURE DATA]
TOTAL FM JAN 1 609 HIGHEST SLP 30.14 ON 30
DPTR FM NORMAL 344 LOWEST SLP 29.66 ON 8
[REMARKS]
#FINAL-09-20#