439
CXUS55 KVEF 030308
CF6IGM
PRELIMINARY LOCAL CLIMATOLOGICAL DATA (WS FORM: F-6)
STATION: KINGMAN AZ
MONTH: JULY
YEAR: 2020
LATITUDE: 35 16 N
LONGITUDE: 113 57 W
TEMPERATURE IN F: :PCPN: SNOW: WIND :SUNSHINE: SKY :PK WND
================================================================================
1 2 3 4 5 6A 6B 7 8 9 10 11 12 13 14 15 16 17 18
12Z AVG MX 2MIN
DY MAX MIN AVG DEP HDD CDD WTR SNW DPTH SPD SPD DIR MIN PSBL S-S WX SPD DR
================================================================================
1 93 60 77 -5 0 12 0.00 M M 12.0 24 230 M M 0 32 240
2 96 66 81 -1 0 16 0.00 M M 15.0 30 230 M M 0 37 220
3 97 67 82 0 0 17 0.00 M M 12.5 28 230 M M 0 37 230
4 101 67 84 2 0 19 0.00 M M 10.6 28 250 M M 0 32 240
5 102 65 84 1 0 19 0.00 M M 10.2 26 240 M M 0 32 240
6 102 66 84 1 0 19 0.00 M M 13.7 32 220 M M 0 38 210
7 102 64 83 0 0 18 0.00 M M 15.9 33 230 M M 0 45 190
8 101 70 86 3 0 21 0.00 M M 13.0 29 220 M M 0 39 210
9 102 71 87 4 0 22 0.00 M M 15.1 30 220 M M 0 39 250
10 104 72 88 5 0 23 0.00 M M 10.2 26 240 M M 0 33 260
11 109 73 91 7 0 26 0.00 M M 7.7 20 260 M M 0 27 260
12 111 75 93 9 0 28 0.00 M M 8.7 24 220 M M 0 3 31 210
13 106 79 93 9 0 28 0.00 M M 15.3 31 220 M M 0 38 220
14 102 75 89 5 0 24 0.00 M M 13.8 28 220 M M 0 37 230
15 102 69 86 2 0 21 0.00 M M 13.1 30 220 M M 0 40 250
16 103 68 86 2 0 21 0.00 M M 12.2 28 250 M M 0 36 250
17 101 71 86 2 0 21 0.00 M M 12.7 25 250 M M 0 38 250
18 103 72 88 4 0 23 0.00 M M 10.5 20 250 M M 0 28 260
19 105 72 89 5 0 24 0.00 M M 8.9 23 240 M M 0 30 240
20 100 74 87 3 0 22 T M M 8.5 22 220 M M 1 3 27 230
21 102 71 87 3 0 22 0.00 M M 8.5 23 250 M M 0 33 230
22 100 74 87 3 0 22 0.00 M M 14.8 30 240 M M 0 35 240
23 98 70 84 0 0 19 0.00 M M 13.9 29 230 M M 3 3 38 230
24 94 72 83 -1 0 18 0.15 M M 15.8 31 120 M M 2 3 39 120
25 97 66 82 -2 0 17 0.00 M M 10.6 20 240 M M 0 25 250
26 103 67 85 1 0 20 0.00 M M 6.2 20 270 M M 1 26 250
27 103 73 88 4 0 23 0.00 M M 10.3 24 230 M M 0 35 240
28 104 73 89 5 0 24 0.00 M M 11.8 29 230 M M 0 37 220
29 106 66 86 2 0 21 0.00 M M 7.9 24 250 M M 0 33 240
30 110 71 91 7 0 26 0.00 M M 5.6 17 260 M M 0 25 250
31 112 76 94 10 0 29 0.00 M M 7.0 23 250 M M 0 29 250
================================================================================
SM 3171 2175 0 665 0.15 M 352.0 M 7
================================================================================
AV102.3 70.2 11.4 FASTST M M 0 MAX(MPH)
MISC ----> 33 230 45 190
================================================================================
NOTES:
# LAST OF SEVERAL OCCURRENCES
COLUMN 17 PEAK WIND IN M.P.H.
PRELIMINARY LOCAL CLIMATOLOGICAL DATA (WS FORM: F-6) , PAGE 2
STATION: KINGMAN AZ
MONTH: JULY
YEAR: 2020
LATITUDE: 35 16 N
LONGITUDE: 113 57 W
[TEMPERATURE DATA] [PRECIPITATION DATA] SYMBOLS USED IN COLUMN 16
AVERAGE MONTHLY: 86.2 TOTAL FOR MONTH: 0.15 1 = FOG OR MIST
DPTR FM NORMAL: 2.6 DPTR FM NORMAL: -0.60 2 = FOG REDUCING VISIBILITY
HIGHEST: 112 ON 31 GRTST 24HR 0.15 ON 24-24 TO 1/4 MILE OR LESS
LOWEST: 60 ON 1 3 = THUNDER
SNOW, ICE PELLETS, HAIL 4 = ICE PELLETS
TOTAL MONTH: M 5 = HAIL
GRTST 24HR M ON M 6 = FREEZING RAIN OR DRIZZLE
GRTST DEPTH: M ON M 7 = DUSTSTORM OR SANDSTORM:
VSBY 1/2 MILE OR LESS
8 = SMOKE OR HAZE
[NO. OF DAYS WITH] [WEATHER - DAYS WITH] 9 = BLOWING SNOW
X = TORNADO
MAX 32 OR BELOW: 0 0.01 INCH OR MORE: 1
MAX 90 OR ABOVE: 31 0.10 INCH OR MORE: 1
MIN 32 OR BELOW: 0 0.50 INCH OR MORE: 0
MIN 0 OR BELOW: 0 1.00 INCH OR MORE: 0
[HDD (BASE 65) ]
TOTAL THIS MO. 0 CLEAR (SCALE 0-3) 31
DPTR FM NORMAL 0 PTCLDY (SCALE 4-7) 0
TOTAL FM JUL 1 0 CLOUDY (SCALE 8-10) 0
DPTR FM NORMAL 0
[CDD (BASE 65) ]
TOTAL THIS MO. 665
DPTR FM NORMAL 89 [PRESSURE DATA]
TOTAL FM JAN 1 1373 HIGHEST SLP 29.91 ON 10
DPTR FM NORMAL 214 LOWEST SLP 29.63 ON 21
[REMARKS]
#FINAL-07-20#