000
CXUS52 KILM 021219
CF6ILM
PRELIMINARY LOCAL CLIMATOLOGICAL DATA (WS FORM: F-6)
STATION: WILMINGTON NORTH CAROLINA
MONTH: JANUARY
YEAR: 2023
LATITUDE: 34 16 N
LONGITUDE: 77 55 W
TEMPERATURE IN F: :PCPN: SNOW: WIND :SUNSHINE: SKY :PK WND
================================================================================
1 2 3 4 5 6A 6B 7 8 9 10 11 12 13 14 15 16 17 18
12Z AVG MX 2MIN
DY MAX MIN AVG DEP HDD CDD WTR SNW DPTH SPD SPD DIR MIN PSBL S-S WX SPD DR
================================================================================
1 74 51 63 16 2 0 0.00 0.0 0 4.6 12 250 M M 3 12 16 240
2 72 45 59 12 6 0 0.00 0.0 0 2.7 10 280 M M 4 128 13 300
3 77 47 62 15 3 0 0.00 0.0 0 5.8 18 220 M M 0 12 25 200
4 76 62 69 22 0 4 0.14 0.0 0 9.7 29 280 M M 5 123 37 290
5 72 55 64 17 1 0 0.00 0.0 0 9.1 18 270 M M 3 24 280
6 63 40 52 5 13 0 0.00 0.0 0 6.4 17 280 M M 0 20 310
7 61 34 48 1 17 0 0.00 0.0 0 2.7 15 30 M M 0 17 30
8 59 35 47 0 18 0 0.00 0.0 0 3.2 12 100 M M 5 15 100
9 60 36 48 1 17 0 0.00 0.0 0 8.0 21 340 M M 1 26 330
10 61 31 46 -1 19 0 0.00 0.0 0 1.7 10 130 M M 0 1 13 240
11 61 34 48 1 17 0 0.00 0.0 0 3.5 13 130 M M 1 1 16 120
12 75 54 65 19 0 0 0.00 0.0 0 9.3 22 220 M M 6 28 210
13 67 46 57 11 8 0 0.05 0.0 0 12.0 31 270 M M 4 13 41 280
14 47 37 42 -4 23 0 0.00 0.0 0 14.0 28 320 M M 7 35 330
15 51 30 41 -5 24 0 0.00 0.0 0 9.6 21 340 M M 0 25 330
16 59 26 43 -3 22 0 0.00 0.0 0 4.3 13 310 M M 0 16 310
17 65 47 56 10 9 0 T 0.0 0 7.6 17 240 M M 4 21 210
18 75 47 61 15 4 0 0.00 0.0 0 5.1 13 260 M M 4 1 17 300
19 75 54 65 19 0 0 0.00 0.0 0 13.1 28 240 M M 3 12 41 230
20 70 43 57 11 8 0 0.00 0.0 0 10.0 18 270 M M 0 23 280
21 52 40 46 0 19 0 0.00 0.0 0 6.2 15 30 M M 0 19 40
22 63 44 54 7 11 0 1.79 0.0 0 8.4 17 270 M M 10 1 24 70
23 60 40 50 3 15 0 T 0.0 0 12.4 24 270 M M 7 31 250
24 58 30 44 -3 21 0 0.00 0.0 0 2.7 12 180 M M 0 15 160
25 71 33 52 5 13 0 0.24 0.0 0 11.5 26 170 M M 7 18 39 170
26 63 44 54 7 11 0 T 0.0 0 12.4 24 280 M M 2 29 260
27 54 36 45 -2 20 0 0.00 0.0 0 6.0 13 230 M M 0 17 260
28 61 29 45 -2 20 0 0.00 0.0 0 2.8 10 160 M M 0 8 15 160
29 69 34 52 5 13 0 0.02 0.0 0 2.9 12 130 M M 3 18 13 130
30 67 54 61 14 4 0 0.21 0.0 0 3.3 10 350 M M 9 12 14 360
31 65 54 60 13 5 0 0.03 0.0 0 2.8 8 220 M M 10 12 11 130
================================================================================
SM 2003 1292 363 4 2.48 0.0 213.8 M 98
================================================================================
AV 64.6 41.7 6.9 FASTST M M 3 MAX(MPH)
MISC ----> 31 270 # 41 280
================================================================================
NOTES:
# LAST OF SEVERAL OCCURRENCES
COLUMN 17 PEAK WIND IN M.P.H.
PRELIMINARY LOCAL CLIMATOLOGICAL DATA (WS FORM: F-6) , PAGE 2
STATION: WILMINGTON NORTH CAROLINA
MONTH: JANUARY
YEAR: 2023
LATITUDE: 34 16 N
LONGITUDE: 77 55 W
[TEMPERATURE DATA] [PRECIPITATION DATA] SYMBOLS USED IN COLUMN 16
AVERAGE MONTHLY: 53.1 TOTAL FOR MONTH: 2.48 1 = FOG OR MIST
DPTR FM NORMAL: 6.3 DPTR FM NORMAL: -1.33 2 = FOG REDUCING VISIBILITY
HIGHEST: 77 ON 3 GRTST 24HR 1.79 ON 22-22 TO 1/4 MILE OR LESS
LOWEST: 26 ON 16 3 = THUNDER
SNOW, ICE PELLETS, HAIL 4 = ICE PELLETS
TOTAL MONTH: 0.0 INCH 5 = HAIL
GRTST 24HR 0.0 6 = FREEZING RAIN OR DRIZZLE
GRTST DEPTH: 0 7 = DUSTSTORM OR SANDSTORM:
VSBY 1/2 MILE OR LESS
8 = SMOKE OR HAZE
[NO. OF DAYS WITH] [WEATHER - DAYS WITH] 9 = BLOWING SNOW
X = TORNADO
MAX 32 OR BELOW: 0 0.01 INCH OR MORE: 7
MAX 90 OR ABOVE: 0 0.10 INCH OR MORE: 4
MIN 32 OR BELOW: 5 0.50 INCH OR MORE: 1
MIN 0 OR BELOW: 0 1.00 INCH OR MORE: 1
[HDD (BASE 65) ]
TOTAL THIS MO. 363 CLEAR (SCALE 0-3) 16
DPTR FM NORMAL -205 PTCLDY (SCALE 4-7) 12
TOTAL FM JUL 1 1106 CLOUDY (SCALE 8-10) 3
DPTR FM NORMAL -315
[CDD (BASE 65) ]
TOTAL THIS MO. 4
DPTR FM NORMAL 1 [PRESSURE DATA]
TOTAL FM JAN 1 4 HIGHEST SLP 30.47 ON 28
DPTR FM NORMAL 1 LOWEST SLP 29.62 ON 13
[REMARKS]
#FINAL-01-23#