000
CXUS54 KMAF 011513
CF6INK
PRELIMINARY LOCAL CLIMATOLOGICAL DATA (WS FORM: F-6)
STATION: WINK
MONTH: MARCH
YEAR: 2024
LATITUDE: 31 46 N
LONGITUDE: 103 12 W
TEMPERATURE IN F: :PCPN: SNOW: WIND :SUNSHINE: SKY :PK WND
================================================================================
1 2 3 4 5 6A 6B 7 8 9 10 11 12 13 14 15 16 17 18
12Z AVG MX 2MIN
DY MAX MIN AVG DEP HDD CDD WTR SNW DPTH SPD SPD DIR MIN PSBL S-S WX SPD DR
================================================================================
1 77 38 58 5 7 0 0.00 M M 8.4 23 250 M M 0 18 30 260
2 82 43 63 9 2 0 0.00 M M 9.9 26 230 M M 0 35 220
3 81 49 65 11 0 0 0.00 M M 16.1 35 250 M M 0 8 45 260
4 77 55 66 12 0 1 0.00 M M 13.8 26 260 M M 0 35 260
5 77 44 61 7 4 0 0.00 M M 7.7 18 290 M M 0 25 300
6 78 44 61 6 4 0 0.00 M M 4.6 14 300 M M 0 8 20 200
7 77 57 67 12 0 2 0.00 M M 8.6 23 280 M M 1 28 270
8 64 43 54 -1 11 0 0.00 M M 13.3 29 40 M M 2 36 40
9 56 34 45 -11 20 0 0.00 M M 5.6 14 20 M M 3 19 10
10 65 32 49 -7 16 0 0.00 M M 7.7 18 160 M M 1 23 150
11 75 39 57 1 8 0 0.00 M M 9.7 20 140 M M 0 26 140
12 83 51 67 10 0 2 0.00 M M 10.5 23 270 M M 0 33 260
13 84 47 66 9 0 1 0.00 M M 10.6 31 230 M M 0 39 230
14 80 46 63 6 2 0 0.00 M M 8.1 20 70 M M 0 25 70
15 65 47 56 -2 9 0 0.29 M M 14.5 32 50 M M 8 138 42 70
16 58 48 53 -5 12 0 0.02 M M 5.8 13 60 M M 10 1 15 60
17 61 49 55 -3 10 0 0.00 M M 11.5 18 70 M M 8 26 60
18 65 50 58 0 7 0 T M M 9.3 23 180 M M 7 29 180
19 71 48 60 1 5 0 0.00 M M 11.1 21 160 M M 3 27 160
20 75 47 61 2 4 0 T M M 7.8 23 260 M M 3 29 250
21 77 49 63 4 2 0 0.00 M M 8.2 23 330 M M 2 32 330
22 84 46 65 5 0 0 0.00 M M 8.1 20 110 M M 0 26 140
23 78 53 66 6 0 1 0.00 M M 19.0 31 140 M M 0 40 140
24 79 56 68 8 0 3 0.00 M M 24.2 44 260 M M 5 8 58 290
25 68 49 59 -2 6 0 T M M 21.3 35 260 M M 1 8 47 270
26 67 34 51 -10 14 0 T M M 11.8 35 240 M M 1 8 48 240
27 71 41 56 -5 9 0 0.00 M M 10.7 26 320 M M 1 35 320
28 82 36 59 -2 6 0 0.00 M M 10.0 22 190 M M 0 29 180
29 87 54 71 9 0 6 0.00 M M 13.1 25 270 M M 0 33 280
30 86 47 67 5 0 2 0.00 M M 6.7 16 240 M M 0 23 250
31 89 62 76 14 0 11 0.00 M M 10.7 26 230 M M 0 33 210
================================================================================
SM 2319 1438 158 29 0.31 M 338.4 M 56
================================================================================
AV 74.8 46.4 10.9 FASTST M M 2 MAX(MPH)
MISC ----> 44 260 58 290
================================================================================
NOTES:
# LAST OF SEVERAL OCCURRENCES
COLUMN 17 PEAK WIND IN M.P.H.
PRELIMINARY LOCAL CLIMATOLOGICAL DATA (WS FORM: F-6) , PAGE 2
STATION: WINK
MONTH: MARCH
YEAR: 2024
LATITUDE: 31 46 N
LONGITUDE: 103 12 W
[TEMPERATURE DATA] [PRECIPITATION DATA] SYMBOLS USED IN COLUMN 16
AVERAGE MONTHLY: 60.6 TOTAL FOR MONTH: 0.31 1 = FOG OR MIST
DPTR FM NORMAL: 2.8 DPTR FM NORMAL: -0.41 2 = FOG REDUCING VISIBILITY
HIGHEST: 89 ON 31 GRTST 24HR 0.31 ON 15-16 TO 1/4 MILE OR LESS
LOWEST: 32 ON 10 3 = THUNDER
SNOW, ICE PELLETS, HAIL 4 = ICE PELLETS
TOTAL MONTH: M 5 = HAIL
GRTST 24HR M ON M 6 = FREEZING RAIN OR DRIZZLE
GRTST DEPTH: M ON M 7 = DUSTSTORM OR SANDSTORM:
VSBY 1/2 MILE OR LESS
8 = SMOKE OR HAZE
[NO. OF DAYS WITH] [WEATHER - DAYS WITH] 9 = BLOWING SNOW
X = TORNADO
MAX 32 OR BELOW: 0 0.01 INCH OR MORE: 2
MAX 90 OR ABOVE: 0 0.10 INCH OR MORE: 1
MIN 32 OR BELOW: 1 0.50 INCH OR MORE: 0
MIN 0 OR BELOW: 0 1.00 INCH OR MORE: 0
[HDD (BASE 65) ]
TOTAL THIS MO. 158 CLEAR (SCALE 0-3) 25
DPTR FM NORMAL -90 PTCLDY (SCALE 4-7) 4
TOTAL FM JUL 1 1901 CLOUDY (SCALE 8-10) 2
DPTR FM NORMAL -459
[CDD (BASE 65) ]
TOTAL THIS MO. 29
DPTR FM NORMAL 5 [PRESSURE DATA]
TOTAL FM JAN 1 39 HIGHEST SLP 30.32 ON 9
DPTR FM NORMAL 13 LOWEST SLP 29.34 ON 24
[REMARKS]
#FINAL-03-24#