000
CXUS54 KMAF 011535
CF6INK
PRELIMINARY LOCAL CLIMATOLOGICAL DATA (WS FORM: F-6)
STATION: WINK
MONTH: JUNE
YEAR: 2022
LATITUDE: 31 46 N
LONGITUDE: 103 12 W
TEMPERATURE IN F: :PCPN: SNOW: WIND :SUNSHINE: SKY :PK WND
================================================================================
1 2 3 4 5 6A 6B 7 8 9 10 11 12 13 14 15 16 17 18
12Z AVG MX 2MIN
DY MAX MIN AVG DEP HDD CDD WTR SNW DPTH SPD SPD DIR MIN PSBL S-S WX SPD DR
================================================================================
1 96 M M M M M M M M 16.3 30 160 M M 1 38 40 160
2 77 61 69 -12 0 4 0.00 M M 11.5 17 60 M M 3 20 80
3 93 60 77 -4 0 12 1.79 M M 16.1 52 300 M M 1 1238 66 290
4 99 63 81 -1 0 16 0.03 M M 9.3 23 110 M M 0 3 25 90
5 101 64 83 1 0 18 0.00 M M 8.1 22 280 M M 0 27 280
6 104 65 85 3 0 20 0.00 M M 6.9 17 310 M M 0 20 300
7 M M M M M M M M M M M M M M 0 M M
8 98 80 89 7 0 24 0.00 M M 15.8 44 50 M M 5 8 55 50
9 99 71 85 2 0 20 0.00 M M 13.0 22 170 M M 0 8 28 150
10 M 75 M M M M M M M M M M M M 0 M M
11 M M M M M M M M M M M M M M M M M
12 M M M M M M M M M M M M M M M M M
13 108 80 94 11 0 29 0.00 M M 20.4 35 140 M M 0 44 150
14 104 77 91 7 0 26 0.10 M M 9.6 46 160 M M 1 38 69 130
15 100 71 86 2 0 21 0.00 M M 14.5 24 140 M M 0 8 31 140
16 97 77 87 3 0 22 0.00 M M 18.1 28 140 M M 0 35 130
17 98 74 86 2 0 21 0.00 M M 15.9 25 150 M M 0 40 150
18 97 73 85 1 0 20 0.00 M M 14.8 24 150 M M 0 31 140
19 97 74 86 2 0 21 0.00 M M 16.3 28 150 M M 0 35 120
20 97 75 86 2 0 21 T M M 12.5 24 150 M M 2 3 30 250
21 95 74 85 1 0 20 0.00 M M 10.7 21 150 M M 1 34 150
22 96 72 84 0 0 19 0.00 M M 11.2 22 150 M M 0 28 130
23 100 74 87 3 0 22 0.00 M M 12.3 22 130 M M 0 31 140
24 101 74 88 4 0 23 T M M 11.4 18 150 M M 0 23 150
25 102 76 89 5 0 24 0.00 M M 12.6 22 120 M M 0 27 140
26 97 71 84 0 0 19 0.03 M M 12.1 41 130 M M 2 38 47 140
27 93 69 81 -3 0 16 0.00 M M 11.9 26 130 M M 3 31 140
28 92 70 81 -3 0 16 0.01 M M 8.5 31 30 M M 4 3 39 30
29 92 67 80 -4 0 15 T M M 8.0 17 110 M M 1 22 110
30 97 72 85 1 0 20 0.00 M M 8.8 15 100 M M 0 19 90
================================================================================
SM 2530 1859 0 489 1.96 M 326.6 M 24
================================================================================
AV 97.3 71.5 12.6 FASTST M M 1 MAX(MPH)
MISC ----> 52 300 69 130
================================================================================
NOTES:
# LAST OF SEVERAL OCCURRENCES
COLUMN 17 PEAK WIND IN M.P.H.
PRELIMINARY LOCAL CLIMATOLOGICAL DATA (WS FORM: F-6) , PAGE 2
STATION: WINK
MONTH: JUNE
YEAR: 2022
LATITUDE: 31 46 N
LONGITUDE: 103 12 W
[TEMPERATURE DATA] [PRECIPITATION DATA] SYMBOLS USED IN COLUMN 16
AVERAGE MONTHLY: 84.4 TOTAL FOR MONTH: 1.96 1 = FOG OR MIST
DPTR FM NORMAL: 1.1 DPTR FM NORMAL: 0.69 2 = FOG REDUCING VISIBILITY
HIGHEST: 108 ON 13 GRTST 24HR 1.82 ON 3- 4 TO 1/4 MILE OR LESS
LOWEST: 60 ON 3 3 = THUNDER
SNOW, ICE PELLETS, HAIL 4 = ICE PELLETS
TOTAL MONTH: M 5 = HAIL
GRTST 24HR M ON M 6 = FREEZING RAIN OR DRIZZLE
GRTST DEPTH: M ON M 7 = DUSTSTORM OR SANDSTORM:
VSBY 1/2 MILE OR LESS
8 = SMOKE OR HAZE
[NO. OF DAYS WITH] [WEATHER - DAYS WITH] 9 = BLOWING SNOW
X = TORNADO
MAX 32 OR BELOW: 0 0.01 INCH OR MORE: 5
MAX 90 OR ABOVE: 25 0.10 INCH OR MORE: 2
MIN 32 OR BELOW: 0 0.50 INCH OR MORE: 1
MIN 0 OR BELOW: 0 1.00 INCH OR MORE: 1
[HDD (BASE 65) ]
TOTAL THIS MO. 0 CLEAR (SCALE 0-3) 25
DPTR FM NORMAL 0 PTCLDY (SCALE 4-7) 3
TOTAL FM JUL 1 2308 CLOUDY (SCALE 8-10) 2
DPTR FM NORMAL -147
[CDD (BASE 65) ]
TOTAL THIS MO. 489
DPTR FM NORMAL -60 [PRESSURE DATA]
TOTAL FM JAN 1 1122 HIGHEST SLP 30.19 ON 27
DPTR FM NORMAL 110 LOWEST SLP 29.49 ON 6
[REMARKS]
#FINAL-06-22#