794
CXUS54 KMAF 011210
CF6INK
PRELIMINARY LOCAL CLIMATOLOGICAL DATA (WS FORM: F-6)
STATION: WINK
MONTH: OCTOBER
YEAR: 2020
LATITUDE: 31 46 N
LONGITUDE: 103 12 W
TEMPERATURE IN F: :PCPN: SNOW: WIND :SUNSHINE: SKY :PK WND
================================================================================
1 2 3 4 5 6A 6B 7 8 9 10 11 12 13 14 15 16 17 18
12Z AVG MX 2MIN
DY MAX MIN AVG DEP HDD CDD WTR SNW DPTH SPD SPD DIR MIN PSBL S-S WX SPD DR
================================================================================
1 87 52 70 -1 0 5 0.00 M M 8.8 18 140 M M 0 24 120
2 87 57 72 2 0 7 0.00 M M 11.6 18 150 M M 0 25 140
3 93 56 75 5 0 10 0.00 M M 7.7 17 60 M M 0 22 70
4 84 55 70 0 0 5 0.00 M M 7.8 21 60 M M 0 25 50
5 95 55 75 5 0 10 0.00 0.0 0 7.7 15 140 M M 0 22 220
6 94 49 72 3 0 7 0.00 M M 7.5 15 130 M M 0 22 130
7 91 56 74 5 0 9 0.00 M M 8.0 17 160 M M 0 8 23 170
8 91 59 75 7 0 10 0.00 M M 7.9 13 130 M M 0 8 17 140
9 97 54 76 8 0 11 0.00 M M 7.1 16 150 M M 0 8 20 140
10 98 50 74 6 0 9 0.00 M M 6.1 13 260 M M 0 17 250
11 97 54 76 8 0 11 0.00 M M 9.4 28 250 M M 0 33 250
12 82 57 70 3 0 5 0.00 M M 8.2 25 40 M M 1 8 33 40
13 92 45 69 2 0 4 0.00 M M 5.6 13 150 M M 0 16 150
14 99 49 74 8 0 9 0.00 M M 8.9 20 260 M M 0 25 260
15 77 54 66 0 0 1 0.00 M M 11.5 33 20 M M 0 8 44 20
16 72 47 60 -6 5 0 0.00 M M 9.1 17 120 M M 0 22 130
17 94 49 72 7 0 7 0.00 M M 8.8 20 250 M M 0 24 260
18 95 47 71 6 0 6 0.00 M M 5.9 15 300 M M 0 19 330
19 80 45 63 -2 2 0 0.00 M M 7.5 14 30 M M 0 18 10
20 93 54 74 10 0 9 0.00 M M 8.0 18 140 M M 0 25 150
21 90 63 77 13 0 12 0.00 M M 13.5 24 140 M M 0 30 140
22 93 66 80 16 0 15 0.00 0.0 0 10.3 18 150 M M 0 23 150
23 69 44 57 -6 8 0 0.00 0.0 0 11.9 28 20 M M 4 35 20
24 72 37 55 -8 10 0 0.00 0.0 0 5.8 12 170 M M 0 16 160
25 92 47 70 8 0 5 0.00 0.0 0 10.6 26 40 M M 0 32 30
26 47 29 38 -24 27 0 T M M 15.1 24 20 M M 10 18 31 10
27 32 27 30 -32 35 0 T M M 11.1 18 20 M M 10 16 21 20
28 56 25 41 -20 24 0 0.00 M M 11.5 29 310 M M 2 36 310
29 68 39 54 -7 11 0 0.00 M M 8.7 20 360 M M 1 25 330
30 74 32 53 -7 12 0 0.00 M M 8.8 15 130 M M 0 21 130
31 85 38 62 2 3 0 0.00 M M 6.6 14 130 M M 0 17 330
================================================================================
SM 2576 1491 137 167 T 0.0 277.0 M 28
================================================================================
AV 83.1 48.1 8.9 FASTST M M 1 MAX(MPH)
MISC ----> 33 20 44 20
================================================================================
NOTES:
# LAST OF SEVERAL OCCURRENCES
COLUMN 17 PEAK WIND IN M.P.H.
PRELIMINARY LOCAL CLIMATOLOGICAL DATA (WS FORM: F-6) , PAGE 2
STATION: WINK
MONTH: OCTOBER
YEAR: 2020
LATITUDE: 31 46 N
LONGITUDE: 103 12 W
[TEMPERATURE DATA] [PRECIPITATION DATA] SYMBOLS USED IN COLUMN 16
AVERAGE MONTHLY: 65.6 TOTAL FOR MONTH: T 1 = FOG OR MIST
DPTR FM NORMAL: 0.0 DPTR FM NORMAL: -1.56 2 = FOG REDUCING VISIBILITY
HIGHEST: 99 ON 14 GRTST 24HR T ON 26-26 TO 1/4 MILE OR LESS
LOWEST: 25 ON 28 3 = THUNDER
SNOW, ICE PELLETS, HAIL 4 = ICE PELLETS
TOTAL MONTH: 0.0 INCH 5 = HAIL
GRTST 24HR 0.0 6 = FREEZING RAIN OR DRIZZLE
GRTST DEPTH: 0 7 = DUSTSTORM OR SANDSTORM:
VSBY 1/2 MILE OR LESS
8 = SMOKE OR HAZE
[NO. OF DAYS WITH] [WEATHER - DAYS WITH] 9 = BLOWING SNOW
X = TORNADO
MAX 32 OR BELOW: 1 0.01 INCH OR MORE: 0
MAX 90 OR ABOVE: 16 0.10 INCH OR MORE: 0
MIN 32 OR BELOW: 4 0.50 INCH OR MORE: 0
MIN 0 OR BELOW: 0 1.00 INCH OR MORE: 0
[HDD (BASE 65) ]
TOTAL THIS MO. 137 CLEAR (SCALE 0-3) 28
DPTR FM NORMAL 52 PTCLDY (SCALE 4-7) 1
TOTAL FM JUL 1 167 CLOUDY (SCALE 8-10) 2
DPTR FM NORMAL 73
[CDD (BASE 65) ]
TOTAL THIS MO. 167
DPTR FM NORMAL 62 [PRESSURE DATA]
TOTAL FM JAN 1 3086 HIGHEST SLP 30.35 ON 16
DPTR FM NORMAL 565 LOWEST SLP 29.61 ON 25
[REMARKS]
#FINAL-10-20#