000
CXUS54 KMAF 011210
CF6INK
PRELIMINARY LOCAL CLIMATOLOGICAL DATA (WS FORM: F-6)
STATION: WINK
MONTH: FEBRUARY
YEAR: 2020
LATITUDE: 31 46 N
LONGITUDE: 103 12 W
TEMPERATURE IN F: :PCPN: SNOW: WIND :SUNSHINE: SKY :PK WND
================================================================================
1 2 3 4 5 6A 6B 7 8 9 10 11 12 13 14 15 16 17 18
12Z AVG MX 2MIN
DY MAX MIN AVG DEP HDD CDD WTR SNW DPTH SPD SPD DIR MIN PSBL S-S WX SPD DR
================================================================================
1 68 27 48 1 17 0 0.00 0.0 0 7.2 17 220 M M 0 22 220
2 72 30 51 4 14 0 0.00 0.0 0 7.9 22 220 M M 0 27 220
3 75 39 57 10 8 0 0.00 M M 11.0 23 220 M M 3 28 220
4 55 28 42 -5 23 0 0.01 M M 12.6 29 10 M M 6 18 33 20
5 34 22 28 -19 37 0 0.07 M M 7.5 22 20 M M 8 128 26 10
6 53 15 34 -14 31 0 0.00 0.0 0 9.4 24 290 M M 0 1 34 290
7 69 34 52 4 13 0 0.00 0.0 0 6.9 17 260 M M 0 21 240
8 66 31 49 1 16 0 0.00 M M 6.6 15 140 M M 0 18 140
9 76 38 57 9 8 0 0.00 M M 9.4 24 260 M M 0 1 31 280
10 57 40 49 1 16 0 0.03 M M 8.1 22 40 M M 3 13 26 40
11 44 34 39 -10 26 0 0.01 M M 11.5 21 40 M M 10 1 25 40
12 57 33 45 -4 20 0 0.00 M M 10.4 26 270 M M 1 33 270
13 58 26 42 -7 23 0 0.00 M M 9.1 20 130 M M 0 24 120
14 58 30 44 -5 21 0 0.00 0.0 0 11.1 17 120 M M 2 1 23 120
15 73 33 53 3 12 0 0.00 M M 5.4 18 150 M M 0 1 22 150
16 79 33 56 6 9 0 0.00 M M 7.0 16 260 M M 0 20 260
17 78 45 62 12 3 0 0.00 M M 7.2 20 250 M M 0 25 240
18 60 43 52 2 13 0 0.00 M M 8.8 23 30 M M 3 28 30
19 49 41 45 -5 20 0 0.06 M M 7.5 15 90 M M 9 18 90
20 47 36 42 -9 23 0 T 0.0 0 10.9 22 40 M M 10 1 26 40
21 47 31 39 -12 26 0 0.00 M M 7.7 13 160 M M 6 17 150
22 65 39 52 1 13 0 0.00 M M 8.3 15 130 M M 0 19 130
23 72 46 59 7 6 0 0.00 M M 14.0 36 280 M M 1 8 45 270
24 74 39 57 5 8 0 0.00 M M 11.0 21 270 M M 0 24 310
25 57 34 46 -6 19 0 0.00 M M 13.7 35 20 M M 4 41 20
26 48 24 36 -16 29 0 0.00 M M 7.5 18 10 M M 0 24 10
27 68 22 45 -7 20 0 0.00 M M 6.2 16 280 M M 0 22 290
28 69 27 48 -5 17 0 0.00 M M 5.7 13 140 M M 0 16 250
29 78 46 62 9 3 0 0.00 0.0 0 9.8 17 290 M M 0 22 280
================================================================================
SM 1806 966 494 0 0.18 0.0 259.4 M 66
================================================================================
AV 62.3 33.3 8.9 FASTST M M 2 MAX(MPH)
MISC ----> 36 280 45 270
================================================================================
NOTES:
# LAST OF SEVERAL OCCURRENCES
COLUMN 17 PEAK WIND IN M.P.H.
PRELIMINARY LOCAL CLIMATOLOGICAL DATA (WS FORM: F-6) , PAGE 2
STATION: WINK
MONTH: FEBRUARY
YEAR: 2020
LATITUDE: 31 46 N
LONGITUDE: 103 12 W
[TEMPERATURE DATA] [PRECIPITATION DATA] SYMBOLS USED IN COLUMN 16
AVERAGE MONTHLY: 47.8 TOTAL FOR MONTH: 0.18 1 = FOG OR MIST
DPTR FM NORMAL: -1.8 DPTR FM NORMAL: -0.38 2 = FOG REDUCING VISIBILITY
HIGHEST: 79 ON 16 GRTST 24HR 0.08 ON 4- 5 TO 1/4 MILE OR LESS
LOWEST: 15 ON 6 3 = THUNDER
SNOW, ICE PELLETS, HAIL 4 = ICE PELLETS
TOTAL MONTH: 0.0 INCH 5 = HAIL
GRTST 24HR 0.0 6 = FREEZING RAIN OR DRIZZLE
GRTST DEPTH: 0 7 = DUSTSTORM OR SANDSTORM:
VSBY 1/2 MILE OR LESS
8 = SMOKE OR HAZE
[NO. OF DAYS WITH] [WEATHER - DAYS WITH] 9 = BLOWING SNOW
X = TORNADO
MAX 32 OR BELOW: 0 0.01 INCH OR MORE: 5
MAX 90 OR ABOVE: 0 0.10 INCH OR MORE: 0
MIN 32 OR BELOW: 12 0.50 INCH OR MORE: 0
MIN 0 OR BELOW: 0 1.00 INCH OR MORE: 0
[HDD (BASE 65) ]
TOTAL THIS MO. 494 CLEAR (SCALE 0-3) 20
DPTR FM NORMAL 60 PTCLDY (SCALE 4-7) 5
TOTAL FM JUL 1 2060 CLOUDY (SCALE 8-10) 4
DPTR FM NORMAL -102
[CDD (BASE 65) ]
TOTAL THIS MO. 0
DPTR FM NORMAL -1 [PRESSURE DATA]
TOTAL FM JAN 1 0 HIGHEST SLP 30.66 ON 21
DPTR FM NORMAL -1 LOWEST SLP 29.50 ON 3
[REMARKS]
#FINAL-02-20#