000
CXUS53 KDLH 010956
CLMINL
CLIMATE REPORT
NATIONAL WEATHER SERVICE DULUTH MN
356 AM CST FRI MAR 01 2024
...................................
...THE INTERNATIONAL FALLS CLIMATE SUMMARY FOR THE MONTH OF FEBRUARY 2024...
CLIMATE NORMAL PERIOD: 1991 TO 2020
CLIMATE RECORD PERIOD: 1895 TO 2024
WEATHER OBSERVED NORMAL DEPART LAST YEAR`S
VALUE DATE(S) VALUE FROM VALUE DATE(S)
NORMAL
................................................................
TEMPERATURE (F)
RECORD
HIGH 58 02/17/2017
02/22/2000
LOW -48 02/08/1909
HIGHEST 53 02/26 MM MM 47 02/11
LOWEST -22 02/29 MM MM -36 02/03
AVG. MAXIMUM 32.2 21.7 10.5 24.6
AVG. MINIMUM 12.3 -2.6 14.9 -3.1
MEAN 22.3 9.5 12.8 10.7
DAYS MAX >= 90 0 0.0 0.0 0
DAYS MAX <= 32 13 22.2 -9.2 18
DAYS MIN <= 32 28 27.7 0.3 28
DAYS MIN <= 0 4 15.6 -11.6 17
PRECIPITATION (INCHES)
RECORD
MAXIMUM 2.90 1911
MINIMUM T 1909
TOTALS 0.78 0.69 0.09 0.53
DAILY AVG. 0.03 NAN NAN 0.02
DAYS >= .01 7 9.0 -2.0 9
DAYS >= .10 2 2.3 -0.3 1
DAYS >= .50 0 0.1 -0.1 0
DAYS >= 1.00 0 0.0 0.0 0
GREATEST
24 HR. TOTAL 0.42 02/07 TO 02/08
SNOWFALL (INCHES)
RECORDS
TOTAL 32.3 1992
TOTALS 8.9 12.6 -3.7 5.2
SINCE 7/1 32.2 57.9 -25.7 MM
SNOWDEPTH AVG. 4 16
DAYS >= 1.0 3 3.9 -0.9 2
GREATEST
SNOW DEPTH 7 02/27 18 02/26
02/28
02/27
02/28
24 HR TOTAL MM
DEGREE DAYS
HEATING TOTAL 1232 1552 -320 1514
SINCE 7/1 5660 7593 -1933 MM
COOLING TOTAL 0 0 0 0
SINCE 1/1 0 0 0 MM
................................................................
WIND (MPH)
AVERAGE WIND SPEED 6.9
HIGHEST WIND SPEED/DIRECTION 24/320 DATE 02/18
HIGHEST GUST SPEED/DIRECTION 34/300 DATE 02/22
SKY COVER
POSSIBLE SUNSHINE (PERCENT) MM
AVERAGE SKY COVER 0.49
NUMBER OF DAYS FAIR 11
NUMBER OF DAYS PC 11
NUMBER OF DAYS CLOUDY 7
AVERAGE RH (PERCENT) 71
WEATHER CONDITIONS. NUMBER OF DAYS WITH
THUNDERSTORM 0 MIXED PRECIP 0
HEAVY RAIN 0 RAIN 0
LIGHT RAIN 3 FREEZING RAIN 0
LT FREEZING RAIN 0 HAIL 0
HEAVY SNOW 1 SNOW 2
LIGHT SNOW 9 SLEET 0
FOG 14 FOG W/VIS <= 1/4 MILE 6
HAZE 12
- INDICATES NEGATIVE NUMBERS.
R INDICATES RECORD WAS SET OR TIED.
MM INDICATES DATA IS MISSING.
T INDICATES TRACE AMOUNT.
$$