000
CXUS53 KDLH 041742
CLSINL
CLIMATE REPORT
NATIONAL WEATHER SERVICE DULUTH MN
1142 AM CST SUN DEC 04 2022
...................................
...THE INTERNATIONAL FALLS CLIMATE SUMMARY FOR THE SEASON, FROM
9/1/2022 TO 11/30/2022...
CLIMATE NORMAL PERIOD: 1991 TO 2020
CLIMATE RECORD PERIOD: 1895 TO 2022
WEATHER OBSERVED NORMAL DEPART LAST YEAR`S
VALUE DATE(S) VALUE FROM VALUE DATE(S)
NORMAL
................................................................
TEMPERATURE (F)
RECORD
HIGH 96 09/07/1906
LOW -32 11/28/1985
HIGHEST 86 09/01 MM MM 85
LOWEST 11/19 MM MM -5
11/20
MEAN 42.6 40.5 2.1 45.4
PRECIPITATION (INCHES)
RECORD
MAXIMUM 12.39 2019
MINIMUM 1.79 1952
TOTALS 4.51 6.61 -2.10 7.82
SNOWFALL (INCHES)
RECORDS
TOTAL 33.5 1955
SNOW DEPTH 26 11/29/1965
11/28/1965
TOTALS 15.5 13.8 1.7 9.3
SINCE 7/1 15.5 13.8 1.7
SNOWDEPTH AVG. 1 1
DAYS >= TRACE 23 13.0 10.0 16
DAYS >= 1.0 7 5.0 2.0 3
DAYS >= 1.0 7 3
GREATEST
SNOW DEPTH 7 11/19 5 11/30
DEGREE DAYS
HEATING TOTAL 2020 2239 -219 1774
COOLING TOTAL 14 13 1 16
................................................................
WIND (MPH)
AVERAGE WIND SPEED 6.8
HIGHEST WIND SPEED/DIRECTION 26/330
HIGHEST GUST SPEED/DIRECTION 46/330
SKY COVER
POSSIBLE SUNSHINE (PERCENT) MM
- INDICATES NEGATIVE NUMBERS.
R INDICATES RECORD WAS SET OR TIED.
MM INDICATES DATA IS MISSING.
T INDICATES TRACE AMOUNT.
$$