000
CXUS55 KPSR 011005
CF6IPL
PRELIMINARY LOCAL CLIMATOLOGICAL DATA (WS FORM: F-6)
STATION: IMPERIAL CA
MONTH: JUNE
YEAR: 2022
LATITUDE: 32 50 N
LONGITUDE: 115 35 W
TEMPERATURE IN F: :PCPN: SNOW: WIND :SUNSHINE: SKY :PK WND
================================================================================
1 2 3 4 5 6A 6B 7 8 9 10 11 12 13 14 15 16 17 18
12Z AVG MX 2MIN
DY MAX MIN AVG DEP HDD CDD WTR SNW DPTH SPD SPD DIR MIN PSBL S-S WX SPD DR
================================================================================
1 100 63 82 -1 0 17 0.00 M M 5.5 12 260 M M 0 19 330
2 104 66 85 2 0 20 0.00 M M 7.8 18 120 M M 0 24 120
3 102 68 85 2 0 20 0.00 M M 9.7 20 250 M M 0 28 260
4 103 75 89 5 0 24 0.00 M M 12.6 24 260 M M 0 33 260
5 103 70 87 3 0 22 0.00 M M 7.6 20 260 M M 0 27 260
6 105 74 90 6 0 25 0.00 M M 5.4 14 260 M M 0 19 260
7 105 76 91 7 0 26 0.00 M M 7.7 16 130 M M 0 24 120
8 105 74 90 5 0 25 0.00 M M 8.3 18 130 M M 0 24 120
9 107 75 91 6 0 26 0.00 M M 7.7 17 130 M M 0 22 140
10 109 78 94 9 0 29 0.00 M M 6.5 14 140 M M 0 19 80
11 113 80 97 11 0 32 0.00 M M 7.5 20 250 M M 0 28 240
12 114 80 97 11 0 32 0.00 M M 12.4 29 280 M M 0 8 40 260
13 102 73 88 2 0 23 0.00 M M 18.7 26 250 M M 0 8 37 260
14 101 68 85 -1 0 20 0.00 M M 5.4 13 250 M M 0 16 260
15 106 73 90 3 0 25 0.00 M M 5.4 12 100 M M 0 16 120
16 108 74 91 4 0 26 0.00 M M 8.5 16 270 M M 0 23 280
17 105 75 90 3 0 25 0.00 M M 12.8 30 270 M M 0 8 44 280
18 98 70 84 -4 0 19 0.00 M M 16.0 31 280 M M 0 8 45 280
19 96 59 78 -10 0 13 0.00 M M 6.4 13 270 M M 0 18 330
20 101 65 83 -5 0 18 0.00 M M 3.9 10 130 M M 0 16 60
21 106 67 87 -1 0 22 T M M 8.4 23 130 M M 0 32 140
22 106 80 93 4 0 28 0.00 M M 7.4 18 340 M M 0 8 28 330
23 108 77 93 4 0 28 0.00 M M 7.2 21 260 M M 0 29 260
24 107 77 92 3 0 27 0.00 M M 9.7 16 130 M M 0 24 250
25 109 75 92 2 0 27 0.00 M M 7.0 16 140 M M 0 19 130
26 107 81 94 4 0 29 0.00 M M 12.9 26 120 M M 0 8 36 130
27 104 80 92 2 0 27 0.00 M M 6.3 21 160 M M 0 27 160
28 110 83 97 7 0 32 0.00 M M 7.4 17 260 M M 0 23 130
29 112 81 97 6 0 32 0.00 M M 11.5 26 260 M M 1 8 37 260
30 108 83 96 5 0 31 0.00 M M 9.0 20 260 M M 0 27 250
================================================================================
SM 3164 2220 0 750 T M 262.6 M 1
================================================================================
AV105.5 74.0 8.8 FASTST M M 0 MAX(MPH)
MISC ----> 31 280 45 280
================================================================================
NOTES:
# LAST OF SEVERAL OCCURRENCES
COLUMN 17 PEAK WIND IN M.P.H.
PRELIMINARY LOCAL CLIMATOLOGICAL DATA (WS FORM: F-6) , PAGE 2
STATION: IMPERIAL CA
MONTH: JUNE
YEAR: 2022
LATITUDE: 32 50 N
LONGITUDE: 115 35 W
[TEMPERATURE DATA] [PRECIPITATION DATA] SYMBOLS USED IN COLUMN 16
AVERAGE MONTHLY: 89.7 TOTAL FOR MONTH: T 1 = FOG OR MIST
DPTR FM NORMAL: 2.9 DPTR FM NORMAL: -0.00 2 = FOG REDUCING VISIBILITY
HIGHEST: 114 ON 12 GRTST 24HR T ON 21-21 TO 1/4 MILE OR LESS
LOWEST: 59 ON 19 3 = THUNDER
SNOW, ICE PELLETS, HAIL 4 = ICE PELLETS
TOTAL MONTH: M 5 = HAIL
GRTST 24HR M ON M 6 = FREEZING RAIN OR DRIZZLE
GRTST DEPTH: M ON M 7 = DUSTSTORM OR SANDSTORM:
VSBY 1/2 MILE OR LESS
8 = SMOKE OR HAZE
[NO. OF DAYS WITH] [WEATHER - DAYS WITH] 9 = BLOWING SNOW
X = TORNADO
MAX 32 OR BELOW: 0 0.01 INCH OR MORE: 0
MAX 90 OR ABOVE: 30 0.10 INCH OR MORE: 0
MIN 32 OR BELOW: 0 0.50 INCH OR MORE: 0
MIN 0 OR BELOW: 0 1.00 INCH OR MORE: 0
[HDD (BASE 65) ]
TOTAL THIS MO. 0 CLEAR (SCALE 0-3) 30
DPTR FM NORMAL 0 PTCLDY (SCALE 4-7) 0
TOTAL FM JUL 1 776 CLOUDY (SCALE 8-10) 0
DPTR FM NORMAL -190
[CDD (BASE 65) ]
TOTAL THIS MO. 750
DPTR FM NORMAL 94 [PRESSURE DATA]
TOTAL FM JAN 1 1561 HIGHEST SLP M ON M
DPTR FM NORMAL 204 LOWEST SLP 29.55 ON 16
[REMARKS]
#FINAL-06-22#