159
CXUS55 KEAX 010736
CF6IRK
PRELIMINARY LOCAL CLIMATOLOGICAL DATA (WS FORM: F-6)
STATION: KIRKSVILLE MO
MONTH: AUGUST
YEAR: 2020
LATITUDE: 40 5 N
LONGITUDE: 92 33 W
TEMPERATURE IN F: :PCPN: SNOW: WIND :SUNSHINE: SKY :PK WND
================================================================================
1 2 3 4 5 6A 6B 7 8 9 10 11 12 13 14 15 16 17 18
12Z AVG MX 2MIN
DY MAX MIN AVG DEP HDD CDD WTR SNW DPTH SPD SPD DIR MIN PSBL S-S WX SPD DR
================================================================================
1 84 63 74 -2 0 9 0.00 M M 5.5 12 20 M M 2 16 310
2 82 62 72 -4 0 7 0.08 M M 5.1 16 300 M M 4 13 22 290
3 75 57 66 -10 0 1 0.00 M M 8.8 17 350 M M 4 23 10
4 75 53 64 -11 1 0 0.00 M M 3.1 12 10 M M 3 18 20
5 77 51 64 -11 1 0 0.00 M M 4.6 12 160 M M 3 1 16 210
6 81 60 71 -4 0 6 0.00 M M 9.0 17 150 M M 3 23 160
7 86 63 75 0 0 10 0.00 M M 9.9 17 140 M M 1 22 140
8 84 71 78 3 0 13 0.14 M M 8.9 17 180 M M 4 1 23 170
9 87 71 79 4 0 14 0.00 M M 8.9 18 170 M M 2 1 25 240
10 91 64 78 3 0 13 0.64 M M 8.1 24 280 M M 1 138 35 290
11 82 61 72 -3 0 7 0.00 M M 5.1 10 110 M M 2 12 13 110
12 86 69 78 3 0 13 0.00 M M 5.9 13 130 M M 4 12 17 170
13 87 66 77 2 0 12 0.00 M M 5.8 14 120 M M 1 12 20 120
14 86 67 77 3 0 12 0.00 M M 4.5 13 130 M M 3 12 18 120
15 85 59 72 -2 0 7 0.00 M M 7.3 20 360 M M 1 1 26 340
16 85 55 70 -4 0 5 0.00 M M 3.3 10 220 M M 0 1 14 220
17 85 62 74 0 0 9 0.00 M M 8.5 17 290 M M 2 25 360
18 81 58 70 -4 0 5 0.00 M M 7.7 16 360 M M 0 22 340
19 80 55 68 -6 0 3 0.00 M M 4.8 10 140 M M 1 14 130
20 81 51 66 -7 0 1 0.00 M M 3.1 10 180 M M 0 1 13 150
21 85 55 70 -3 0 5 0.00 M M 3.9 8 130 M M 0 1 13 180
22 88 59 74 1 0 9 0.00 M M 4.2 9 200 M M 0 14 200
23 93 68 81 8 0 16 0.00 M M 6.2 15 250 M M 2 22 250
24 93 69 81 9 0 16 0.00 M M 4.5 9 210 M M 0 13 230
25 92 66 79 7 0 14 0.00 M M 4.1 9 180 M M 0 1 14 200
26 93 69 81 9 0 16 0.00 M M 6.9 15 170 M M 0 19 180
27 89 68 79 7 0 14 0.00 M M 6.6 16 170 M M 0 23 180
28 92 64 78 7 0 13 0.00 M M 4.4 13 350 M M 3 12 21 350
29 81 56 69 -2 0 4 0.00 M M 6.8 14 350 M M 1 19 360
30 81 51 66 -5 0 1 0.00 M M 6.1 15 140 M M 0 22 140
31 79 61 70 0 0 5 0.00 M M 5.8 18 310 M M 6 12 29 320
================================================================================
SM 2626 1904 2 260 0.86 M 187.4 M 53
================================================================================
AV 84.7 61.4 6.0 FASTST M M 2 MAX(MPH)
MISC ----> 24 280 35 290
================================================================================
NOTES:
# LAST OF SEVERAL OCCURRENCES
COLUMN 17 PEAK WIND IN M.P.H.
PRELIMINARY LOCAL CLIMATOLOGICAL DATA (WS FORM: F-6) , PAGE 2
STATION: KIRKSVILLE MO
MONTH: AUGUST
YEAR: 2020
LATITUDE: 40 5 N
LONGITUDE: 92 33 W
[TEMPERATURE DATA] [PRECIPITATION DATA] SYMBOLS USED IN COLUMN 16
AVERAGE MONTHLY: 73.1 TOTAL FOR MONTH: 0.86 1 = FOG OR MIST
DPTR FM NORMAL: -0.6 DPTR FM NORMAL: -2.96 2 = FOG REDUCING VISIBILITY
HIGHEST: 93 ON 26,24 GRTST 24HR 0.64 ON 10-10 TO 1/4 MILE OR LESS
LOWEST: 51 ON 30,20 3 = THUNDER
SNOW, ICE PELLETS, HAIL 4 = ICE PELLETS
TOTAL MONTH: M 5 = HAIL
GRTST 24HR M ON M 6 = FREEZING RAIN OR DRIZZLE
GRTST DEPTH: M ON M 7 = DUSTSTORM OR SANDSTORM:
VSBY 1/2 MILE OR LESS
8 = SMOKE OR HAZE
[NO. OF DAYS WITH] [WEATHER - DAYS WITH] 9 = BLOWING SNOW
X = TORNADO
MAX 32 OR BELOW: 0 0.01 INCH OR MORE: 3
MAX 90 OR ABOVE: 6 0.10 INCH OR MORE: 2
MIN 32 OR BELOW: 0 0.50 INCH OR MORE: 1
MIN 0 OR BELOW: 0 1.00 INCH OR MORE: 0
[HDD (BASE 65) ]
TOTAL THIS MO. 2 CLEAR (SCALE 0-3) 23
DPTR FM NORMAL -4 PTCLDY (SCALE 4-7) 8
TOTAL FM JUL 1 2 CLOUDY (SCALE 8-10) 0
DPTR FM NORMAL -1
[CDD (BASE 65) ]
TOTAL THIS MO. 260
DPTR FM NORMAL -17 [PRESSURE DATA]
TOTAL FM JAN 1 988 HIGHEST SLP M ON M
DPTR FM NORMAL 144 LOWEST SLP 29.68 ON 31
[REMARKS]
#FINAL-08-20#