000
CXUS51 KOKX 010910
CF6ISP
PRELIMINARY LOCAL CLIMATOLOGICAL DATA (WS FORM: F-6)
STATION: ISLIP NY
MONTH: JULY
YEAR: 2023
LATITUDE: 40 47 N
LONGITUDE: 73 6 W
TEMPERATURE IN F: :PCPN: SNOW: WIND :SUNSHINE: SKY :PK WND
================================================================================
1 2 3 4 5 6A 6B 7 8 9 10 11 12 13 14 15 16 17 18
12Z AVG MX 2MIN
DY MAX MIN AVG DEP HDD CDD WTR SNW DPTH SPD SPD DIR MIN PSBL S-S WX SPD DR
================================================================================
1 80 63 72 -2 0 7 0.00 0.0 0 6.2 14 170 M M 4 18 19 180
2 82 71 77 3 0 12 0.17 0.0 0 9.8 17 200 M M 9 18 22 210
3 87 73 80 6 0 15 T 0.0 0 8.1 15 190 M M 6 1 20 210
4 84 70 77 3 0 12 0.03 0.0 0 4.4 20 20 M M 6 18 25 20
5 88 68 78 4 0 13 0.00 0.0 0 5.1 14 220 M M 2 18 16 230
6 86 71 79 5 0 14 0.00 0.0 0 6.6 14 170 M M 1 1 18 190
7 84 70 77 2 0 12 0.00 0.0 0 5.6 14 160 M M 7 18 120
8 84 72 78 3 0 13 0.00 0.0 0 5.0 13 120 M M 7 16 140
9 82 71 77 2 0 12 0.19 0.0 M 8.6 18 130 M M 7 1 23 130
10 84 70 77 2 0 12 0.37 0.0 M 8.8 21 340 M M 7 1 25 130
11 88 63 76 1 0 11 0.00 0.0 0 7.4 16 220 M M 2 19 200
12 91 70 81 6 0 16 0.00 0.0 0 6.8 18 200 M M 3 21 200
13 85 72 79 4 0 14 0.00 0.0 0 11.2 21 180 M M 5 29 180
14 82 71 77 2 0 12 0.59 0.0 0 10.9 22 120 M M 9 13 28 120
15 85 76 81 6 0 16 0.00 0.0 0 8.7 15 170 M M 8 22 180
16 80 73 77 2 0 12 4.65 0.0 0 9.7 26 210 M M 10 13 32 160
17 86 74 80 4 0 15 0.00 0.0 0 6.8 14 170 M M 8 1 16 150
18 83 71 77 1 0 12 0.41 0.0 0 7.3 22 250 M M 6 13 27 250
19 81 69 75 -1 0 10 T 0.0 0 4.9 14 230 M M 6 18 17 190
20 85 69 77 1 0 12 0.00 0.0 0 6.4 13 140 M M 3 1 16 130
21 81 71 76 0 0 11 0.04 0.0 0 7.9 17 190 M M 5 13 23 190
22 84 69 77 1 0 12 0.00 0.0 0 7.4 16 330 M M 5 21 310
23 87 67 77 1 0 12 0.00 0.0 0 7.0 14 10 M M 2 18 10
24 83 70 77 1 0 12 0.00 0.0 0 8.0 16 180 M M 4 21 180
25 84 69 77 1 0 12 0.29 0.0 0 6.9 21 290 M M 4 13 26 290
26 86 67 77 1 0 12 0.00 0.0 0 7.0 16 220 M M 3 18 21 220
27 86 76 81 6 0 16 0.32 0.0 0 13.2 25 220 M M 7 13 34 220
28 89 73 81 6 0 16 0.00 0.0 0 6.8 16 210 M M 4 21 190
29 87 70 79 4 0 14 0.13 0.0 0 10.9 28 310 M M 5 13 41 320
30 78 62 70 -5 0 5 0.00 0.0 0 9.3 23 340 M M 4 28 330
31 83 61 72 -3 0 7 0.00 0.0 0 6.2 16 220 M M 3 20 290
================================================================================
SM 2615 2162 0 381 7.19 0.0 238.9 M 162
================================================================================
AV 84.4 69.7 7.7 FASTST M M 5 MAX(MPH)
MISC ----> 28 310 41 320
================================================================================
NOTES:
# LAST OF SEVERAL OCCURRENCES
COLUMN 17 PEAK WIND IN M.P.H.
PRELIMINARY LOCAL CLIMATOLOGICAL DATA (WS FORM: F-6) , PAGE 2
STATION: ISLIP NY
MONTH: JULY
YEAR: 2023
LATITUDE: 40 47 N
LONGITUDE: 73 6 W
[TEMPERATURE DATA] [PRECIPITATION DATA] SYMBOLS USED IN COLUMN 16
AVERAGE MONTHLY: 77.0 TOTAL FOR MONTH: 7.19 1 = FOG OR MIST
DPTR FM NORMAL: 2.0 DPTR FM NORMAL: 3.93 2 = FOG REDUCING VISIBILITY
HIGHEST: 91 ON 12 GRTST 24HR 4.65 ON 16-16 TO 1/4 MILE OR LESS
LOWEST: 61 ON 31 3 = THUNDER
SNOW, ICE PELLETS, HAIL 4 = ICE PELLETS
TOTAL MONTH: 0.0 INCH 5 = HAIL
GRTST 24HR 0.0 6 = FREEZING RAIN OR DRIZZLE
GRTST DEPTH: 0 7 = DUSTSTORM OR SANDSTORM:
VSBY 1/2 MILE OR LESS
8 = SMOKE OR HAZE
[NO. OF DAYS WITH] [WEATHER - DAYS WITH] 9 = BLOWING SNOW
X = TORNADO
MAX 32 OR BELOW: 0 0.01 INCH OR MORE: 11
MAX 90 OR ABOVE: 1 0.10 INCH OR MORE: 9
MIN 32 OR BELOW: 0 0.50 INCH OR MORE: 2
MIN 0 OR BELOW: 0 1.00 INCH OR MORE: 1
[HDD (BASE 65) ]
TOTAL THIS MO. 0 CLEAR (SCALE 0-3) 7
DPTR FM NORMAL -1 PTCLDY (SCALE 4-7) 20
TOTAL FM JUL 1 0 CLOUDY (SCALE 8-10) 4
DPTR FM NORMAL 0
[CDD (BASE 65) ]
TOTAL THIS MO. 381
DPTR FM NORMAL 69 [PRESSURE DATA]
TOTAL FM JAN 1 515 HIGHEST SLP M ON M
DPTR FM NORMAL 22 LOWEST SLP 29.62 ON 29
[REMARKS]
#FINAL-07-23#