000
CXUS52 TJSJ 030601
CF6ISX
PRELIMINARY LOCAL CLIMATOLOGICAL DATA (WS FORM: F-6)
STATION: HENRY E. ROHLSEN AP/ST CROIX
MONTH: MARCH
YEAR: 2023
LATITUDE: 17 42 N
LONGITUDE: 64 48 W
TEMPERATURE IN F: :PCPN: SNOW: WIND :SUNSHINE: SKY :PK WND
================================================================================
1 2 3 4 5 6A 6B 7 8 9 10 11 12 13 14 15 16 17 18
12Z AVG MX 2MIN
DY MAX MIN AVG DEP HDD CDD WTR SNW DPTH SPD SPD DIR MIN PSBL S-S WX SPD DR
================================================================================
1 83 68 76 -2 0 11 0.00 M M 7.0 13 110 M M 2 17 40
2 85 67 76 -2 0 11 0.00 M M 9.8 21 110 M M 3 26 100
3 84 71 78 0 0 13 0.00 M M 11.0 23 110 M M 2 28 100
4 85 73 79 1 0 14 0.00 M M 12.7 23 90 M M 2 29 90
5 86 73 80 2 0 15 0.01 M M 10.5 22 100 M M 4 1 26 100
6 84 69 77 -1 0 12 0.00 M M 8.3 16 120 M M 3 21 130
7 83 67 75 -3 0 10 0.00 M M 5.9 14 130 M M 1 18 130
8 83 65 74 -4 0 9 0.00 M M 5.9 13 200 M M 2 18 210
9 87 66 77 -1 0 12 T M M 7.2 15 300 M M 3 23 340
10 85 71 78 0 0 13 T M M 8.4 17 350 M M 3 27 10
11 82 65 74 -4 0 9 0.00 M M 4.2 10 140 M M 0 14 210
12 83 66 75 -3 0 10 0.00 M M 5.2 10 150 M M 2 16 200
13 84 68 76 -2 0 11 0.00 M M 7.6 15 120 M M 2 20 100
14 86 71 79 1 0 14 0.00 M M 7.9 14 140 M M 2 19 100
15 86 73 80 2 0 15 0.00 M M 7.7 15 120 M M 4 20 90
16 84 75 80 2 0 15 0.00 M M 6.4 15 340 M M 3 20 320
17 83 72 78 0 0 13 T M M 13.4 23 40 M M 6 31 50
18 85 72 79 1 0 14 0.00 M M 13.7 24 50 M M 4 33 70
19 86 73 80 2 0 15 T M M 15.4 26 100 M M 4 32 110
20 86 75 81 3 0 16 0.00 M M 13.5 24 110 M M 2 29 110
21 87 74 81 3 0 16 T M M 13.9 25 70 M M 3 33 80
22 85 74 80 2 0 15 0.13 M M 14.3 26 70 M M 3 18 34 80
23 85 72 79 1 0 14 0.00 M M 12.2 22 80 M M 2 28 70
24 86 71 79 1 0 14 0.00 M M 11.5 23 100 M M 2 30 100
25 87 75 81 3 0 16 T M M 14.3 24 80 M M 3 34 90
26 87 73 80 2 0 15 T M M 12.6 22 100 M M 1 28 100
27 86 72 79 1 0 14 0.00 M M 12.6 23 100 M M 2 27 90
28 87 72 80 2 0 15 0.00 M M 11.2 22 100 M M 3 32 80
29 85 71 78 -1 0 13 0.07 M M 11.0 23 90 M M 2 18 28 90
30 86 75 81 2 0 16 T M M 12.8 23 100 M M 6 28 100
31 86 74 80 1 0 15 0.08 M M 14.4 23 70 M M 5 1 29 100
================================================================================
SM 2637 2203 0 415 0.29 M 322.5 M 86
================================================================================
AV 85.1 71.1 10.4 FASTST M M 3 MAX(MPH)
MISC ----> # 26 100 # 34 80
================================================================================
NOTES:
# LAST OF SEVERAL OCCURRENCES
COLUMN 17 PEAK WIND IN M.P.H.
PRELIMINARY LOCAL CLIMATOLOGICAL DATA (WS FORM: F-6) , PAGE 2
STATION: HENRY E. ROHLSEN AP/ST CROIX
MONTH: MARCH
YEAR: 2023
LATITUDE: 17 42 N
LONGITUDE: 64 48 W
[TEMPERATURE DATA] [PRECIPITATION DATA] SYMBOLS USED IN COLUMN 16
AVERAGE MONTHLY: 78.1 TOTAL FOR MONTH: 0.29 1 = FOG OR MIST
DPTR FM NORMAL: -0.1 DPTR FM NORMAL: -1.33 2 = FOG REDUCING VISIBILITY
HIGHEST: 87 ON 28,26 GRTST 24HR 0.13 ON 22-22 TO 1/4 MILE OR LESS
LOWEST: 65 ON 11, 8 3 = THUNDER
SNOW, ICE PELLETS, HAIL 4 = ICE PELLETS
TOTAL MONTH: M 5 = HAIL
GRTST 24HR M ON M 6 = FREEZING RAIN OR DRIZZLE
GRTST DEPTH: M ON M 7 = DUSTSTORM OR SANDSTORM:
VSBY 1/2 MILE OR LESS
8 = SMOKE OR HAZE
[NO. OF DAYS WITH] [WEATHER - DAYS WITH] 9 = BLOWING SNOW
X = TORNADO
MAX 32 OR BELOW: 0 0.01 INCH OR MORE: 4
MAX 90 OR ABOVE: 0 0.10 INCH OR MORE: 1
MIN 32 OR BELOW: 0 0.50 INCH OR MORE: 0
MIN 0 OR BELOW: 0 1.00 INCH OR MORE: 0
[HDD (BASE 65) ]
TOTAL THIS MO. 0 CLEAR (SCALE 0-3) 21
DPTR FM NORMAL 0 PTCLDY (SCALE 4-7) 10
TOTAL FM JUL 1 0 CLOUDY (SCALE 8-10) 0
DPTR FM NORMAL 0
[CDD (BASE 65) ]
TOTAL THIS MO. 415
DPTR FM NORMAL 4 [PRESSURE DATA]
TOTAL FM JAN 1 1216 HIGHEST SLP 30.15 ON 21
DPTR FM NORMAL 47 LOWEST SLP 29.89 ON 9
[REMARKS]
#FINAL-03-23#