000
CXUS55 KGLD 010800
CF6ITR
PRELIMINARY LOCAL CLIMATOLOGICAL DATA (WS FORM: F-6)
STATION: BURLINGTON CO
MONTH: JUNE
YEAR: 2022
LATITUDE: 39 15 N
LONGITUDE: 102 17 W
TEMPERATURE IN F: :PCPN: SNOW: WIND :SUNSHINE: SKY :PK WND
================================================================================
1 2 3 4 5 6A 6B 7 8 9 10 11 12 13 14 15 16 17 18
12Z AVG MX 2MIN
DY MAX MIN AVG DEP HDD CDD WTR SNW DPTH SPD SPD DIR MIN PSBL S-S WX SPD DR
================================================================================
1 61 49 55 -11 10 0 0.17 M M 7.8 25 20 M M 9 18 32 20
2 71 44 58 -8 7 0 0.00 M M 9.6 18 190 M M 5 24 170
3 82 43 63 -3 2 0 0.00 M M 14.5 31 160 M M 4 3 40 150
4 89 50 70 3 0 5 0.06 M M 9.7 25 210 M M 0 3 35 210
5 86 57 72 5 0 7 0.11 M M 8.9 21 140 M M 3 1 27 230
6 85 56 71 4 0 6 0.17 M M 9.3 37 340 M M 3 3 50 360
7 84 54 69 1 0 4 0.61 M M 11.0 68 310 M M 2 138 85 310
8 78 56 67 -1 0 2 0.03 M M 7.9 15 180 M M 3 3 20 170
9 90 60 75 7 0 10 0.06 M M 15.3 29 330 M M 1 3 37 320
10 89 60 75 6 0 10 0.00 M M 9.2 17 160 M M 2 128 23 340
11 101 64 83 14 0 18 0.38 M M 11.0 36 280 M M 0 3 44 270
12 101 66 84 15 0 19 0.00 M M 12.1 31 190 M M 0 3 40 170
13 104 68 86 16 0 21 0.00 M M 22.1 40 210 M M 0 59 220
14 89 59 74 4 0 9 0.00 M M 15.9 32 40 M M 1 8 43 330
15 89 54 72 2 0 7 0.00 M M 11.1 20 10 M M 0 29 360
16 96 62 79 9 0 14 0.00 M M 8.6 17 130 M M 0 25 120
17 100 59 80 9 0 15 0.00 M M 18.7 35 170 M M 0 50 180
18 98 69 84 13 0 19 0.00 M M 27.2 40 180 M M 0 56 170
19 97 71 84 13 0 19 0.00 M M 23.7 39 180 M M 1 53 190
20 97 68 83 11 0 18 0.00 M M 22.9 31 190 M M 0 42 210
21 77 58 68 -4 0 3 0.00 M M 10.7 29 30 M M 3 37 30
22 85 52 69 -3 0 4 0.00 M M 12.6 25 190 M M 0 33 200
23 96 63 80 8 0 15 0.00 M M 10.9 22 220 M M 2 33 80
24 96 62 79 6 0 14 0.15 M M 9.6 46 290 M M 1 138 61 280
25 78 58 68 -5 0 3 0.00 M M 13.6 31 10 M M 3 41 10
26 77 53 65 -8 0 0 0.00 M M 10.3 18 160 M M 2 24 160
27 74 52 63 -10 2 0 0.00 M M 16.1 28 190 M M 0 36 200
28 93 51 72 -2 0 7 0.00 M M 13.7 23 160 M M 0 29 150
29 99 63 81 7 0 16 0.00 M M 17.2 26 180 M M 0 39 230
30 96 63 80 6 0 15 0.03 M M 9.9 29 320 M M 2 37 320
================================================================================
SM 2658 1744 21 280 1.77 M 401.1 M 47
================================================================================
AV 88.6 58.1 13.4 FASTST M M 2 MAX(MPH)
MISC ----> 68 310 85 310
================================================================================
NOTES:
# LAST OF SEVERAL OCCURRENCES
COLUMN 17 PEAK WIND IN M.P.H.
PRELIMINARY LOCAL CLIMATOLOGICAL DATA (WS FORM: F-6) , PAGE 2
STATION: BURLINGTON CO
MONTH: JUNE
YEAR: 2022
LATITUDE: 39 15 N
LONGITUDE: 102 17 W
[TEMPERATURE DATA] [PRECIPITATION DATA] SYMBOLS USED IN COLUMN 16
AVERAGE MONTHLY: 73.4 TOTAL FOR MONTH: 1.77 1 = FOG OR MIST
DPTR FM NORMAL: 3.3 DPTR FM NORMAL: -0.99 2 = FOG REDUCING VISIBILITY
HIGHEST: 104 ON 13 GRTST 24HR 0.75 ON 6- 7 TO 1/4 MILE OR LESS
LOWEST: 43 ON 3 3 = THUNDER
SNOW, ICE PELLETS, HAIL 4 = ICE PELLETS
TOTAL MONTH: M 5 = HAIL
GRTST 24HR M ON M 6 = FREEZING RAIN OR DRIZZLE
GRTST DEPTH: M ON M 7 = DUSTSTORM OR SANDSTORM:
VSBY 1/2 MILE OR LESS
8 = SMOKE OR HAZE
[NO. OF DAYS WITH] [WEATHER - DAYS WITH] 9 = BLOWING SNOW
X = TORNADO
MAX 32 OR BELOW: 0 0.01 INCH OR MORE: 10
MAX 90 OR ABOVE: 14 0.10 INCH OR MORE: 6
MIN 32 OR BELOW: 0 0.50 INCH OR MORE: 1
MIN 0 OR BELOW: 0 1.00 INCH OR MORE: 0
[HDD (BASE 65) ]
TOTAL THIS MO. 21 CLEAR (SCALE 0-3) 25
DPTR FM NORMAL -13 PTCLDY (SCALE 4-7) 4
TOTAL FM JUL 1 5417 CLOUDY (SCALE 8-10) 1
DPTR FM NORMAL -441
[CDD (BASE 65) ]
TOTAL THIS MO. 280
DPTR FM NORMAL 92 [PRESSURE DATA]
TOTAL FM JAN 1 348 HIGHEST SLP M ON M
DPTR FM NORMAL 121 LOWEST SLP 29.31 ON 13
[REMARKS]
#FINAL-06-22#