000
CXUS55 KGLD 010800
CF6ITR
PRELIMINARY LOCAL CLIMATOLOGICAL DATA (WS FORM: F-6)
STATION: BURLINGTON CO
MONTH: JANUARY
YEAR: 2022
LATITUDE: 39 15 N
LONGITUDE: 102 17 W
TEMPERATURE IN F: :PCPN: SNOW: WIND :SUNSHINE: SKY :PK WND
================================================================================
1 2 3 4 5 6A 6B 7 8 9 10 11 12 13 14 15 16 17 18
12Z AVG MX 2MIN
DY MAX MIN AVG DEP HDD CDD WTR SNW DPTH SPD SPD DIR MIN PSBL S-S WX SPD DR
================================================================================
1 8 -7 1 -29 64 0 0.04 M M 14.2 23 350 M M 8 8 31 350
2 46 -5 21 -9 44 0 0.00 M M 10.0 16 310 M M 0 20 310
3 55 20 38 8 27 0 0.00 M M 11.4 17 220 M M 0 22 230
4 60 23 42 12 23 0 0.00 M M 17.7 48 300 M M 1 8 62 300
5 40 1 21 -9 44 0 0.03 M M 15.9 28 60 M M 4 8 37 60
6 12 0 6 -24 59 0 0.31 M M 11.6 24 200 M M 5 30 200
7 41 9 25 -5 40 0 0.00 M M 14.5 22 210 M M 1 28 210
8 47 26 37 7 28 0 0.00 M M 10.2 23 30 M M 2 32 20
9 38 9 24 -6 41 0 0.00 M M 10.5 22 210 M M 0 26 210
10 52 16 34 4 31 0 0.00 M M 10.0 15 240 M M 0 8 20 240
11 56 21 39 9 26 0 0.00 M M 10.0 22 360 M M 0 30 10
12 56 26 41 11 24 0 0.00 M M 10.4 16 330 M M 0 24 230
13 63 31 47 17 18 0 0.00 M M 9.2 15 190 M M 0 19 190
14 50 24 37 7 28 0 T M M 21.4 39 350 M M 5 56 350
15 39 23 31 1 34 0 0.00 M M 13.0 30 340 M M 4 44 340
16 57 20 39 9 26 0 0.00 M M 11.6 22 10 M M 0 31 360
17 62 21 42 11 23 0 0.00 M M 10.3 21 250 M M 0 27 350
18 66 27 47 16 18 0 0.00 M M 11.3 21 330 M M 0 29 330
19 32 10 21 -10 44 0 T M M 12.1 26 40 M M 10 34 30
20 34 11 23 -8 42 0 0.00 M M 12.1 20 220 M M 5 26 240
21 47 9 28 -3 37 0 0.01 M M 10.1 21 20 M M 7 1 28 330
22 47 20 34 3 31 0 0.00 M M 11.8 25 230 M M 1 33 240
23 57 24 41 10 24 0 0.00 M M 11.8 20 280 M M 0 25 310
24 51 25 38 7 27 0 0.00 M M 11.0 22 360 M M 1 30 10
25 32 12 22 -9 43 0 0.97 M M 6.3 16 120 M M 10 128 19 120
26 28 9 19 -12 46 0 0.00 M M 13.6 22 220 M M 5 128 25 220
27 32 8 20 -11 45 0 T M M 10.9 17 330 M M 6 8 21 340
28 35 5 20 -11 45 0 0.00 M M 12.9 18 240 M M 0 21 250
29 42 17 30 -1 35 0 0.00 M M 11.8 20 240 M M 0 28 320
30 47 13 30 -1 35 0 0.00 M M 9.1 16 270 M M 0 16 270
31 47 14 31 0 34 0 0.00 M M 11.4 20 360 M M 0 24 20
================================================================================
SM 1379 462 1086 0 1.36 M 368.1 M 75
================================================================================
AV 44.5 14.9 11.9 FASTST M M 2 MAX(MPH)
MISC ----> 48 300 62 300
================================================================================
NOTES:
# LAST OF SEVERAL OCCURRENCES
COLUMN 17 PEAK WIND IN M.P.H.
PRELIMINARY LOCAL CLIMATOLOGICAL DATA (WS FORM: F-6) , PAGE 2
STATION: BURLINGTON CO
MONTH: JANUARY
YEAR: 2022
LATITUDE: 39 15 N
LONGITUDE: 102 17 W
[TEMPERATURE DATA] [PRECIPITATION DATA] SYMBOLS USED IN COLUMN 16
AVERAGE MONTHLY: 29.7 TOTAL FOR MONTH: 1.36 1 = FOG OR MIST
DPTR FM NORMAL: -0.7 DPTR FM NORMAL: 1.17 2 = FOG REDUCING VISIBILITY
HIGHEST: 66 ON 18 GRTST 24HR 0.97 ON 25-25 TO 1/4 MILE OR LESS
LOWEST: -7 ON 1 3 = THUNDER
SNOW, ICE PELLETS, HAIL 4 = ICE PELLETS
TOTAL MONTH: M 5 = HAIL
GRTST 24HR M ON M 6 = FREEZING RAIN OR DRIZZLE
GRTST DEPTH: M ON M 7 = DUSTSTORM OR SANDSTORM:
VSBY 1/2 MILE OR LESS
8 = SMOKE OR HAZE
[NO. OF DAYS WITH] [WEATHER - DAYS WITH] 9 = BLOWING SNOW
X = TORNADO
MAX 32 OR BELOW: 6 0.01 INCH OR MORE: 5
MAX 90 OR ABOVE: 0 0.10 INCH OR MORE: 2
MIN 32 OR BELOW: 31 0.50 INCH OR MORE: 1
MIN 0 OR BELOW: 3 1.00 INCH OR MORE: 0
[HDD (BASE 65) ]
TOTAL THIS MO. 1086 CLEAR (SCALE 0-3) 20
DPTR FM NORMAL 13 PTCLDY (SCALE 4-7) 9
TOTAL FM JUL 1 2882 CLOUDY (SCALE 8-10) 2
DPTR FM NORMAL -565
[CDD (BASE 65) ]
TOTAL THIS MO. 0
DPTR FM NORMAL 0 [PRESSURE DATA]
TOTAL FM JAN 1 0 HIGHEST SLP M ON M
DPTR FM NORMAL 0 LOWEST SLP 29.55 ON 8
[REMARKS]
#FINAL-01-22#