000
CXUS53 KIWX 010910
CF6IWX
PRELIMINARY LOCAL CLIMATOLOGICAL DATA (WS FORM: F-6)
STATION: NORTH WEBSTER WFO
MONTH: NOVEMBER
YEAR: 2021
LATITUDE: 41 21 N
LONGITUDE: 85 42 W
TEMPERATURE IN F: :PCPN: SNOW: WIND :SUNSHINE: SKY :PK WND
================================================================================
1 2 3 4 5 6A 6B 7 8 9 10 11 12 13 14 15 16 17 18
12Z AVG MX 2MIN
DY MAX MIN AVG DEP HDD CDD WTR SNW DPTH SPD SPD DIR MIN PSBL S-S WX SPD DR
================================================================================
1 51 34 43 -4 22 0 0.00 0.0 0 M M M M M M M M
2 47 31 39 -7 26 0 T 0.0 0 M M M M M M M M
3 50 28 39 -7 26 0 T 0.0 0 M M M M M M M M
4 49 28 39 -6 26 0 0.00 0.0 0 M M M M M M M M
5 51 30 41 -4 24 0 0.00 0.0 0 M M M M M M M M
6 56 32 44 0 21 0 0.00 0.0 0 M M M M M M M M
7 65 37 51 7 14 0 0.00 0.0 0 M M M M M M M M
8 66 44 55 11 10 0 0.00 0.0 0 M M M M M M M M
9 58 43 51 8 14 0 0.00 0.0 0 M M M M M M M M
10 56 36 46 3 19 0 T 0.0 0 M M M M M M M M
11 59 40 50 8 15 0 0.18 0.0 0 M M M M M M 18 M M
12 44 31 38 -4 27 0 0.06 0.3 0 M M M M M M M M
13 38 32 35 -6 30 0 0.03 T T M M M M M M M M
14 34 31 33 -8 32 0 0.24 1.8 0 M M M M M M 8 M M
15 33 26 30 -11 35 0 0.03 0.2 T M M M M M M 1 M M
16 46 31 39 -1 26 0 T 0.0 0 M M M M M M M M
17 60 43 52 12 13 0 0.18 0.0 0 M M M M M M 18 M M
18 43 30 37 -2 28 0 0.01 T 0 M M M M M M M M
19 43 30 37 -2 28 0 T T 0 M M M M M M M M
20 46 31 39 0 26 0 T T 0 M M M M M M M M
21 47 31 39 1 26 0 0.33 0.0 0 M M M M M M M M
22 39 25 32 -6 33 0 0.00 0.0 0 M M M M M M M M
23 42 21 32 -5 33 0 0.00 0.0 0 M M M M M M M M
24 50 33 42 5 23 0 0.01 0.0 0 M M M M M M M M
25 M M M M M M 0.27 0.5 1 M M M M M M 1 M M
26 30 25 28 -8 37 0 T T T M M M M M M M M
27 36 24 30 -6 35 0 T T 0 M M M M M M 4 M M
28 40 26 33 -3 32 0 T T 0 M M M M M M M M
29 38 24 31 -4 34 0 T T 0 M M M M M M M M
30 48 26 37 2 28 0 0.00 0.0 0 M M M M M M M M
================================================================================
SM 1365 903 743 0 1.34 2.8 M M M
================================================================================
AV 47.1 31.1 M FASTST M M M MAX(MPH)
MISC ----> M M M M
================================================================================
NOTES:
# LAST OF SEVERAL OCCURRENCES
COLUMN 17 PEAK WIND IN M.P.H.
PRELIMINARY LOCAL CLIMATOLOGICAL DATA (WS FORM: F-6) , PAGE 2
STATION: NORTH WEBSTER WFO
MONTH: NOVEMBER
YEAR: 2021
LATITUDE: 41 21 N
LONGITUDE: 85 42 W
[TEMPERATURE DATA] [PRECIPITATION DATA] SYMBOLS USED IN COLUMN 16
AVERAGE MONTHLY: 39.1 TOTAL FOR MONTH: 1.34 1 = FOG OR MIST
DPTR FM NORMAL: -1.4 DPTR FM NORMAL: -1.77 2 = FOG REDUCING VISIBILITY
HIGHEST: 66 ON 8 GRTST 24HR 0.33 ON 21-21 TO 1/4 MILE OR LESS
LOWEST: 21 ON 23 3 = THUNDER
SNOW, ICE PELLETS, HAIL 4 = ICE PELLETS
TOTAL MONTH: 2.8 INCHES 5 = HAIL
GRTST 24HR 1.8 ON 14-14 6 = FREEZING RAIN OR DRIZZLE
GRTST DEPTH: 1 ON 25 7 = DUSTSTORM OR SANDSTORM:
VSBY 1/2 MILE OR LESS
8 = SMOKE OR HAZE
[NO. OF DAYS WITH] [WEATHER - DAYS WITH] 9 = BLOWING SNOW
X = TORNADO
MAX 32 OR BELOW: 1 0.01 INCH OR MORE: 10
MAX 90 OR ABOVE: 0 0.10 INCH OR MORE: 5
MIN 32 OR BELOW: 21 0.50 INCH OR MORE: 0
MIN 0 OR BELOW: 0 1.00 INCH OR MORE: 0
[HDD (BASE 65) ]
TOTAL THIS MO. 743 CLEAR (SCALE 0-3) 0
DPTR FM NORMAL 8 PTCLDY (SCALE 4-7) 0
TOTAL FM JUL 1 1032 CLOUDY (SCALE 8-10) 30
DPTR FM NORMAL -201
[CDD (BASE 65) ]
TOTAL THIS MO. 0
DPTR FM NORMAL 0 [PRESSURE DATA]
TOTAL FM JAN 1 927 HIGHEST SLP M ON M
DPTR FM NORMAL 183 LOWEST SLP M ON M
[REMARKS]
#FINAL-11-21#