000
CXUS52 KJAX 022134
CF6JAX
PRELIMINARY LOCAL CLIMATOLOGICAL DATA (WS FORM: F-6)
STATION: JACKSONVILLE
MONTH: AUGUST
YEAR: 2022
LATITUDE: 30 30 N
LONGITUDE: 81 42 W
TEMPERATURE IN F: :PCPN: SNOW: WIND :SUNSHINE: SKY :PK WND
================================================================================
1 2 3 4 5 6A 6B 7 8 9 10 11 12 13 14 15 16 17 18
12Z AVG MX 2MIN
DY MAX MIN AVG DEP HDD CDD WTR SNW DPTH SPD SPD DIR MIN PSBL S-S WX SPD DR
================================================================================
1 95 74 85 2 0 20 T 0.0 0 6.2 16 130 M M 5 3 20 140
2 96 73 85 2 0 20 0.14 0.0 0 5.8 15 180 M M 5 13 20 270
3 93 72 83 0 0 18 1.03 0.0 0 3.5 28 60 M M 8 13 36 60
4 91 71 81 -2 0 16 0.00 0.0 0 7.0 17 110 M M 4 22 120
5 91 73 82 -1 0 17 0.00 0.0 0 5.3 15 110 M M 6 21 100
6 91 75 83 0 0 18 T 0.0 0 6.9 16 120 M M 5 23 80
7 91 73 82 -1 0 17 T 0.0 0 5.2 16 290 M M 7 3 20 300
8 90 72 81 -2 0 16 T 0.0 0 3.6 14 90 M M 6 3 20 100
9 92 71 82 -1 0 17 0.26 0.0 0 4.4 25 120 M M 6 13 31 110
10 92 74 83 0 0 18 0.00 0.0 0 5.0 15 110 M M 9 3 19 120
11 90 72 81 -2 0 16 0.37 0.0 0 4.3 25 250 M M 10 13 40 230
12 93 74 84 2 0 19 0.01 0.0 0 4.8 17 270 M M 9 23 270
13 84 72 78 -4 0 13 0.44 0.0 0 5.2 17 80 M M 7 13 23 80
14 86 68 77 -5 0 12 0.00 0.0 0 5.2 15 60 M M 2 1 23 70
15 91 64 78 -4 0 13 0.00 0.0 0 2.9 10 140 M M 4 13 140
16 95 72 84 2 0 19 T 0.0 0 7.7 17 10 M M 6 3 23 360
17 93 71 82 0 0 17 1.65 0.0 0 3.6 25 20 M M 7 13 39 330
18 90 70 80 -2 0 15 1.30 0.0 0 3.8 18 140 M M 7 13 23 140
19 91 70 81 -1 0 16 0.04 0.0 0 3.5 16 110 M M 7 13 21 330
20 94 72 83 1 0 18 T 0.0 0 4.1 14 270 M M 8 3 19 270
21 92 73 83 1 0 18 0.07 0.0 0 4.2 23 170 M M 8 3 36 170
22 91 73 82 0 0 17 1.30 0.0 0 3.9 25 190 M M 8 13 31 190
23 90 73 82 0 0 17 0.00 0.0 0 3.6 16 210 M M 8 3 19 190
24 91 72 82 0 0 17 T 0.0 0 4.0 13 80 M M 8 16 70
25 88 74 81 -1 0 16 0.02 0.0 0 4.6 20 60 M M 8 123 23 60
26 90 73 82 0 0 17 1.54 0.0 0 4.7 23 70 M M 8 123 32 80
27 88 73 81 0 0 16 1.23 0.0 0 3.2 13 260 M M 8 13 20 270
28 89 74 82 1 0 17 T 0.0 0 4.8 16 70 M M 7 3 20 70
29 87 75 81 0 0 16 0.00 0.0 0 5.0 13 100 M M 8 3 16 100
30 92 74 83 2 0 18 0.25 0.0 0 4.6 14 110 M M 8 13 18 290
31 91 72 82 1 0 17 0.75 0.0 0 5.0 15 310 M M 8 13 22 310
================================================================================
SM 2818 2239 0 521 10.40 0.0 145.6 M 215
================================================================================
AV 90.9 72.2 4.7 FASTST M M 7 MAX(MPH)
MISC ----> 28 60 40 230
================================================================================
NOTES:
# LAST OF SEVERAL OCCURRENCES
COLUMN 17 PEAK WIND IN M.P.H.
PRELIMINARY LOCAL CLIMATOLOGICAL DATA (WS FORM: F-6) , PAGE 2
STATION: JACKSONVILLE
MONTH: AUGUST
YEAR: 2022
LATITUDE: 30 30 N
LONGITUDE: 81 42 W
[TEMPERATURE DATA] [PRECIPITATION DATA] SYMBOLS USED IN COLUMN 16
AVERAGE MONTHLY: 81.6 TOTAL FOR MONTH: 10.40 1 = FOG OR MIST
DPTR FM NORMAL: -0.5 DPTR FM NORMAL: 3.52 2 = FOG REDUCING VISIBILITY
HIGHEST: 96 ON 2 GRTST 24HR 2.70 ON 17-18 TO 1/4 MILE OR LESS
LOWEST: 64 ON 15 3 = THUNDER
SNOW, ICE PELLETS, HAIL 4 = ICE PELLETS
TOTAL MONTH: 0.0 INCH 5 = HAIL
GRTST 24HR 0.0 6 = FREEZING RAIN OR DRIZZLE
GRTST DEPTH: 0 7 = DUSTSTORM OR SANDSTORM:
VSBY 1/2 MILE OR LESS
8 = SMOKE OR HAZE
[NO. OF DAYS WITH] [WEATHER - DAYS WITH] 9 = BLOWING SNOW
X = TORNADO
MAX 32 OR BELOW: 0 0.01 INCH OR MORE: 16
MAX 90 OR ABOVE: 25 0.10 INCH OR MORE: 12
MIN 32 OR BELOW: 0 0.50 INCH OR MORE: 7
MIN 0 OR BELOW: 0 1.00 INCH OR MORE: 6
[HDD (BASE 65) ]
TOTAL THIS MO. 0 CLEAR (SCALE 0-3) 1
DPTR FM NORMAL 0 PTCLDY (SCALE 4-7) 26
TOTAL FM JUL 1 0 CLOUDY (SCALE 8-10) 4
DPTR FM NORMAL 0
[CDD (BASE 65) ]
TOTAL THIS MO. 521
DPTR FM NORMAL -9 [PRESSURE DATA]
TOTAL FM JAN 1 2162 HIGHEST SLP 30.21 ON 6
DPTR FM NORMAL 79 LOWEST SLP 29.83 ON 16
[REMARKS]
#FINAL-08-22#