000
CXUS52 KJAX 061606
CF6JAX
PRELIMINARY LOCAL CLIMATOLOGICAL DATA (WS FORM: F-6)
STATION: JACKSONVILLE
MONTH: JANUARY
YEAR: 2024
LATITUDE: 30 30 N
LONGITUDE: 81 42 W
TEMPERATURE IN F: :PCPN: SNOW: WIND :SUNSHINE: SKY :PK WND
================================================================================
1 2 3 4 5 6A 6B 7 8 9 10 11 12 13 14 15 16 17 18
12Z AVG MX 2MIN
DY MAX MIN AVG DEP HDD CDD WTR SNW DPTH SPD SPD DIR MIN PSBL S-S WX SPD DR
================================================================================
1 71 39 55 1 10 0 0.00 0.0 0 6.5 22 250 M M 4 1 30 250
2 57 36 47 -7 18 0 0.00 0.0 0 5.5 13 340 M M 2 17 330
3 65 32 49 -5 16 0 0.22 0.0 0 3.8 16 350 M M 6 1 22 350
4 63 40 52 -2 13 0 0.05 0.0 0 6.0 14 350 M M 4 1 21 320
5 66 39 53 -1 12 0 0.00 0.0 0 6.3 20 50 M M 2 1 24 40
6 78 57 68 14 0 3 0.76 0.0 0 12.2 22 190 M M 7 1 35 170
7 57 42 50 -4 15 0 0.00 0.0 0 7.3 16 270 M M 7 21 310
8 67 39 53 -1 12 0 0.01 0.0 0 6.3 17 130 M M 9 3 28 120
9 73 56 65 11 0 0 1.45 0.0 0 15.8 30 270 M M 9 13 45 190
10 58 42 50 -4 15 0 0.00 0.0 0 8.8 26 250 M M 4 43 250
11 58 37 48 -6 17 0 0.00 0.0 0 1.8 7 140 M M 8 10 260
12 75 45 60 6 5 0 0.08 0.0 0 6.5 16 230 M M 9 1 26 190
13 74 41 58 4 7 0 0.00 0.0 0 9.5 23 230 M M 8 31 300
14 59 40 50 -4 15 0 0.00 0.0 0 2.3 8 100 M M 6 11 20
15 70 39 55 1 10 0 T 0.0 0 1.8 8 70 M M 5 1 11 120
16 63 42 53 -1 12 0 1.30 0.0 0 6.1 20 320 M M 9 123 29 320
17 50 30 40 -14 25 0 0.00 0.0 0 6.2 15 310 M M 7 26 310
18 63 34 49 -5 16 0 T 0.0 0 4.3 10 290 M M 7 12 15 290
19 68 46 57 3 8 0 0.00 0.0 0 7.9 18 300 M M 8 12 26 290
20 52 33 43 -11 22 0 0.00 0.0 0 7.9 16 290 M M 1 25 330
21 44 28 36 -18 29 0 0.00 0.0 0 9.5 20 60 M M 5 31 30
22 67 34 51 -3 14 0 0.00 0.0 0 6.1 17 70 M M 7 24 60
23 69 54 62 8 3 0 0.01 0.0 0 6.0 16 60 M M 10 1 20 50
24 79 57 68 14 0 3 0.00 0.0 0 7.2 18 130 M M 7 1 25 130
25 82 60 71 17 0 6 0.00 0.0 0 6.1 20 170 M M 6 1 26 170
26 78 64 71 17 0 6 0.08 0.0 0 5.4 18 130 M M 9 1 22 120
27 84 60 72 17 0 7 0.00 0.0 0 5.9 20 180 M M 8 12 25 180
28 71 54 63 8 2 0 0.06 0.0 0 13.7 25 270 M M 6 1 35 270
29 63 41 52 -3 13 0 0.00 0.0 0 8.7 21 280 M M 2 30 310
30 67 37 52 -3 13 0 0.00 0.0 0 3.9 14 250 M M 2 21 240
31 67 44 56 1 9 0 0.00 0.0 0 9.5 23 280 M M 1 34 290
================================================================================
SM 2058 1342 331 25 4.02 0.0 214.8 M 185
================================================================================
AV 66.4 43.3 6.9 FASTST M M 6 MAX(MPH)
MISC ----> 30 270 45 190
================================================================================
NOTES:
# LAST OF SEVERAL OCCURRENCES
COLUMN 17 PEAK WIND IN M.P.H.
PRELIMINARY LOCAL CLIMATOLOGICAL DATA (WS FORM: F-6) , PAGE 2
STATION: JACKSONVILLE
MONTH: JANUARY
YEAR: 2024
LATITUDE: 30 30 N
LONGITUDE: 81 42 W
[TEMPERATURE DATA] [PRECIPITATION DATA] SYMBOLS USED IN COLUMN 16
AVERAGE MONTHLY: 54.8 TOTAL FOR MONTH: 4.02 1 = FOG OR MIST
DPTR FM NORMAL: 0.6 DPTR FM NORMAL: 0.74 2 = FOG REDUCING VISIBILITY
HIGHEST: 84 ON 27 GRTST 24HR 1.45 ON 9- 9 TO 1/4 MILE OR LESS
LOWEST: 28 ON 21 3 = THUNDER
SNOW, ICE PELLETS, HAIL 4 = ICE PELLETS
TOTAL MONTH: 0.0 INCH 5 = HAIL
GRTST 24HR 0.0 6 = FREEZING RAIN OR DRIZZLE
GRTST DEPTH: 0 7 = DUSTSTORM OR SANDSTORM:
VSBY 1/2 MILE OR LESS
8 = SMOKE OR HAZE
[NO. OF DAYS WITH] [WEATHER - DAYS WITH] 9 = BLOWING SNOW
X = TORNADO
MAX 32 OR BELOW: 0 0.01 INCH OR MORE: 10
MAX 90 OR ABOVE: 0 0.10 INCH OR MORE: 4
MIN 32 OR BELOW: 3 0.50 INCH OR MORE: 3
MIN 0 OR BELOW: 0 1.00 INCH OR MORE: 2
[HDD (BASE 65) ]
TOTAL THIS MO. 331 CLEAR (SCALE 0-3) 6
DPTR FM NORMAL -19 PTCLDY (SCALE 4-7) 19
TOTAL FM JUL 1 736 CLOUDY (SCALE 8-10) 6
DPTR FM NORMAL -70
[CDD (BASE 65) ]
TOTAL THIS MO. 25
DPTR FM NORMAL 10 [PRESSURE DATA]
TOTAL FM JAN 1 25 HIGHEST SLP 30.58 ON 21
DPTR FM NORMAL 10 LOWEST SLP 29.54 ON 9
[REMARKS]
#FINAL-01-24#