000
CXUS55 KBOI 011002
CF6JER
PRELIMINARY LOCAL CLIMATOLOGICAL DATA (WS FORM: F-6)
STATION: JEROME ID
MONTH: MARCH
YEAR: 2021
LATITUDE: 42 43 N
LONGITUDE: 114 27 W
TEMPERATURE IN F: :PCPN: SNOW: WIND :SUNSHINE: SKY :PK WND
================================================================================
1 2 3 4 5 6A 6B 7 8 9 10 11 12 13 14 15 16 17 18
12Z AVG MX 2MIN
DY MAX MIN AVG DEP HDD CDD WTR SNW DPTH SPD SPD DIR MIN PSBL S-S WX SPD DR
================================================================================
1 48 22 35 0 30 0 0.00 M M 17.2 24 80 M M 0 31 70
2 54 26 40 4 25 0 0.00 M M 15.3 22 70 M M 0 28 70
3 57 29 43 7 22 0 0.00 M M 18.8 25 70 M M 0 33 70
4 57 30 44 8 21 0 0.00 M M 8.5 21 90 M M 0 28 80
5 65 31 48 11 17 0 0.00 M M 15.9 26 70 M M 0 36 70
6 59 34 47 10 18 0 T M M 17.3 44 260 M M 2 8 59 250
7 56 28 42 4 23 0 0.00 M M 9.1 20 60 M M 0 25 70
8 51 30 41 3 24 0 0.01 M M 9.5 29 280 M M 4 36 270
9 47 28 38 0 27 0 0.00 M M 5.1 10 320 M M 1 15 330
10 50 24 37 -2 28 0 0.00 M M 7.5 17 90 M M 0 24 90
11 52 29 41 2 24 0 0.00 M M 14.0 22 90 M M 0 29 70
12 51 22 37 -2 28 0 0.00 M M 6.8 14 70 M M 0 18 310
13 54 23 39 -1 26 0 0.00 M M 7.9 20 270 M M 0 27 270
14 61 28 45 5 20 0 0.00 M M 6.2 15 300 M M 0 8 22 290
15 64 37 51 11 14 0 0.00 M M 10.6 22 70 M M 3 8 31 80
16 53 30 42 1 23 0 0.00 M M 12.0 20 280 M M 3 8 34 270
17 59 29 44 3 21 0 0.00 M M 6.7 15 130 M M 2 20 150
18 68 34 51 10 14 0 0.00 M M 10.6 20 60 M M 2 28 190
19 62 43 53 12 12 0 0.33 M M 8.9 25 300 M M 7 1 41 300
20 50 33 42 0 23 0 0.27 M M 15.5 33 280 M M 4 1 44 310
21 47 28 38 -4 27 0 0.00 M M 11.1 20 260 M M 2 29 280
22 46 32 39 -3 26 0 0.02 M M 15.3 28 280 M M 5 128 36 270
23 47 29 38 -4 27 0 T M M 8.3 20 260 M M 7 12 27 250
24 46 27 37 -6 28 0 0.00 M M 9.1 21 270 M M 4 27 280
25 44 32 38 -5 27 0 0.11 M M 11.5 21 270 M M 7 12 26 270
26 52 30 41 -2 24 0 0.00 M M 12.7 31 270 M M 3 39 270
27 58 31 45 2 20 0 0.00 M M 7.7 18 260 M M 0 26 250
28 72 38 55 12 10 0 0.00 M M 13.7 29 250 M M 0 40 220
29 57 28 43 -1 22 0 0.00 M M 28.2 40 290 M M 4 63 290
30 45 22 34 -10 31 0 0.00 M M 13.7 29 270 M M 0 40 280
31 56 22 39 -5 26 0 0.00 M M 6.6 16 80 M M 0 21 80
================================================================================
SM 1688 909 708 0 0.74 M 361.3 M 60
================================================================================
AV 54.5 29.3 11.7 FASTST M M 2 MAX(MPH)
MISC ----> 44 260 63 290
================================================================================
NOTES:
# LAST OF SEVERAL OCCURRENCES
COLUMN 17 PEAK WIND IN M.P.H.
PRELIMINARY LOCAL CLIMATOLOGICAL DATA (WS FORM: F-6) , PAGE 2
STATION: JEROME ID
MONTH: MARCH
YEAR: 2021
LATITUDE: 42 43 N
LONGITUDE: 114 27 W
[TEMPERATURE DATA] [PRECIPITATION DATA] SYMBOLS USED IN COLUMN 16
AVERAGE MONTHLY: 41.9 TOTAL FOR MONTH: 0.74 1 = FOG OR MIST
DPTR FM NORMAL: 1.7 DPTR FM NORMAL: -0.34 2 = FOG REDUCING VISIBILITY
HIGHEST: 72 ON 28 GRTST 24HR 0.33 ON 19-19 TO 1/4 MILE OR LESS
LOWEST: 22 ON 31,30 3 = THUNDER
SNOW, ICE PELLETS, HAIL 4 = ICE PELLETS
TOTAL MONTH: M 5 = HAIL
GRTST 24HR M ON M 6 = FREEZING RAIN OR DRIZZLE
GRTST DEPTH: M ON M 7 = DUSTSTORM OR SANDSTORM:
VSBY 1/2 MILE OR LESS
8 = SMOKE OR HAZE
[NO. OF DAYS WITH] [WEATHER - DAYS WITH] 9 = BLOWING SNOW
X = TORNADO
MAX 32 OR BELOW: 0 0.01 INCH OR MORE: 5
MAX 90 OR ABOVE: 0 0.10 INCH OR MORE: 3
MIN 32 OR BELOW: 25 0.50 INCH OR MORE: 0
MIN 0 OR BELOW: 0 1.00 INCH OR MORE: 0
[HDD (BASE 65) ]
TOTAL THIS MO. 708 CLEAR (SCALE 0-3) 21
DPTR FM NORMAL -61 PTCLDY (SCALE 4-7) 10
TOTAL FM JUL 1 4883 CLOUDY (SCALE 8-10) 0
DPTR FM NORMAL -772
[CDD (BASE 65) ]
TOTAL THIS MO. 0
DPTR FM NORMAL 0 [PRESSURE DATA]
TOTAL FM JAN 1 0 HIGHEST SLP 30.56 ON 31
DPTR FM NORMAL 0 LOWEST SLP 29.59 ON 15
[REMARKS]
#FINAL-03-21#