000
CXUS51 KOKX 010702
CF6JFK
PRELIMINARY LOCAL CLIMATOLOGICAL DATA (WS FORM: F-6)
STATION: KENNEDY NY
MONTH: SEPTEMBER
YEAR: 2020
LATITUDE: 40 39 N
LONGITUDE: 73 47 W
TEMPERATURE IN F: :PCPN: SNOW: WIND :SUNSHINE: SKY :PK WND
================================================================================
1 2 3 4 5 6A 6B 7 8 9 10 11 12 13 14 15 16 17 18
12Z AVG MX 2MIN
DY MAX MIN AVG DEP HDD CDD WTR SNW DPTH SPD SPD DIR MIN PSBL S-S WX SPD DR
================================================================================
1 79 67 73 1 0 8 0.20 0.0 0 11.2 17 90 M M 8 1 24 100
2 80 70 75 3 0 10 0.07 0.0 0 9.9 17 180 M M 9 1 21 180
3 86 73 80 8 0 15 0.51 0.0 0 9.8 21 180 M M 8 13 26 350
4 88 69 79 7 0 14 0.00 0.0 0 8.3 16 310 M M 3 23 320
5 78 64 71 -1 0 6 0.00 0.0 0 10.4 20 210 M M 3 25 210
6 80 63 72 1 0 7 0.00 0.0 0 10.4 22 180 M M 3 27 180
7 79 63 71 0 0 6 0.00 0.0 0 7.0 16 160 M M 6 20 160
8 79 63 71 0 0 6 0.00 0.0 0 5.3 9 160 M M 5 1 M M
9 79 67 73 3 0 8 0.00 0.0 0 6.1 10 140 M M 8 M M
10 81 73 77 7 0 12 1.36 0.0 0 6.4 9 180 M M 9 1 M M
11 76 65 71 1 0 6 0.00 0.0 0 9.4 17 30 M M 7 21 30
12 71 59 65 -5 0 0 0.00 0.0 0 11.1 17 130 M M 5 24 110
13 75 60 68 -1 0 3 0.00 0.0 0 10.4 15 170 M M 8 23 150
14 76 59 68 -1 0 3 0.00 0.0 0 13.5 22 10 M M 8 31 350
15 70 53 62 -6 3 0 0.00 0.0 0 8.0 21 360 M M 9 8 26 10
16 72 55 64 -4 1 0 0.00 0.0 0 9.9 17 210 M M 10 22 200
17 74 64 69 1 0 4 0.00 0.0 0 6.8 13 230 M M 10 16 220
18 72 55 64 -3 1 0 0.04 0.0 0 15.5 28 10 M M 7 1 35 10
19 66 49 58 -9 7 0 0.00 0.0 0 13.1 24 20 M M 1 32 360
20 65 49 57 -10 8 0 0.00 0.0 0 11.5 28 30 M M 4 32 40
21 67 46 57 -9 8 0 0.00 0.0 0 9.2 21 40 M M 3 25 70
22 74 47 61 -5 4 0 0.00 0.0 0 13.4 23 330 M M 5 30 340
23 82 56 69 3 0 4 0.00 0.0 0 10.5 22 310 M M 3 26 300
24 76 56 66 1 0 1 0.00 0.0 0 5.7 13 240 M M 7 14 240
25 75 58 67 2 0 2 0.00 0.0 0 5.8 12 170 M M 7 18 19 140
26 76 62 69 5 0 4 T 0.0 0 6.8 16 100 M M 8 20 100
27 79 66 73 9 0 8 0.06 0.0 0 6.1 15 160 M M 9 1 19 160
28 77 68 73 9 0 8 0.04 0.0 0 14.2 21 170 M M 6 1 25 170
29 72 67 70 7 0 5 0.13 0.0 0 12.2 24 170 M M 8 1 36 160
30 72 61 67 4 0 2 0.45 0.0 0 17.9 38 180 M M 6 1 48 190
================================================================================
SM 2276 1827 32 142 2.86 0.0 295.8 M 193
================================================================================
AV 75.9 60.9 9.9 FASTST M M 6 MAX(MPH)
MISC ----> # 38 180 # 48 190
================================================================================
NOTES:
# LAST OF SEVERAL OCCURRENCES
COLUMN 17 PEAK WIND IN M.P.H.
PRELIMINARY LOCAL CLIMATOLOGICAL DATA (WS FORM: F-6) , PAGE 2
STATION: KENNEDY NY
MONTH: SEPTEMBER
YEAR: 2020
LATITUDE: 40 39 N
LONGITUDE: 73 47 W
[TEMPERATURE DATA] [PRECIPITATION DATA] SYMBOLS USED IN COLUMN 16
AVERAGE MONTHLY: 68.4 TOTAL FOR MONTH: 2.86 1 = FOG OR MIST
DPTR FM NORMAL: 0.3 DPTR FM NORMAL: -0.64 2 = FOG REDUCING VISIBILITY
HIGHEST: 88 ON 4 GRTST 24HR 1.36 ON 10-10 TO 1/4 MILE OR LESS
LOWEST: 46 ON 21 3 = THUNDER
SNOW, ICE PELLETS, HAIL 4 = ICE PELLETS
TOTAL MONTH: 0.0 INCH 5 = HAIL
GRTST 24HR 0.0 6 = FREEZING RAIN OR DRIZZLE
GRTST DEPTH: 0 7 = DUSTSTORM OR SANDSTORM:
VSBY 1/2 MILE OR LESS
8 = SMOKE OR HAZE
[NO. OF DAYS WITH] [WEATHER - DAYS WITH] 9 = BLOWING SNOW
X = TORNADO
MAX 32 OR BELOW: 0 0.01 INCH OR MORE: 9
MAX 90 OR ABOVE: 0 0.10 INCH OR MORE: 5
MIN 32 OR BELOW: 0 0.50 INCH OR MORE: 2
MIN 0 OR BELOW: 0 1.00 INCH OR MORE: 1
[HDD (BASE 65) ]
TOTAL THIS MO. 32 CLEAR (SCALE 0-3) 5
DPTR FM NORMAL -6 PTCLDY (SCALE 4-7) 16
TOTAL FM JUL 1 32 CLOUDY (SCALE 8-10) 9
DPTR FM NORMAL -7
[CDD (BASE 65) ]
TOTAL THIS MO. 142
DPTR FM NORMAL 12 [PRESSURE DATA]
TOTAL FM JAN 1 1168 HIGHEST SLP 30.07 ON 1
DPTR FM NORMAL 177 LOWEST SLP 29.58 ON 29
[REMARKS]
#FINAL-09-20#