000
CXUS53 KBIS 010830
CF6JMS
PRELIMINARY LOCAL CLIMATOLOGICAL DATA (WS FORM: F-6)
STATION: JAMESTOWN ND
MONTH: SEPTEMBER
YEAR: 2022
LATITUDE: 46 55 N
LONGITUDE: 98 40 W
TEMPERATURE IN F: :PCPN: SNOW: WIND :SUNSHINE: SKY :PK WND
================================================================================
1 2 3 4 5 6A 6B 7 8 9 10 11 12 13 14 15 16 17 18
12Z AVG MX 2MIN
DY MAX MIN AVG DEP HDD CDD WTR SNW DPTH SPD SPD DIR MIN PSBL S-S WX SPD DR
================================================================================
1 90 55 73 9 0 8 0.00 M M 7.5 18 170 M M 0 24 170
2 76 50 63 -1 2 0 0.00 M M 11.1 22 330 M M 0 30 350
3 77 42 60 -3 5 0 0.00 M M 4.8 13 140 M M 0 12 18 130
4 80 44 62 -1 3 0 0.00 M M 11.5 23 140 M M 0 30 150
5 84 59 72 9 0 7 0.00 M M 13.8 23 180 M M 0 31 170
6 85 53 69 7 0 4 0.00 M M 7.1 15 10 M M 0 1 21 20
7 88 47 68 6 0 3 0.00 M M 10.0 23 170 M M 0 128 30 140
8 83 58 71 9 0 6 T M M 12.2 26 330 M M 2 18 38 330
9 66 44 55 -6 10 0 0.00 M M 7.7 17 320 M M 1 24 340
10 72 42 57 -4 8 0 0.00 M M 7.0 24 310 M M 1 32 320
11 79 37 58 -2 7 0 0.00 M M 4.5 16 270 M M 0 20 240
12 84 43 64 4 1 0 0.00 M M 5.8 16 200 M M 0 23 170
13 72 48 60 0 5 0 0.00 M M 9.0 17 50 M M 0 23 40
14 78 49 64 5 1 0 0.00 M M 13.2 25 120 M M 0 37 100
15 70 55 63 4 2 0 0.02 M M 9.4 18 20 M M 6 1 25 350
16 60 53 57 -1 8 0 0.00 M M 7.2 14 300 M M 10 1 18 300
17 65 49 57 -1 8 0 0.07 M M 4.7 12 320 M M 8 1 15 320
18 80 44 62 4 3 0 0.00 M M 5.9 15 300 M M 0 1 23 310
19 87 52 70 13 0 5 0.37 M M 10.4 26 180 M M 2 13 37 180
20 72 53 63 6 2 0 0.00 M M 11.2 24 320 M M 4 1 31 320
21 64 42 53 -3 12 0 0.00 M M 14.7 28 320 M M 2 39 320
22 65 34 50 -6 15 0 T M M 7.9 18 180 M M 4 12 26 140
23 63 49 56 1 9 0 0.14 M M 8.5 18 180 M M 7 1 25 180
24 71 50 61 6 4 0 T M M 14.5 29 320 M M 4 40 290
25 68 48 58 4 7 0 0.00 M M 14.3 35 320 M M 0 44 350
26 72 43 58 4 7 0 0.00 M M 3.9 12 340 M M 1 16 340
27 63 37 50 -4 15 0 0.00 M M 7.2 13 60 M M 1 19 60
28 72 32 52 -1 13 0 0.00 M M 13.7 26 170 M M 0 36 190
29 76 54 65 12 0 0 0.00 M M 14.1 22 180 M M 0 32 140
30 67 46 57 5 8 0 0.08 M M 7.2 16 120 M M 3 22 110
================================================================================
SM 2229 1412 155 33 0.68 M 280.0 M 56
================================================================================
AV 74.3 47.1 9.3 FASTST M M 2 MAX(MPH)
MISC ----> 35 320 44 350
================================================================================
NOTES:
# LAST OF SEVERAL OCCURRENCES
COLUMN 17 PEAK WIND IN M.P.H.
PRELIMINARY LOCAL CLIMATOLOGICAL DATA (WS FORM: F-6) , PAGE 2
STATION: JAMESTOWN ND
MONTH: SEPTEMBER
YEAR: 2022
LATITUDE: 46 55 N
LONGITUDE: 98 40 W
[TEMPERATURE DATA] [PRECIPITATION DATA] SYMBOLS USED IN COLUMN 16
AVERAGE MONTHLY: 60.7 TOTAL FOR MONTH: 0.68 1 = FOG OR MIST
DPTR FM NORMAL: 2.3 DPTR FM NORMAL: -1.38 2 = FOG REDUCING VISIBILITY
HIGHEST: 90 ON 1 GRTST 24HR 0.37 ON 19-19 TO 1/4 MILE OR LESS
LOWEST: 32 ON 28 3 = THUNDER
SNOW, ICE PELLETS, HAIL 4 = ICE PELLETS
TOTAL MONTH: M 5 = HAIL
GRTST 24HR M ON M 6 = FREEZING RAIN OR DRIZZLE
GRTST DEPTH: M ON M 7 = DUSTSTORM OR SANDSTORM:
VSBY 1/2 MILE OR LESS
8 = SMOKE OR HAZE
[NO. OF DAYS WITH] [WEATHER - DAYS WITH] 9 = BLOWING SNOW
X = TORNADO
MAX 32 OR BELOW: 0 0.01 INCH OR MORE: 5
MAX 90 OR ABOVE: 1 0.10 INCH OR MORE: 2
MIN 32 OR BELOW: 1 0.50 INCH OR MORE: 0
MIN 0 OR BELOW: 0 1.00 INCH OR MORE: 0
[HDD (BASE 65) ]
TOTAL THIS MO. 155 CLEAR (SCALE 0-3) 23
DPTR FM NORMAL -76 PTCLDY (SCALE 4-7) 6
TOTAL FM JUL 1 168 CLOUDY (SCALE 8-10) 1
DPTR FM NORMAL -128
[CDD (BASE 65) ]
TOTAL THIS MO. 33
DPTR FM NORMAL 0 [PRESSURE DATA]
TOTAL FM JAN 1 566 HIGHEST SLP 30.42 ON 28
DPTR FM NORMAL 147 LOWEST SLP 29.55 ON 8
[REMARKS]
#FINAL-09-22#