000
CXHW50 PHFO 011250
CF6JRF
PRELIMINARY LOCAL CLIMATOLOGICAL DATA (WS FORM: F-6)
STATION: KALAELOA ARPT/OAHU HI
MONTH: MAY
YEAR: 2023
LATITUDE: 21 19 N
LONGITUDE: 158 4 W
TEMPERATURE IN F: :PCPN: SNOW: WIND :SUNSHINE: SKY :PK WND
================================================================================
1 2 3 4 5 6A 6B 7 8 9 10 11 12 13 14 15 16 17 18
12Z AVG MX 2MIN
DY MAX MIN AVG DEP HDD CDD WTR SNW DPTH SPD SPD DIR MIN PSBL S-S WX SPD DR
================================================================================
1 84 68 76 0 0 11 0.00 M M 6.6 16 110 M M 4 21 80
2 79 68 74 -2 0 9 T M M 4.6 14 170 M M 3 17 150
3 86 67 77 1 0 12 0.00 M M 7.3 17 110 M M 2 22 100
4 86 73 80 4 0 15 0.00 M M 9.6 17 70 M M 3 27 50
5 86 73 80 4 0 15 0.00 M M 9.3 17 60 M M 2 28 40
6 87 72 80 4 0 15 0.00 M M 8.8 18 30 M M 2 30 40
7 85 68 77 1 0 12 0.00 M M 8.1 17 70 M M 2 26 80
8 86 71 79 3 0 14 0.00 M M 8.1 20 10 M M 2 28 20
9 86 71 79 3 0 14 0.00 M M 8.1 17 10 M M 1 26 20
10 84 69 77 1 0 12 T M M 6.6 17 90 M M 5 25 90
11 80 68 74 -2 0 9 T M M 4.8 12 240 M M 7 1 15 360
12 83 63 73 -4 0 8 0.00 M M 5.4 12 90 M M 4 15 80
13 84 68 76 -1 0 11 0.00 M M 5.7 14 350 M M 7 20 360
14 85 67 76 -1 0 11 0.04 M M 8.0 15 340 M M 5 1 22 340
15 84 68 76 -1 0 11 0.00 M M 7.4 14 340 M M 4 19 360
16 84 64 74 -3 0 9 T M M 6.9 17 90 M M 3 20 80
17 84 69 77 0 0 12 T M M 8.3 21 110 M M 2 24 110
18 80 71 76 -1 0 11 0.10 M M 6.6 14 80 M M 5 19 70
19 81 71 76 -1 0 11 0.34 M M 4.9 16 150 M M 4 1 20 150
20 84 69 77 0 0 12 0.00 M M 7.4 16 120 M M 1 19 120
21 88 68 78 1 0 13 0.00 M M 6.1 14 10 M M 3 19 120
22 87 71 79 2 0 14 T M M 7.3 15 10 M M 4 24 20
23 87 73 80 3 0 15 0.00 M M 8.1 17 60 M M 3 26 60
24 87 71 79 1 0 14 0.01 M M 8.1 16 10 M M 2 8 25 320
25 87 69 78 0 0 13 T M M 8.1 15 350 M M 5 24 340
26 86 70 78 0 0 13 0.00 M M 7.8 16 340 M M 1 24 20
27 85 66 76 -2 0 11 0.00 M M 5.5 14 100 M M 2 8 19 200
28 83 65 74 -4 0 9 0.30 M M 5.3 15 100 M M 2 1 18 350
29 86 68 77 -1 0 12 0.00 M M 7.1 16 360 M M 1 23 10
30 87 71 79 1 0 14 0.00 M M 6.9 15 70 M M 2 23 70
31 87 70 79 1 0 14 0.02 M M 5.7 14 130 M M 3 18 80
================================================================================
SM 2628 2140 0 376 0.81 M 218.5 M 96
================================================================================
AV 84.8 69.0 7.0 FASTST M M 3 MAX(MPH)
MISC ----> 21 110 30 40
================================================================================
NOTES:
# LAST OF SEVERAL OCCURRENCES
COLUMN 17 PEAK WIND IN M.P.H.
PRELIMINARY LOCAL CLIMATOLOGICAL DATA (WS FORM: F-6) , PAGE 2
STATION: KALAELOA ARPT/OAHU HI
MONTH: MAY
YEAR: 2023
LATITUDE: 21 19 N
LONGITUDE: 158 4 W
[TEMPERATURE DATA] [PRECIPITATION DATA] SYMBOLS USED IN COLUMN 16
AVERAGE MONTHLY: 76.9 TOTAL FOR MONTH: 0.81 1 = FOG OR MIST
DPTR FM NORMAL: 0.0 DPTR FM NORMAL: -0.16 2 = FOG REDUCING VISIBILITY
HIGHEST: 88 ON 21 GRTST 24HR 0.44 ON 18-19 TO 1/4 MILE OR LESS
LOWEST: 63 ON 12 3 = THUNDER
SNOW, ICE PELLETS, HAIL 4 = ICE PELLETS
TOTAL MONTH: M 5 = HAIL
GRTST 24HR M ON M 6 = FREEZING RAIN OR DRIZZLE
GRTST DEPTH: M ON M 7 = DUSTSTORM OR SANDSTORM:
VSBY 1/2 MILE OR LESS
8 = SMOKE OR HAZE
[NO. OF DAYS WITH] [WEATHER - DAYS WITH] 9 = BLOWING SNOW
X = TORNADO
MAX 32 OR BELOW: 0 0.01 INCH OR MORE: 6
MAX 90 OR ABOVE: 0 0.10 INCH OR MORE: 3
MIN 32 OR BELOW: 0 0.50 INCH OR MORE: 0
MIN 0 OR BELOW: 0 1.00 INCH OR MORE: 0
[HDD (BASE 65) ]
TOTAL THIS MO. 0 CLEAR (SCALE 0-3) 17
DPTR FM NORMAL 0 PTCLDY (SCALE 4-7) 14
TOTAL FM JUL 1 0 CLOUDY (SCALE 8-10) 0
DPTR FM NORMAL 0
[CDD (BASE 65) ]
TOTAL THIS MO. 376
DPTR FM NORMAL 6 [PRESSURE DATA]
TOTAL FM JAN 1 1604 HIGHEST SLP 30.18 ON 31
DPTR FM NORMAL 175 LOWEST SLP 29.93 ON 3
[REMARKS]
#FINAL-05-23#