000
CXHW50 PHFO 011250
CF6JRF
PRELIMINARY LOCAL CLIMATOLOGICAL DATA (WS FORM: F-6)
STATION: KALAELOA ARPT/OAHU HI
MONTH: NOVEMBER
YEAR: 2022
LATITUDE: 21 19 N
LONGITUDE: 158 4 W
TEMPERATURE IN F: :PCPN: SNOW: WIND :SUNSHINE: SKY :PK WND
================================================================================
1 2 3 4 5 6A 6B 7 8 9 10 11 12 13 14 15 16 17 18
12Z AVG MX 2MIN
DY MAX MIN AVG DEP HDD CDD WTR SNW DPTH SPD SPD DIR MIN PSBL S-S WX SPD DR
================================================================================
1 89 72 81 3 0 16 0.00 M M 7.0 15 70 M M 0 23 60
2 88 69 79 1 0 14 T M M 5.6 17 130 M M 3 21 100
3 88 73 81 3 0 16 0.00 M M 7.1 18 120 M M 1 25 90
4 89 72 81 3 0 16 0.02 M M 4.2 14 150 M M 3 16 150
5 88 76 82 4 0 17 0.01 M M 6.9 15 120 M M 1 22 130
6 88 72 80 2 0 15 0.00 M M 6.9 17 120 M M 1 22 30
7 88 72 80 2 0 15 0.00 M M 6.9 16 120 M M 1 26 60
8 87 72 80 3 0 15 T M M 7.1 16 50 M M 1 25 70
9 86 67 77 0 0 12 0.01 M M 6.3 17 40 M M 1 25 60
10 85 66 76 -1 0 11 0.00 M M 6.5 18 30 M M 2 24 30
11 84 65 75 -2 0 10 T M M 6.7 16 30 M M 4 25 30
12 83 70 77 0 0 12 0.01 M M 6.8 15 40 M M 5 25 50
13 86 67 77 0 0 12 T M M 7.5 15 60 M M 2 25 40
14 86 68 77 0 0 12 0.00 M M 6.0 15 80 M M 2 23 30
15 85 67 76 -1 0 11 0.00 M M 6.3 14 50 M M 0 22 20
16 87 63 75 -2 0 10 0.00 M M 5.6 16 100 M M 2 22 120
17 85 70 78 2 0 13 0.00 M M 6.3 13 220 M M 0 17 20
18 87 70 79 3 0 14 T M M 6.0 15 90 M M 2 22 70
19 86 72 79 3 0 14 0.00 M M 7.6 16 70 M M 1 27 70
20 87 72 80 4 0 15 T M M 9.0 21 50 M M 3 31 90
21 85 75 80 4 0 15 T M M 10.2 18 70 M M 2 29 50
22 85 68 77 1 0 12 0.00 M M 7.4 17 80 M M 1 26 80
23 85 67 76 0 0 11 0.00 M M 7.8 16 30 M M 4 25 30
24 79 69 74 -2 0 9 T M M 10.5 23 30 M M 2 34 20
25 81 69 75 -1 0 10 0.00 M M 9.8 18 50 M M 1 28 50
26 83 67 75 -1 0 10 0.00 M M 6.6 16 70 M M 3 25 100
27 82 65 74 -2 0 9 0.00 M M 6.8 15 130 M M 3 18 140
28 76 70 73 -3 0 8 0.06 M M 4.8 13 140 M M 7 1 15 140
29 85 67 76 0 0 11 0.00 M M 5.5 15 280 M M 0 21 290
30 86 67 77 1 0 12 0.00 M M 5.2 12 230 M M 3 14 220
================================================================================
SM 2559 2079 0 377 0.11 M 206.9 M 61
================================================================================
AV 85.3 69.3 6.9 FASTST M M 2 MAX(MPH)
MISC ----> 23 30 34 20
================================================================================
NOTES:
# LAST OF SEVERAL OCCURRENCES
COLUMN 17 PEAK WIND IN M.P.H.
PRELIMINARY LOCAL CLIMATOLOGICAL DATA (WS FORM: F-6) , PAGE 2
STATION: KALAELOA ARPT/OAHU HI
MONTH: NOVEMBER
YEAR: 2022
LATITUDE: 21 19 N
LONGITUDE: 158 4 W
[TEMPERATURE DATA] [PRECIPITATION DATA] SYMBOLS USED IN COLUMN 16
AVERAGE MONTHLY: 77.3 TOTAL FOR MONTH: 0.11 1 = FOG OR MIST
DPTR FM NORMAL: 0.5 DPTR FM NORMAL: -1.66 2 = FOG REDUCING VISIBILITY
HIGHEST: 89 ON 4, 1 GRTST 24HR 0.06 ON 28-28 TO 1/4 MILE OR LESS
LOWEST: 63 ON 16 3 = THUNDER
SNOW, ICE PELLETS, HAIL 4 = ICE PELLETS
TOTAL MONTH: M 5 = HAIL
GRTST 24HR M ON M 6 = FREEZING RAIN OR DRIZZLE
GRTST DEPTH: M ON M 7 = DUSTSTORM OR SANDSTORM:
VSBY 1/2 MILE OR LESS
8 = SMOKE OR HAZE
[NO. OF DAYS WITH] [WEATHER - DAYS WITH] 9 = BLOWING SNOW
X = TORNADO
MAX 32 OR BELOW: 0 0.01 INCH OR MORE: 5
MAX 90 OR ABOVE: 0 0.10 INCH OR MORE: 0
MIN 32 OR BELOW: 0 0.50 INCH OR MORE: 0
MIN 0 OR BELOW: 0 1.00 INCH OR MORE: 0
[HDD (BASE 65) ]
TOTAL THIS MO. 0 CLEAR (SCALE 0-3) 23
DPTR FM NORMAL 0 PTCLDY (SCALE 4-7) 7
TOTAL FM JUL 1 0 CLOUDY (SCALE 8-10) 0
DPTR FM NORMAL 0
[CDD (BASE 65) ]
TOTAL THIS MO. 377
DPTR FM NORMAL 25 [PRESSURE DATA]
TOTAL FM JAN 1 4681 HIGHEST SLP 30.19 ON 21
DPTR FM NORMAL 579 LOWEST SLP 29.92 ON 30
[REMARKS]
#FINAL-11-22#