000
CXUS42 TJSJ 011310
CF6JSJ
PRELIMINARY LOCAL CLIMATOLOGICAL DATA (WS FORM: F-6)
STATION: SAN JUAN AREA/PR
MONTH: NOVEMBER
YEAR: 2020
LATITUDE: 18 25 N
LONGITUDE: 66 0 W
TEMPERATURE IN F: :PCPN: SNOW: WIND :SUNSHINE: SKY :PK WND
================================================================================
1 2 3 4 5 6A 6B 7 8 9 10 11 12 13 14 15 16 17 18
12Z AVG MX 2MIN
DY MAX MIN AVG DEP HDD CDD WTR SNW DPTH SPD SPD DIR MIN PSBL S-S WX SPD DR
================================================================================
1 89 77 83 1 0 18 0.06 0.0 0 9.9 24 90 M M 4 1 28 90
2 87 77 82 0 0 17 0.05 0.0 0 4.0 15 90 M M 6 1 19 180
3 88 77 83 1 0 18 0.00 0.0 0 6.2 18 80 M M 5 21 80
4 88 76 82 0 0 17 T 0.0 0 9.0 23 70 M M 4 29 70
5 88 75 82 1 0 17 0.02 0.0 0 7.4 21 80 M M 3 8 26 90
6 87 74 81 0 0 16 T 0.0 0 5.5 21 100 M M 4 25 90
7 87 77 82 1 0 17 0.60 0.0 0 4.8 17 90 M M 5 8 22 100
8 90 73 82 1 0 17 1.38 0.0 0 4.8 18 90 M M 5 18 27 90
9 87 74 81 0 0 16 0.02 0.0 0 7.8 21 80 M M 5 26 80
10 81 74 78 -3 0 13 2.44 0.0 0 5.4 20 100 M M 8 1 26 100
11 85 74 80 -1 0 15 1.07 0.0 0 4.3 16 90 M M 8 18 21 160
12 86 75 81 0 0 16 0.43 0.0 0 7.2 25 80 M M 4 1 32 80
13 86 75 81 0 0 16 0.02 0.0 0 8.0 22 70 M M 4 26 70
14 86 75 81 0 0 16 0.01 0.0 0 6.9 17 60 M M 5 22 70
15 86 75 81 0 0 16 0.02 0.0 0 9.2 20 70 M M 5 1 25 80
16 86 74 80 0 0 15 0.22 0.0 M 6.3 20 80 M M 4 1 22 80
17 87 75 81 1 0 16 T 0.0 0 6.2 20 70 M M 4 22 80
18 86 76 81 1 0 16 0.08 M M 6.2 21 80 M M 4 23 80
19 87 76 82 2 0 17 0.01 0.0 0 7.2 20 70 M M 4 26 70
20 89 77 83 3 0 18 0.07 M M 7.7 22 80 M M 4 1 27 80
21 85 76 81 1 0 16 0.24 M M 6.3 21 80 M M 5 1 27 70
22 87 74 81 1 0 16 0.11 M M 4.1 20 80 M M 6 1 24 90
23 88 75 82 2 0 17 0.15 M M 4.2 15 170 M M 5 1 21 150
24 88 75 82 2 0 17 0.30 M M 4.5 15 260 M M 4 13X 19 270
25 86 74 80 0 0 15 0.16 M M 4.3 15 80 M M 6 1 17 80
26 85 75 80 0 0 15 0.02 M M 4.7 15 50 M M 4 1 19 60
27 85 74 80 0 0 15 T M M 3.5 10 360 M M 4 19 20
28 83 73 78 -2 0 13 0.13 M M 5.8 14 40 M M 6 1 17 40
29 84 75 80 0 0 15 T 0.0 0 5.8 15 60 M M 4 20 60
30 83 74 79 -1 0 14 T M M 6.2 18 90 M M 4 23 70
================================================================================
SM 2590 2251 0 480 7.61 0.0 183.4 M 143
================================================================================
AV 86.3 75.0 6.1 FASTST M M 5 MAX(MPH)
MISC ----> 25 80 32 80
================================================================================
NOTES:
# LAST OF SEVERAL OCCURRENCES
COLUMN 17 PEAK WIND IN M.P.H.
PRELIMINARY LOCAL CLIMATOLOGICAL DATA (WS FORM: F-6) , PAGE 2
STATION: SAN JUAN AREA/PR
MONTH: NOVEMBER
YEAR: 2020
LATITUDE: 18 25 N
LONGITUDE: 66 0 W
[TEMPERATURE DATA] [PRECIPITATION DATA] SYMBOLS USED IN COLUMN 16
AVERAGE MONTHLY: 80.7 TOTAL FOR MONTH: 7.61 1 = FOG OR MIST
DPTR FM NORMAL: 0.1 DPTR FM NORMAL: 1.26 2 = FOG REDUCING VISIBILITY
HIGHEST: 90 ON 8 GRTST 24HR 2.44 ON 10-10 TO 1/4 MILE OR LESS
LOWEST: 73 ON 28, 8 3 = THUNDER
SNOW, ICE PELLETS, HAIL 4 = ICE PELLETS
TOTAL MONTH: 0.0 INCH 5 = HAIL
GRTST 24HR 0.0 6 = FREEZING RAIN OR DRIZZLE
GRTST DEPTH: 0 7 = DUSTSTORM OR SANDSTORM:
VSBY 1/2 MILE OR LESS
8 = SMOKE OR HAZE
[NO. OF DAYS WITH] [WEATHER - DAYS WITH] 9 = BLOWING SNOW
X = TORNADO
MAX 32 OR BELOW: 0 0.01 INCH OR MORE: 23
MAX 90 OR ABOVE: 1 0.10 INCH OR MORE: 12
MIN 32 OR BELOW: 0 0.50 INCH OR MORE: 4
MIN 0 OR BELOW: 0 1.00 INCH OR MORE: 3
[HDD (BASE 65) ]
TOTAL THIS MO. 0 CLEAR (SCALE 0-3) 1
DPTR FM NORMAL 0 PTCLDY (SCALE 4-7) 29
TOTAL FM JUL 1 0 CLOUDY (SCALE 8-10) 0
DPTR FM NORMAL 0
[CDD (BASE 65) ]
TOTAL THIS MO. 480
DPTR FM NORMAL 14 [PRESSURE DATA]
TOTAL FM JAN 1 5838 HIGHEST SLP 30.06 ON 30
DPTR FM NORMAL 412 LOWEST SLP 29.81 ON 6
[REMARKS]
#FINAL-11-20#