000
CXUS51 KCTP 010800
CF6JST
PRELIMINARY LOCAL CLIMATOLOGICAL DATA (WS FORM: F-6)
STATION: JOHNSTOWN
MONTH: APRIL
YEAR: 2023
LATITUDE: 40 18 N
LONGITUDE: 78 50 W
TEMPERATURE IN F: :PCPN: SNOW: WIND :SUNSHINE: SKY :PK WND
================================================================================
1 2 3 4 5 6A 6B 7 8 9 10 11 12 13 14 15 16 17 18
12Z AVG MX 2MIN
DY MAX MIN AVG DEP HDD CDD WTR SNW DPTH SPD SPD DIR MIN PSBL S-S WX SPD DR
================================================================================
1 67 35 51 9 14 0 0.32 M M 17.9 38 250 M M 8 13 51 250
2 44 28 36 -6 29 0 T M M 11.5 33 300 M M 4 1 44 300
3 64 31 48 5 17 0 0.00 M M 7.7 17 210 M M 3 22 220
4 71 51 61 18 4 0 0.00 M M 7.4 17 270 M M 1 22 250
5 82 57 70 26 0 5 0.01 M M 10.8 25 280 M M 4 3 35 290
6 61 43 52 8 13 0 0.01 M M 11.8 20 310 M M 8 1 23 280
7 47 34 41 -4 24 0 0.00 M M 10.5 18 300 M M 1 23 290
8 49 26 38 -7 27 0 0.00 M M 4.8 13 30 M M 0 17 20
9 55 31 43 -2 22 0 0.00 M M 5.5 12 30 M M 0 15 40
10 63 39 51 5 14 0 0.00 M M 5.0 10 310 M M 0 16 320
11 68 41 55 9 10 0 0.00 M M 10.8 22 270 M M 0 35 290
12 74 55 65 18 0 0 0.00 M M 13.4 24 260 M M 0 34 250
13 79 58 69 22 0 4 0.00 M M 8.0 16 270 M M 0 22 280
14 81 54 68 20 0 3 0.00 M M 5.4 13 160 M M 0 26 100
15 66 55 61 13 4 0 0.30 M M 6.4 17 340 M M 9 1 25 300
16 75 47 61 13 4 0 0.05 M M 9.8 32 260 M M 5 1 41 260
17 48 35 42 -7 23 0 0.06 M M 15.0 31 250 M M 9 1 43 260
18 46 32 39 -10 26 0 0.04 M M 14.2 29 270 M M 7 1 37 250
19 61 33 47 -3 18 0 0.00 M M 8.3 17 250 M M 0 23 250
20 79 54 67 17 0 2 0.00 M M 7.7 17 240 M M 0 24 240
21 79 57 68 17 0 3 0.08 M M 8.3 21 230 M M 3 3 27 200
22 61 41 51 0 14 0 0.34 M M 8.3 25 210 M M 5 1 33 200
23 43 35 39 -12 26 0 0.00 M M 8.0 17 260 M M 9 1 24 270
24 45 30 38 -14 27 0 T M M 8.7 21 280 M M 7 28 280
25 51 28 40 -12 25 0 T M M 4.1 12 260 M M 5 1 15 290
26 58 37 48 -4 17 0 0.00 M M 6.4 20 310 M M 4 8 24 300
27 62 38 50 -3 15 0 0.00 M M 4.7 14 130 M M 1 20 130
28 53 44 49 -4 16 0 0.39 M M 10.5 21 120 M M 10 1 31 110
29 57 44 51 -3 14 0 0.06 M M 5.7 14 240 M M 10 1 18 200
30 55 42 49 -5 16 0 0.59 M M 8.3 24 300 M M 10 12 31 300
================================================================================
SM 1844 1235 419 17 2.25 M 264.9 M 123
================================================================================
AV 61.5 41.2 8.8 FASTST M M 4 MAX(MPH)
MISC ----> 38 250 51 250
================================================================================
NOTES:
# LAST OF SEVERAL OCCURRENCES
COLUMN 17 PEAK WIND IN M.P.H.
PRELIMINARY LOCAL CLIMATOLOGICAL DATA (WS FORM: F-6) , PAGE 2
STATION: JOHNSTOWN
MONTH: APRIL
YEAR: 2023
LATITUDE: 40 18 N
LONGITUDE: 78 50 W
[TEMPERATURE DATA] [PRECIPITATION DATA] SYMBOLS USED IN COLUMN 16
AVERAGE MONTHLY: 51.3 TOTAL FOR MONTH: 2.25 1 = FOG OR MIST
DPTR FM NORMAL: 3.2 DPTR FM NORMAL: -1.29 2 = FOG REDUCING VISIBILITY
HIGHEST: 82 ON 5 GRTST 24HR 0.65 ON 29-30 TO 1/4 MILE OR LESS
LOWEST: 26 ON 8 3 = THUNDER
SNOW, ICE PELLETS, HAIL 4 = ICE PELLETS
TOTAL MONTH: M 5 = HAIL
GRTST 24HR M ON M 6 = FREEZING RAIN OR DRIZZLE
GRTST DEPTH: M ON M 7 = DUSTSTORM OR SANDSTORM:
VSBY 1/2 MILE OR LESS
8 = SMOKE OR HAZE
[NO. OF DAYS WITH] [WEATHER - DAYS WITH] 9 = BLOWING SNOW
X = TORNADO
MAX 32 OR BELOW: 0 0.01 INCH OR MORE: 12
MAX 90 OR ABOVE: 0 0.10 INCH OR MORE: 5
MIN 32 OR BELOW: 7 0.50 INCH OR MORE: 1
MIN 0 OR BELOW: 0 1.00 INCH OR MORE: 0
[HDD (BASE 65) ]
TOTAL THIS MO. 419 CLEAR (SCALE 0-3) 14
DPTR FM NORMAL -92 PTCLDY (SCALE 4-7) 10
TOTAL FM JUL 1 5359 CLOUDY (SCALE 8-10) 6
DPTR FM NORMAL -673
[CDD (BASE 65) ]
TOTAL THIS MO. 17
DPTR FM NORMAL 11 [PRESSURE DATA]
TOTAL FM JAN 1 17 HIGHEST SLP 30.53 ON 8
DPTR FM NORMAL 11 LOWEST SLP 29.30 ON 30
[REMARKS]
#FINAL-04-23#