000
CXUS51 KCTP 010800
CF6JST
PRELIMINARY LOCAL CLIMATOLOGICAL DATA (WS FORM: F-6)
STATION: JOHNSTOWN
MONTH: JULY
YEAR: 2022
LATITUDE: 40 18 N
LONGITUDE: 78 50 W
TEMPERATURE IN F: :PCPN: SNOW: WIND :SUNSHINE: SKY :PK WND
================================================================================
1 2 3 4 5 6A 6B 7 8 9 10 11 12 13 14 15 16 17 18
12Z AVG MX 2MIN
DY MAX MIN AVG DEP HDD CDD WTR SNW DPTH SPD SPD DIR MIN PSBL S-S WX SPD DR
================================================================================
1 82 65 74 5 0 9 0.39 M M 8.2 31 230 M M 2 18 41 240
2 80 65 73 4 0 8 0.23 M M 8.7 22 310 M M 6 1 27 310
3 78 62 70 1 0 5 0.00 M M 6.9 17 310 M M 1 20 290
4 81 56 69 0 0 4 0.00 M M 4.2 10 160 M M 0 13 160
5 78 66 72 2 0 7 0.09 M M 8.2 16 250 M M 6 18 22 270
6 79 67 73 3 0 8 0.63 M M 7.1 16 280 M M 8 1 23 260
7 80 65 73 3 0 8 0.00 M M 4.3 9 310 M M 6 1 12 340
8 79 64 72 2 0 7 T M M 3.0 12 310 M M 3 1 14 310
9 77 64 71 1 0 6 0.01 M M 4.8 12 70 M M 7 1 16 70
10 79 56 68 -2 0 3 0.00 M M 5.5 12 180 M M 2 1 14 180
11 81 62 72 2 0 7 0.00 M M 7.6 15 230 M M 2 19 230
12 79 67 73 3 0 8 T M M 9.4 20 260 M M 4 26 250
13 80 62 71 1 0 6 T M M 6.4 15 270 M M 6 21 260
14 76 60 68 -2 0 3 0.00 M M 5.9 14 300 M M 4 18 20 290
15 79 55 67 -3 0 2 0.00 M M 3.1 12 290 M M 1 15 280
16 76 62 69 -1 0 4 0.00 M M 6.2 15 200 M M 5 20 200
17 79 65 72 2 0 7 1.11 M M 5.8 15 180 M M 8 138 20 190
18 74 66 70 0 0 5 0.25 M M 9.1 18 270 M M 9 1 24 280
19 80 66 73 3 0 8 0.00 M M 7.3 15 310 M M 5 18 17 310
20 84 66 75 5 0 10 0.00 M M 8.2 17 220 M M 2 26 240
21 80 67 74 4 0 9 T M M 10.3 21 270 M M 5 27 260
22 83 65 74 4 0 9 0.00 M M 9.4 23 250 M M 2 32 240
23 87 66 77 7 0 12 0.32 M M 7.1 25 260 M M 1 13 36 290
24 85 65 75 5 0 10 0.07 M M 9.3 22 270 M M 2 13 28 260
25 78 64 71 1 0 6 0.59 M M 9.8 18 230 M M 5 123 27 230
26 73 59 66 -4 0 1 0.00 M M 4.3 9 210 M M 5 13 220
27 76 64 70 0 0 5 T M M 6.7 15 250 M M 8 18 20 250
28 78 69 74 4 0 9 0.02 M M 8.9 23 240 M M 7 32 240
29 74 64 69 -1 0 4 0.01 M M 5.2 12 290 M M 5 18 15 320
30 77 60 69 -1 0 4 0.00 M M 6.9 16 290 M M 1 21 280
31 73 59 66 -4 0 1 0.15 M M 3.5 12 140 M M 5 1 18 150
================================================================================
SM 2445 1963 0 195 3.87 M 211.3 M 133
================================================================================
AV 78.9 63.3 6.8 FASTST M M 4 MAX(MPH)
MISC ----> 31 230 41 240
================================================================================
NOTES:
# LAST OF SEVERAL OCCURRENCES
COLUMN 17 PEAK WIND IN M.P.H.
PRELIMINARY LOCAL CLIMATOLOGICAL DATA (WS FORM: F-6) , PAGE 2
STATION: JOHNSTOWN
MONTH: JULY
YEAR: 2022
LATITUDE: 40 18 N
LONGITUDE: 78 50 W
[TEMPERATURE DATA] [PRECIPITATION DATA] SYMBOLS USED IN COLUMN 16
AVERAGE MONTHLY: 71.1 TOTAL FOR MONTH: 3.87 1 = FOG OR MIST
DPTR FM NORMAL: 1.2 DPTR FM NORMAL: -0.35 2 = FOG REDUCING VISIBILITY
HIGHEST: 87 ON 23 GRTST 24HR 1.23 ON 17-18 TO 1/4 MILE OR LESS
LOWEST: 55 ON 15 3 = THUNDER
SNOW, ICE PELLETS, HAIL 4 = ICE PELLETS
TOTAL MONTH: M 5 = HAIL
GRTST 24HR M ON M 6 = FREEZING RAIN OR DRIZZLE
GRTST DEPTH: M ON M 7 = DUSTSTORM OR SANDSTORM:
VSBY 1/2 MILE OR LESS
8 = SMOKE OR HAZE
[NO. OF DAYS WITH] [WEATHER - DAYS WITH] 9 = BLOWING SNOW
X = TORNADO
MAX 32 OR BELOW: 0 0.01 INCH OR MORE: 13
MAX 90 OR ABOVE: 0 0.10 INCH OR MORE: 8
MIN 32 OR BELOW: 0 0.50 INCH OR MORE: 3
MIN 0 OR BELOW: 0 1.00 INCH OR MORE: 1
[HDD (BASE 65) ]
TOTAL THIS MO. 0 CLEAR (SCALE 0-3) 12
DPTR FM NORMAL -13 PTCLDY (SCALE 4-7) 17
TOTAL FM JUL 1 0 CLOUDY (SCALE 8-10) 2
DPTR FM NORMAL -5
[CDD (BASE 65) ]
TOTAL THIS MO. 195
DPTR FM NORMAL 30 [PRESSURE DATA]
TOTAL FM JAN 1 343 HIGHEST SLP 30.25 ON 4
DPTR FM NORMAL 49 LOWEST SLP 29.65 ON 21
[REMARKS]
#FINAL-07-22#