000
CXUS51 KCTP 010900
CF6JST
PRELIMINARY LOCAL CLIMATOLOGICAL DATA (WS FORM: F-6)
STATION: JOHNSTOWN
MONTH: FEBRUARY
YEAR: 2022
LATITUDE: 40 18 N
LONGITUDE: 78 50 W
TEMPERATURE IN F: :PCPN: SNOW: WIND :SUNSHINE: SKY :PK WND
================================================================================
1 2 3 4 5 6A 6B 7 8 9 10 11 12 13 14 15 16 17 18
12Z AVG MX 2MIN
DY MAX MIN AVG DEP HDD CDD WTR SNW DPTH SPD SPD DIR MIN PSBL S-S WX SPD DR
================================================================================
1 33 17 25 -1 40 0 0.00 M M 10.8 18 160 M M 0 24 160
2 40 25 33 7 32 0 0.10 M M 9.1 16 170 M M 3 1 21 160
3 46 32 39 12 26 0 1.23 M M 7.6 15 50 M M 10 12 19 150
4 32 19 26 -1 39 0 0.45 M M 10.2 20 290 M M 10 126 22 290
5 19 8 14 -13 51 0 T M M 10.8 22 300 M M 9 18 27 300
6 28 8 18 -9 47 0 0.00 M M 7.7 15 170 M M 0 18 180
7 42 19 31 4 34 0 0.00 M M 5.2 12 200 M M 0 15 170
8 30 20 25 -2 40 0 T M M 11.9 20 270 M M 6 8 26 260
9 49 27 38 10 27 0 T M M 11.9 23 230 M M 3 31 200
10 39 29 34 6 31 0 0.01 M M 13.1 26 270 M M 5 36 270
11 53 29 41 13 24 0 0.00 M M 10.6 29 230 M M 4 43 220
12 45 23 34 6 31 0 0.07 M M 11.0 25 250 M M 10 128 34 250
13 23 14 19 -9 46 0 T M M 8.4 16 300 M M 10 18 20 320
14 16 8 12 -16 53 0 T M M 10.3 20 260 M M 9 128 24 270
15 30 8 19 -10 46 0 0.00 M M 5.4 14 170 M M 1 19 190
16 48 25 37 8 28 0 0.00 M M 13.8 24 170 M M 1 31 170
17 59 48 54 25 11 0 0.75 M M 15.7 35 200 M M 7 1 51 200
18 58 18 38 9 27 0 0.08 M M 18.9 36 290 M M 9 126 49 300
19 27 11 19 -11 46 0 0.01 M M 18.8 35 290 M M 5 1289 46 290
20 43 8 26 -4 39 0 0.00 M M 10.3 18 160 M M 0 23 200
21 57 36 47 17 18 0 0.00 M M 10.6 21 230 M M 1 28 230
22 58 42 50 20 15 0 0.41 M M 11.3 25 230 M M 7 1 36 240
23 57 24 41 11 24 0 T M M 15.5 29 290 M M 10 1268 36 250
24 30 22 26 -5 39 0 0.28 M M 7.7 15 150 M M 10 168 21 130
25 37 20 29 -2 36 0 0.94 M M 16.2 31 290 M M 10 1268 40 290
26 29 19 24 -7 41 0 T M M 12.6 26 260 M M 6 1 33 260
27 39 23 31 0 34 0 0.00 M M 20.0 35 290 M M 2 49 290
28 36 22 29 -3 36 0 0.00 M M 6.9 18 330 M M 6 24 320
================================================================================
SM 1103 604 961 0 4.33 M 322.3 M 154
================================================================================
AV 39.4 21.6 11.5 FASTST M M 6 MAX(MPH)
MISC ----> 36 290 51 200
================================================================================
NOTES:
# LAST OF SEVERAL OCCURRENCES
COLUMN 17 PEAK WIND IN M.P.H.
PRELIMINARY LOCAL CLIMATOLOGICAL DATA (WS FORM: F-6) , PAGE 2
STATION: JOHNSTOWN
MONTH: FEBRUARY
YEAR: 2022
LATITUDE: 40 18 N
LONGITUDE: 78 50 W
[TEMPERATURE DATA] [PRECIPITATION DATA] SYMBOLS USED IN COLUMN 16
AVERAGE MONTHLY: 30.5 TOTAL FOR MONTH: 4.33 1 = FOG OR MIST
DPTR FM NORMAL: 1.8 DPTR FM NORMAL: 1.80 2 = FOG REDUCING VISIBILITY
HIGHEST: 59 ON 17 GRTST 24HR 1.34 ON 3- 4 TO 1/4 MILE OR LESS
LOWEST: 8 ON 20,15 3 = THUNDER
SNOW, ICE PELLETS, HAIL 4 = ICE PELLETS
TOTAL MONTH: M 5 = HAIL
GRTST 24HR M ON M 6 = FREEZING RAIN OR DRIZZLE
GRTST DEPTH: M ON M 7 = DUSTSTORM OR SANDSTORM:
VSBY 1/2 MILE OR LESS
8 = SMOKE OR HAZE
[NO. OF DAYS WITH] [WEATHER - DAYS WITH] 9 = BLOWING SNOW
X = TORNADO
MAX 32 OR BELOW: 10 0.01 INCH OR MORE: 11
MAX 90 OR ABOVE: 0 0.10 INCH OR MORE: 7
MIN 32 OR BELOW: 25 0.50 INCH OR MORE: 3
MIN 0 OR BELOW: 0 1.00 INCH OR MORE: 1
[HDD (BASE 65) ]
TOTAL THIS MO. 961 CLEAR (SCALE 0-3) 9
DPTR FM NORMAL -54 PTCLDY (SCALE 4-7) 9
TOTAL FM JUL 1 4242 CLOUDY (SCALE 8-10) 10
DPTR FM NORMAL -390
[CDD (BASE 65) ]
TOTAL THIS MO. 0
DPTR FM NORMAL 0 [PRESSURE DATA]
TOTAL FM JAN 1 0 HIGHEST SLP 30.61 ON 15
DPTR FM NORMAL 0 LOWEST SLP 29.32 ON 18
[REMARKS]
#FINAL-02-22#