510
CXUS54 KFWD 010831
CF6JWY
PRELIMINARY LOCAL CLIMATOLOGICAL DATA (WS FORM: F-6)
STATION: WAXAHACHIE
MONTH: FEBRUARY
YEAR: 2021
LATITUDE: 32 27 N
LONGITUDE: 96 54 W
TEMPERATURE IN F: :PCPN: SNOW: WIND :SUNSHINE: SKY :PK WND
================================================================================
1 2 3 4 5 6A 6B 7 8 9 10 11 12 13 14 15 16 17 18
12Z AVG MX 2MIN
DY MAX MIN AVG DEP HDD CDD WTR SNW DPTH SPD SPD DIR MIN PSBL S-S WX SPD DR
================================================================================
1 58 35 47 1 18 0 0.00 M M 5.8 10 340 M M 1 17 20
2 64 36 50 4 15 0 0.00 M M 3.2 9 160 M M 0 M M
3 69 38 54 8 11 0 0.00 M M 10.4 20 160 M M 0 28 170
4 67 43 55 9 10 0 0.00 M M 13.7 20 350 M M 4 30 350
5 60 37 49 3 16 0 0.00 M M 4.5 9 70 M M 3 M M
6 61 40 51 5 14 0 0.00 M M 7.2 18 330 M M 7 1 25 330
7 60 32 46 -1 19 0 0.00 M M 5.8 13 180 M M 4 1 21 170
8 68 40 54 7 11 0 0.00 M M 9.2 15 200 M M 8 12 22 200
9 41 32 37 -10 28 0 M M M 9.3 13 320 M M 10 1 16 340
10 32 28 30 -17 35 0 T M M 9.9 13 360 M M 10 1 23 340
11 29 25 27 -20 38 0 M M M 12.2 17 350 M M 10 1 23 360
12 28 23 26 -21 39 0 0.00 0.0 0 13.3 16 350 M M 10 23 350
13 33 21 27 -21 38 0 0.00 M M 12.6 17 350 M M 10 1 21 360
14 24 10 17 -31 48 0 0.01 M M 15.7 21 340 M M 10 31 350
15 10 8 9 -39 56 0 0.00 M M 16.7 20 340 M M 8 24 340
16 M M M M M M M M M M M M M M M M M
17 M M M M M M M M M M M M M M M M M
18 M M M M M M M M M M M M M M M M M
19 M M M M M M M M M M M M M M M M M
20 54 42 48 -1 17 0 0.00 M M 10.0 16 160 M M 0 23 160
21 74 42 58 9 7 0 0.00 M M 14.0 24 200 M M 6 30 210
22 71 32 52 3 13 0 0.00 M M 4.1 10 180 M M 0 16 190
23 78 46 62 12 3 0 0.00 0.0 M 11.6 23 180 M M 0 30 180
24 72 52 62 12 3 0 0.00 M M 11.7 20 190 M M 2 26 180
25 55 46 51 1 14 0 0.02 M M 6.9 12 60 M M 8 17 20
26 58 46 52 2 13 0 0.74 M M 2.8 12 330 M M 10 1 17 330
27 73 52 63 12 2 0 0.03 M M 5.1 14 150 M M 8 12 23 160
28 77 53 65 14 0 0 M M M 12.1 18 310 M M 10 1 28 360
================================================================================
SM 1316 859 468 0 0.80 0.0 227.6 M 139
================================================================================
AV 54.8 35.8 9.5 FASTST M M 6 MAX(MPH)
MISC ----> 24 200 31 350
================================================================================
NOTES:
# LAST OF SEVERAL OCCURRENCES
COLUMN 17 PEAK WIND IN M.P.H.
PRELIMINARY LOCAL CLIMATOLOGICAL DATA (WS FORM: F-6) , PAGE 2
STATION: WAXAHACHIE
MONTH: FEBRUARY
YEAR: 2021
LATITUDE: 32 27 N
LONGITUDE: 96 54 W
[TEMPERATURE DATA] [PRECIPITATION DATA] SYMBOLS USED IN COLUMN 16
AVERAGE MONTHLY: 45.3 TOTAL FOR MONTH: 0.80 1 = FOG OR MIST
DPTR FM NORMAL: -2.7 DPTR FM NORMAL: -2.13 2 = FOG REDUCING VISIBILITY
HIGHEST: 78 ON 23 GRTST 24HR 0.74 ON 26-26 TO 1/4 MILE OR LESS
LOWEST: 8 ON 15 3 = THUNDER
SNOW, ICE PELLETS, HAIL 4 = ICE PELLETS
TOTAL MONTH: 0.0 INCH 5 = HAIL
GRTST 24HR 0.0 6 = FREEZING RAIN OR DRIZZLE
GRTST DEPTH: 0 7 = DUSTSTORM OR SANDSTORM:
VSBY 1/2 MILE OR LESS
8 = SMOKE OR HAZE
[NO. OF DAYS WITH] [WEATHER - DAYS WITH] 9 = BLOWING SNOW
X = TORNADO
MAX 32 OR BELOW: 5 0.01 INCH OR MORE: 4
MAX 90 OR ABOVE: 0 0.10 INCH OR MORE: 1
MIN 32 OR BELOW: 9 0.50 INCH OR MORE: 1
MIN 0 OR BELOW: 0 1.00 INCH OR MORE: 0
[HDD (BASE 65) ]
TOTAL THIS MO. 468 CLEAR (SCALE 0-3) 7
DPTR FM NORMAL -10 PTCLDY (SCALE 4-7) 7
TOTAL FM JUL 1 1839 CLOUDY (SCALE 8-10) 14
DPTR FM NORMAL -262
[CDD (BASE 65) ]
TOTAL THIS MO. 0
DPTR FM NORMAL -2 [PRESSURE DATA]
TOTAL FM JAN 1 0 HIGHEST SLP M ON M
DPTR FM NORMAL -1 LOWEST SLP M ON M
[REMARKS]
#FINAL-02-21#