000
CXUS53 KGRR 181422
CF6JXN
PRELIMINARY LOCAL CLIMATOLOGICAL DATA (WS FORM: F-6)
STATION: JACKSON
MONTH: MAY
YEAR: 2023
LATITUDE: 42 16 N
LONGITUDE: 84 28 W
TEMPERATURE IN F: :PCPN: SNOW: WIND :SUNSHINE: SKY :PK WND
================================================================================
1 2 3 4 5 6A 6B 7 8 9 10 11 12 13 14 15 16 17 18
12Z AVG MX 2MIN
DY MAX MIN AVG DEP HDD CDD WTR SNW DPTH SPD SPD DIR MIN PSBL S-S WX SPD DR
================================================================================
1 47 35 41 -13 24 0 0.27 M M 12.1 26 250 M M 10 18 39 250
2 44 36 40 -14 25 0 0.07 M M 11.6 28 260 M M 10 1 42 250
3 56 37 47 -7 18 0 0.02 M M 9.2 17 300 M M 9 1 27 320
4 63 31 47 -8 18 0 0.00 M M 3.4 10 290 M M 3 1 16 300
5 71 40 56 1 9 0 0.00 M M 7.2 16 100 M M 1 25 90
6 71 47 59 3 6 0 0.01 M M 9.9 16 120 M M 3 23 130
7 81 52 67 11 0 2 0.32 M M 8.2 17 240 M M 5 13 25 250
8 62 50 56 0 9 0 0.02 M M 6.3 15 30 M M 9 1 20 30
9 71 49 60 4 5 0 0.00 M M 5.4 14 30 M M 2 19 40
10 78 41 60 3 5 0 0.00 M M 2.8 10 320 M M 0 16 210
11 79 46 63 6 2 0 0.00 M M 4.1 14 160 M M 0 18 20 160
12 79 50 65 7 0 0 0.01 M M 3.3 10 100 M M 4 16 100
13 72 58 65 7 0 0 T M M 4.8 13 40 M M 8 18 30
14 69 50 60 2 5 0 0.00 M M 8.9 18 30 M M 0 25 30
15 71 41 56 -2 9 0 0.00 M M 2.6 8 270 M M 0 12 260
16 76 40 58 -1 7 0 0.00 M M 8.6 18 260 M M 0 32 260
17 60 39 50 -9 15 0 0.00 M M 7.2 14 70 M M 0 23 30
18 66 34 50 -9 15 0 0.00 M M 6.2 12 110 M M 0 18 120
19 72 44 58 -2 7 0 0.49 M M 6.5 17 220 M M 5 18 24 220
20 M M M M M M 0.00 M M 7.4 16 260 M M 5 18 25 250
21 M M M M M M 0.00 M M 4.6 12 330 M M 0 19 300
22 M M M M M M 0.00 M M 4.6 13 90 M M 1 18 90
23 M M M M M M 0.00 M M 3.5 9 20 M M 0 14 30
24 M M M M M M 0.00 M M 9.0 20 20 M M 0 1 32 20
25 M M M M M M 0.00 M M 8.3 15 20 M M 0 23 30
26 M M M M M M 0.00 M M 4.6 14 50 M M 0 19 40
27 M M M M M M 0.00 M M 2.6 15 70 M M 0 19 80
28 M M M M M M 0.00 M M 2.8 13 70 M M 0 1 20 40
29 M M M M M M 0.00 M M 3.9 13 30 M M 0 1 21 70
30 M M M M M M 0.00 M M 4.9 14 110 M M 1 21 110
31 M M M M M M 0.00 M M 7.3 16 110 M M 0 22 110
================================================================================
SM 1288 820 179 2 1.21 M 191.8 M 76
================================================================================
AV 67.8 43.2 6.2 FASTST M M 2 MAX(MPH)
MISC ----> 28 260 42 250
================================================================================
NOTES:
# LAST OF SEVERAL OCCURRENCES
COLUMN 17 PEAK WIND IN M.P.H.
PRELIMINARY LOCAL CLIMATOLOGICAL DATA (WS FORM: F-6) , PAGE 2
STATION: JACKSON
MONTH: MAY
YEAR: 2023
LATITUDE: 42 16 N
LONGITUDE: 84 28 W
[TEMPERATURE DATA] [PRECIPITATION DATA] SYMBOLS USED IN COLUMN 16
AVERAGE MONTHLY: 55.5 TOTAL FOR MONTH: 1.21 1 = FOG OR MIST
DPTR FM NORMAL: -3.3 DPTR FM NORMAL: -2.19 2 = FOG REDUCING VISIBILITY
HIGHEST: 81 ON 7 GRTST 24HR 0.49 ON 19-19 TO 1/4 MILE OR LESS
LOWEST: 31 ON 4 3 = THUNDER
SNOW, ICE PELLETS, HAIL 4 = ICE PELLETS
TOTAL MONTH: M 5 = HAIL
GRTST 24HR M ON M 6 = FREEZING RAIN OR DRIZZLE
GRTST DEPTH: M ON M 7 = DUSTSTORM OR SANDSTORM:
VSBY 1/2 MILE OR LESS
8 = SMOKE OR HAZE
[NO. OF DAYS WITH] [WEATHER - DAYS WITH] 9 = BLOWING SNOW
X = TORNADO
MAX 32 OR BELOW: 0 0.01 INCH OR MORE: 8
MAX 90 OR ABOVE: 0 0.10 INCH OR MORE: 3
MIN 32 OR BELOW: 1 0.50 INCH OR MORE: 0
MIN 0 OR BELOW: 0 1.00 INCH OR MORE: 0
[HDD (BASE 65) ]
TOTAL THIS MO. 179 CLEAR (SCALE 0-3) 20
DPTR FM NORMAL -55 PTCLDY (SCALE 4-7) 6
TOTAL FM JUL 1 5769 CLOUDY (SCALE 8-10) 5
DPTR FM NORMAL -655
[CDD (BASE 65) ]
TOTAL THIS MO. 2
DPTR FM NORMAL -38 [PRESSURE DATA]
TOTAL FM JAN 1 14 HIGHEST SLP 30.41 ON 14
DPTR FM NORMAL -31 LOWEST SLP 29.23 ON 1
[REMARKS]
#FINAL-05-23#