000
CXUS55 KPUB 011210
CF6LAA
PRELIMINARY LOCAL CLIMATOLOGICAL DATA (WS FORM: F-6)
STATION: LAMAR CO
MONTH: APRIL
YEAR: 2023
LATITUDE: 38 4 N
LONGITUDE: 102 41 W
TEMPERATURE IN F: :PCPN: SNOW: WIND :SUNSHINE: SKY :PK WND
================================================================================
1 2 3 4 5 6A 6B 7 8 9 10 11 12 13 14 15 16 17 18
12Z AVG MX 2MIN
DY MAX MIN AVG DEP HDD CDD WTR SNW DPTH SPD SPD DIR MIN PSBL S-S WX SPD DR
================================================================================
1 72 18 45 -5 20 0 0.00 M M 13.7 31 180 M M 0 43 190
2 81 30 56 6 9 0 0.00 M M 7.2 18 340 M M 0 30 180
3 75 25 50 0 15 0 0.00 M M 9.8 26 120 M M 0 35 130
4 58 27 43 -7 22 0 T M M 13.4 26 20 M M 1 8 35 30
5 48 17 33 -17 32 0 0.03 M M 5.7 18 10 M M 4 1 26 20
6 61 18 40 -11 25 0 0.00 M M 7.7 18 170 M M 1 27 180
7 73 36 55 4 10 0 0.00 M M 18.0 33 180 M M 0 49 170
8 79 29 54 3 11 0 0.00 M M 7.3 28 190 M M 0 37 190
9 76 37 57 6 8 0 0.00 M M 5.7 14 360 M M 1 22 40
10 80 30 55 3 10 0 0.00 M M 6.6 14 160 M M 0 19 160
11 90 38 64 12 1 0 0.00 M M 11.6 32 190 M M 0 43 190
12 94 47 71 19 0 6 0.00 M M 14.7 32 180 M M 0 50 180
13 90 53 72 20 0 7 0.03 M M 16.8 38 250 M M 1 51 240
14 69 40 55 3 10 0 0.11 M M 12.8 39 40 M M 2 3 56 40
15 54 31 43 -9 22 0 0.06 M M 10.1 38 10 M M 6 1 50 360
16 66 28 47 -6 18 0 0.00 M M 7.6 15 150 M M 0 21 140
17 82 32 57 4 8 0 0.00 M M 8.8 24 300 M M 0 33 280
18 87 29 58 5 7 0 0.00 M M 11.6 32 240 M M 0 43 240
19 78 40 59 6 6 0 0.00 M M 12.5 43 360 M M 1 8 61 360
20 61 34 48 -6 17 0 0.00 M M 8.8 25 330 M M 1 35 320
21 61 22 42 -12 23 0 0.00 M M 7.0 15 50 M M 1 22 290
22 47 34 41 -13 24 0 T M M 8.8 24 30 M M 8 32 20
23 65 35 50 -4 15 0 0.00 M M 8.5 22 190 M M 4 35 190
24 70 42 56 1 9 0 0.00 M M 13.0 28 120 M M 0 8 38 120
25 53 43 48 -7 17 0 0.58 M M 14.7 21 140 M M 10 13 27 90
26 48 37 43 -12 22 0 0.97 M M 8.5 20 70 M M 8 1 26 80
27 75 32 54 -2 11 0 0.04 M M 11.4 38 20 M M 2 55 20
28 57 33 45 -11 20 0 0.06 M M 16.9 29 360 M M 7 1 41 350
29 77 32 55 -1 10 0 0.00 M M 10.6 26 350 M M 1 36 10
30 69 36 53 -3 12 0 0.00 M M 6.4 16 90 M M 0 21 60
================================================================================
SM 2096 985 414 13 1.88 M 316.2 M 59
================================================================================
AV 69.9 32.8 10.5 FASTST M M 2 MAX(MPH)
MISC ----> 43 360 61 360
================================================================================
NOTES:
# LAST OF SEVERAL OCCURRENCES
COLUMN 17 PEAK WIND IN M.P.H.
PRELIMINARY LOCAL CLIMATOLOGICAL DATA (WS FORM: F-6) , PAGE 2
STATION: LAMAR CO
MONTH: APRIL
YEAR: 2023
LATITUDE: 38 4 N
LONGITUDE: 102 41 W
[TEMPERATURE DATA] [PRECIPITATION DATA] SYMBOLS USED IN COLUMN 16
AVERAGE MONTHLY: 51.4 TOTAL FOR MONTH: 1.88 1 = FOG OR MIST
DPTR FM NORMAL: -1.5 DPTR FM NORMAL: 0.82 2 = FOG REDUCING VISIBILITY
HIGHEST: 94 ON 12 GRTST 24HR 1.09 ON 25-26 TO 1/4 MILE OR LESS
LOWEST: 17 ON 5 3 = THUNDER
SNOW, ICE PELLETS, HAIL 4 = ICE PELLETS
TOTAL MONTH: M 5 = HAIL
GRTST 24HR M ON M 6 = FREEZING RAIN OR DRIZZLE
GRTST DEPTH: M ON M 7 = DUSTSTORM OR SANDSTORM:
VSBY 1/2 MILE OR LESS
8 = SMOKE OR HAZE
[NO. OF DAYS WITH] [WEATHER - DAYS WITH] 9 = BLOWING SNOW
X = TORNADO
MAX 32 OR BELOW: 0 0.01 INCH OR MORE: 8
MAX 90 OR ABOVE: 3 0.10 INCH OR MORE: 3
MIN 32 OR BELOW: 15 0.50 INCH OR MORE: 2
MIN 0 OR BELOW: 0 1.00 INCH OR MORE: 0
[HDD (BASE 65) ]
TOTAL THIS MO. 414 CLEAR (SCALE 0-3) 23
DPTR FM NORMAL 41 PTCLDY (SCALE 4-7) 4
TOTAL FM JUL 1 5538 CLOUDY (SCALE 8-10) 3
DPTR FM NORMAL 407
[CDD (BASE 65) ]
TOTAL THIS MO. 13
DPTR FM NORMAL 7 [PRESSURE DATA]
TOTAL FM JAN 1 13 HIGHEST SLP 30.34 ON 6
DPTR FM NORMAL 6 LOWEST SLP 29.14 ON 4
[REMARKS]
#FINAL-04-23#