712
CXUS52 KTBW 020626
CF6LAL
PRELIMINARY LOCAL CLIMATOLOGICAL DATA (WS FORM: F-6)
STATION: Lakeland Linder
MONTH: JULY
YEAR: 2020
LATITUDE: 28 0 N
LONGITUDE: 82 3 W
TEMPERATURE IN F: :PCPN: SNOW: WIND :SUNSHINE: SKY :PK WND
================================================================================
1 2 3 4 5 6A 6B 7 8 9 10 11 12 13 14 15 16 17 18
12Z AVG MX 2MIN
DY MAX MIN AVG DEP HDD CDD WTR SNW DPTH SPD SPD DIR MIN PSBL S-S WX SPD DR
================================================================================
1 95 77 86 3 0 21 0.00 0.0 0 4.1 15 300 M M 3 3 21 250
2 95 76 86 3 0 21 0.00 0.0 0 4.2 9 230 M M 3 25 200
3 93 76 85 2 0 20 0.12 0.0 0 7.3 21 270 M M 2 32 270
4 94 76 85 2 0 20 0.00 0.0 0 3.8 9 260 M M 3 1 M M
5 94 74 84 1 0 19 0.76 0.0 0 5.8 15 240 M M 4 13 18 220
6 92 74 83 0 0 18 0.38 0.0 0 5.1 12 240 M M 3 3 18 240
7 89 74 82 -1 0 17 0.95 0.0 0 3.2 16 180 M M 3 3 27 180
8 91 75 83 0 0 18 0.31 0.0 0 5.1 13 290 M M 3 3 16 290
9 90 76 83 0 0 18 0.00 0.0 0 7.2 16 290 M M 2 20 260
10 93 74 84 1 0 19 0.00 0.0 0 6.8 16 290 M M 3 3 21 290
11 94 78 86 3 0 21 0.90 0.0 0 5.1 9 340 M M 3 3 17 310
12 95 78 87 4 0 22 0.01 0.0 0 4.7 12 240 M M 4 1 20 260
13 94 75 85 2 0 20 0.00 0.0 0 4.5 27 300 M M 3 36 300
14 94 76 85 2 0 20 0.05 0.0 0 3.3 10 310 M M 3 3 M M
15 95 75 85 2 0 20 0.16 0.0 0 1.2 13 90 M M 4 3 23 90
16 92 71 82 -1 0 17 2.65 0.0 0 3.9 9 90 M M 2 13 M M
17 93 77 85 2 0 20 0.00 0.0 0 7.0 14 70 M M 4 3 18 90
18 91 77 84 1 0 19 0.00 0.0 0 9.4 14 90 M M 3 3 16 90
19 92 77 85 2 0 20 0.00 0.0 0 6.4 14 90 M M 4 3 16 90
20 93 77 85 2 0 20 0.02 0.0 0 8.7 21 160 M M 3 3 29 160
21 92 77 85 2 0 20 0.01 0.0 0 9.7 17 110 M M 4 3 28 130
22 91 71 81 -2 0 16 0.85 0.0 0 8.2 15 170 M M 5 3 20 170
23 86 74 80 -4 0 15 0.32 0.0 0 6.1 14 160 M M 4 28 160
24 93 73 83 -1 0 18 0.07 0.0 0 7.3 16 130 M M 4 24 130
25 93 77 85 1 0 20 0.15 0.0 0 7.2 14 110 M M 4 18 80
26 93 77 85 1 0 20 0.00 0.0 0 5.7 16 290 M M 5 3 21 290
27 93 75 84 0 0 19 0.35 0.0 0 4.3 18 270 M M 4 3 23 270
28 90 75 83 -1 0 18 0.09 0.0 0 2.7 10 150 M M 4 3 22 150
29 92 74 83 -1 0 18 0.36 0.0 0 2.8 20 250 M M 4 3 38 250
30 94 74 84 0 0 19 0.95 0.0 0 3.8 12 10 M M 2 3 21 10
31 95 78 87 3 0 22 0.02 0.0 0 0.6 6 150 M M 3 3 M M
================================================================================
SM 2871 2338 0 595 9.48 0.0 165.2 M 105
================================================================================
AV 92.6 75.4 5.3 FASTST M M 3 MAX(MPH)
MISC ----> # 27 300 # 38 250
================================================================================
NOTES:
# LAST OF SEVERAL OCCURRENCES
COLUMN 17 PEAK WIND IN M.P.H.
PRELIMINARY LOCAL CLIMATOLOGICAL DATA (WS FORM: F-6) , PAGE 2
STATION: Lakeland Linder
MONTH: JULY
YEAR: 2020
LATITUDE: 28 0 N
LONGITUDE: 82 3 W
[TEMPERATURE DATA] [PRECIPITATION DATA] SYMBOLS USED IN COLUMN 16
AVERAGE MONTHLY: 84.0 TOTAL FOR MONTH: 9.48 1 = FOG OR MIST
DPTR FM NORMAL: 2.0 DPTR FM NORMAL: 1.99 2 = FOG REDUCING VISIBILITY
HIGHEST: 95 ON 31,15 GRTST 24HR 2.65 ON 16-16 TO 1/4 MILE OR LESS
LOWEST: 71 ON 22,16 3 = THUNDER
SNOW, ICE PELLETS, HAIL 4 = ICE PELLETS
TOTAL MONTH: 0.0 INCH 5 = HAIL
GRTST 24HR 0.0 6 = FREEZING RAIN OR DRIZZLE
GRTST DEPTH: 0 7 = DUSTSTORM OR SANDSTORM:
VSBY 1/2 MILE OR LESS
8 = SMOKE OR HAZE
[NO. OF DAYS WITH] [WEATHER - DAYS WITH] 9 = BLOWING SNOW
X = TORNADO
MAX 32 OR BELOW: 0 0.01 INCH OR MORE: 21
MAX 90 OR ABOVE: 29 0.10 INCH OR MORE: 14
MIN 32 OR BELOW: 0 0.50 INCH OR MORE: 6
MIN 0 OR BELOW: 0 1.00 INCH OR MORE: 1
[HDD (BASE 65) ]
TOTAL THIS MO. 0 CLEAR (SCALE 0-3) 13
DPTR FM NORMAL 0 PTCLDY (SCALE 4-7) 18
TOTAL FM JUL 1 0 CLOUDY (SCALE 8-10) 0
DPTR FM NORMAL 0
[CDD (BASE 65) ]
TOTAL THIS MO. 595
DPTR FM NORMAL 26 [PRESSURE DATA]
TOTAL FM JAN 1 2453 HIGHEST SLP M ON M
DPTR FM NORMAL 417 LOWEST SLP M ON M
[REMARKS]
#FINAL-07-20#