000
CXUS53 KGRR 010910
CF6LAN
PRELIMINARY LOCAL CLIMATOLOGICAL DATA (WS FORM: F-6)
STATION: LANSING
MONTH: MAY
YEAR: 2022
LATITUDE: 42 46 N
LONGITUDE: 84 36 W
TEMPERATURE IN F: :PCPN: SNOW: WIND :SUNSHINE: SKY :PK WND
================================================================================
1 2 3 4 5 6A 6B 7 8 9 10 11 12 13 14 15 16 17 18
12Z AVG MX 2MIN
DY MAX MIN AVG DEP HDD CDD WTR SNW DPTH SPD SPD DIR MIN PSBL S-S WX SPD DR
================================================================================
1 63 48 56 3 9 0 0.24 0.0 0 10.2 22 210 M M 10 138 28 210
2 53 46 50 -4 15 0 0.00 0.0 0 7.9 15 270 M M 10 18 22 270
3 52 44 48 -6 17 0 1.11 0.0 0 11.6 21 30 M M 9 18 31 30
4 60 44 52 -2 13 0 0.00 0.0 0 7.8 14 70 M M 6 1 20 10
5 61 36 49 -6 16 0 0.00 0.0 0 3.6 10 160 M M 1 15 150
6 65 49 57 2 8 0 0.11 0.0 0 12.7 23 30 M M 7 33 60
7 66 43 55 0 10 0 0.00 0.0 0 11.0 20 30 M M 0 27 40
8 68 34 51 -5 14 0 0.00 0.0 0 7.8 18 140 M M 1 29 140
9 77 50 64 8 1 0 0.00 0.0 0 15.2 26 140 M M 0 38 140
10 84 60 72 16 0 7 0.00 0.0 0 11.4 22 160 M M 9 28 150
11 83 66 75 18 0 10 0.00 0.0 0 7.8 15 130 M M 2 21 130
12 87 57 72 15 0 7 0.00 0.0 0 8.1 17 160 M M 0 23 150
13 87 56 72 14 0 7 0.00 0.0 0 7.6 15 170 M M 1 23 130
14 87 63 75 17 0 10 0.35 0.0 0 8.2 26 200 M M 2 3 42 200
15 83 54 69 11 0 4 0.12 0.0 0 7.1 18 280 M M 3 1 26 280
16 75 54 65 7 0 0 0.04 0.0 0 10.0 28 260 M M 6 37 290
17 67 44 56 -3 9 0 0.00 0.0 0 8.0 17 300 M M 2 28 300
18 55 47 51 -8 14 0 0.23 0.0 0 5.3 14 100 M M 8 1 20 100
19 80 54 67 7 0 2 0.01 0.0 0 9.7 16 160 M M 6 1 24 210
20 88 67 78 18 0 13 0.00 0.0 0 13.3 26 200 M M 3 37 230
21 74 59 67 7 0 2 0.21 0.0 0 6.4 17 30 M M 7 138 23 300
22 66 48 57 -4 8 0 0.03 0.0 0 8.9 20 270 M M 7 18 26 280
23 65 45 55 -6 10 0 0.00 0.0 0 6.3 14 50 M M 4 20 40
24 70 46 58 -3 7 0 0.00 0.0 0 6.7 16 40 M M 0 22 20
25 72 50 61 -1 4 0 0.50 0.0 0 11.0 24 160 M M 5 18 34 170
26 76 66 71 9 0 6 0.09 0.0 0 8.4 18 210 M M 7 26 210
27 72 61 67 5 0 2 1.72 0.0 0 6.4 17 360 M M 8 1238 23 350
28 76 51 64 1 1 0 0.00 0.0 0 4.1 12 300 M M 2 8 19 20
29 83 61 72 9 0 7 0.00 0.0 0 10.7 18 160 M M 2 24 150
30 88 70 79 16 0 14 0.00 0.0 0 11.7 21 190 M M 0 30 180
31 90 73 82 18 0 17 0.00 0.0 0 12.3 22 210 M M 2 30 210
================================================================================
SM 2273 1646 156 108 4.76 0.0 277.2 M 130
================================================================================
AV 73.3 53.1 8.9 FASTST M M 4 MAX(MPH)
MISC ----> 28 260 42 200
================================================================================
NOTES:
# LAST OF SEVERAL OCCURRENCES
COLUMN 17 PEAK WIND IN M.P.H.
PRELIMINARY LOCAL CLIMATOLOGICAL DATA (WS FORM: F-6) , PAGE 2
STATION: LANSING
MONTH: MAY
YEAR: 2022
LATITUDE: 42 46 N
LONGITUDE: 84 36 W
[TEMPERATURE DATA] [PRECIPITATION DATA] SYMBOLS USED IN COLUMN 16
AVERAGE MONTHLY: 63.2 TOTAL FOR MONTH: 4.76 1 = FOG OR MIST
DPTR FM NORMAL: 4.8 DPTR FM NORMAL: 1.10 2 = FOG REDUCING VISIBILITY
HIGHEST: 90 ON 31 GRTST 24HR 1.80 ON 26-27 TO 1/4 MILE OR LESS
LOWEST: 34 ON 8 3 = THUNDER
SNOW, ICE PELLETS, HAIL 4 = ICE PELLETS
TOTAL MONTH: 0.0 INCH 5 = HAIL
GRTST 24HR 0.0 6 = FREEZING RAIN OR DRIZZLE
GRTST DEPTH: 0 7 = DUSTSTORM OR SANDSTORM:
VSBY 1/2 MILE OR LESS
8 = SMOKE OR HAZE
[NO. OF DAYS WITH] [WEATHER - DAYS WITH] 9 = BLOWING SNOW
X = TORNADO
MAX 32 OR BELOW: 0 0.01 INCH OR MORE: 13
MAX 90 OR ABOVE: 1 0.10 INCH OR MORE: 9
MIN 32 OR BELOW: 0 0.50 INCH OR MORE: 3
MIN 0 OR BELOW: 0 1.00 INCH OR MORE: 2
[HDD (BASE 65) ]
TOTAL THIS MO. 156 CLEAR (SCALE 0-3) 16
DPTR FM NORMAL -88 PTCLDY (SCALE 4-7) 10
TOTAL FM JUL 1 5997 CLOUDY (SCALE 8-10) 5
DPTR FM NORMAL -566
[CDD (BASE 65) ]
TOTAL THIS MO. 108
DPTR FM NORMAL 67 [PRESSURE DATA]
TOTAL FM JAN 1 117 HIGHEST SLP 30.41 ON 23
DPTR FM NORMAL 71 LOWEST SLP 29.42 ON 20
[REMARKS]
#FINAL-05-22#