000
CXUS53 KGRR 011010
CF6LAN
PRELIMINARY LOCAL CLIMATOLOGICAL DATA (WS FORM: F-6)
STATION: LANSING
MONTH: DECEMBER
YEAR: 2021
LATITUDE: 42 46 N
LONGITUDE: 84 36 W
TEMPERATURE IN F: :PCPN: SNOW: WIND :SUNSHINE: SKY :PK WND
================================================================================
1 2 3 4 5 6A 6B 7 8 9 10 11 12 13 14 15 16 17 18
12Z AVG MX 2MIN
DY MAX MIN AVG DEP HDD CDD WTR SNW DPTH SPD SPD DIR MIN PSBL S-S WX SPD DR
================================================================================
1 45 28 37 3 28 0 0.00 0.0 1 8.0 17 160 M M 7 18 24 160
2 53 38 46 13 19 0 0.00 0.0 0 14.0 28 280 M M 7 18 38 280
3 39 34 37 4 28 0 0.02 0.1 0 2.8 10 210 M M 9 18 14 210
4 44 32 38 5 27 0 0.00 0.0 0 10.6 23 280 M M 3 31 290
5 42 32 37 5 28 0 0.15 T 0 9.5 23 110 M M 10 168 36 120
6 43 23 33 1 32 0 0.01 0.3 0 16.7 32 260 M M 10 18 42 280
7 25 19 22 -10 43 0 0.00 0.0 0 8.2 20 280 M M 8 24 280
8 31 21 26 -6 39 0 0.06 1.8 2 5.8 12 200 M M 9 8 19 180
9 40 24 32 1 33 0 T T 1 10.1 22 120 M M 6 18 30 110
10 52 35 44 13 21 0 0.25 0.0 T 6.4 31 110 M M 3 18 41 110
11 60 31 46 15 19 0 0.57 T 0 18.5 39 240 M M 7 13 56 240
12 48 31 40 10 25 0 0.00 0.0 0 15.0 24 210 M M 0 33 200
13 50 30 40 10 25 0 0.00 0.0 0 9.6 18 250 M M 0 28 210
14 49 26 38 8 27 0 0.00 0.0 0 8.4 18 140 M M 2 18 26 130
15 63 44 54 24 11 0 0.15 0.0 0 14.1 28 200 M M 10 18 43 190
16 63 37 50 21 15 0 0.00 0.0 0 23.4 40 250 M M 5 8 56 250
17 40 31 36 7 29 0 0.00 0.0 0 8.9 24 260 M M 2 35 260
18 33 30 32 3 33 0 0.24 2.3 1 8.4 14 60 M M 10 18 19 350
19 34 29 32 3 33 0 0.00 0.0 2 5.1 14 160 M M 9 18 160
20 41 28 35 7 30 0 0.00 0.0 2 11.5 22 230 M M 1 8 33 210
21 39 19 29 1 36 0 T T 2 10.2 31 270 M M 5 18 42 270
22 32 22 27 -1 38 0 T T 1 12.3 25 300 M M 10 8 37 300
23 39 21 30 2 35 0 T T 1 8.4 21 160 M M 9 8 28 170
24 51 29 40 13 25 0 0.05 0.0 T 7.5 15 180 M M 8 128 22 180
25 52 29 41 14 24 0 0.12 0.0 0 5.5 15 340 M M 7 18 21 350
26 38 24 31 4 34 0 0.00 0.0 0 5.3 16 90 M M 2 18 23 80
27 39 30 35 8 30 0 0.31 1.1 1 11.5 23 260 M M 9 126 30 260
28 36 30 33 7 32 0 0.17 1.2 1 7.1 18 250 M M 6 12 23 250
29 38 29 34 8 31 0 0.00 0.0 2 7.2 22 270 M M 9 18 30 270
30 34 27 31 5 34 0 T T 2 6.1 13 150 M M 10 18 17 130
31 42 34 38 12 27 0 0.02 0.0 1 5.7 12 200 M M 10 18 14 200
================================================================================
SM 1335 897 891 0 2.12 6.8 301.8 M 203
================================================================================
AV 43.1 28.9 9.7 FASTST M M 7 MAX(MPH)
MISC ----> 40 250 # 56 240
================================================================================
NOTES:
# LAST OF SEVERAL OCCURRENCES
COLUMN 17 PEAK WIND IN M.P.H.
PRELIMINARY LOCAL CLIMATOLOGICAL DATA (WS FORM: F-6) , PAGE 2
STATION: LANSING
MONTH: DECEMBER
YEAR: 2021
LATITUDE: 42 46 N
LONGITUDE: 84 36 W
[TEMPERATURE DATA] [PRECIPITATION DATA] SYMBOLS USED IN COLUMN 16
AVERAGE MONTHLY: 36.0 TOTAL FOR MONTH: 2.12 1 = FOG OR MIST
DPTR FM NORMAL: 6.5 DPTR FM NORMAL: 0.22 2 = FOG REDUCING VISIBILITY
HIGHEST: 63 ON 16,15 GRTST 24HR 0.82 ON 10-11 TO 1/4 MILE OR LESS
LOWEST: 19 ON 21, 7 3 = THUNDER
SNOW, ICE PELLETS, HAIL 4 = ICE PELLETS
TOTAL MONTH: 7.1 INCHES 5 = HAIL
GRTST 24HR 2.3 ON 18-18 6 = FREEZING RAIN OR DRIZZLE
GRTST DEPTH: 4 ON M 7 = DUSTSTORM OR SANDSTORM:
VSBY 1/2 MILE OR LESS
8 = SMOKE OR HAZE
[NO. OF DAYS WITH] [WEATHER - DAYS WITH] 9 = BLOWING SNOW
X = TORNADO
MAX 32 OR BELOW: 3 0.01 INCH OR MORE: 13
MAX 90 OR ABOVE: 0 0.10 INCH OR MORE: 8
MIN 32 OR BELOW: 25 0.50 INCH OR MORE: 1
MIN 0 OR BELOW: 0 1.00 INCH OR MORE: 0
[HDD (BASE 65) ]
TOTAL THIS MO. 891 CLEAR (SCALE 0-3) 7
DPTR FM NORMAL -209 PTCLDY (SCALE 4-7) 10
TOTAL FM JUL 1 1963 CLOUDY (SCALE 8-10) 14
DPTR FM NORMAL -519
[CDD (BASE 65) ]
TOTAL THIS MO. 0
DPTR FM NORMAL 0 [PRESSURE DATA]
TOTAL FM JAN 1 971 HIGHEST SLP 30.52 ON 14
DPTR FM NORMAL 314 LOWEST SLP 29.14 ON 11
[REMARKS]
#FINAL-12-21#