000
CXUS55 KCYS 041716 CCA
CF6LAR
PRELIMINARY LOCAL CLIMATOLOGICAL DATA (WS FORM: F-6)...CORRECTED
STATION: LARAMIE WYOMING AIRPORT
MONTH: JULY
YEAR: 2022
LATITUDE: 41 18 N
LONGITUDE: 105 40 W
TEMPERATURE IN F: :PCPN: SNOW: WIND :SUNSHINE: SKY :PK WND
================================================================================
1 2 3 4 5 6A 6B 7 8 9 10 11 12 13 14 15 16 17 18
12Z AVG MX 2MIN
DY MAX MIN AVG DEP HDD CDD WTR SNW DPTH SPD SPD DIR MIN PSBL S-S WX SPD DR
================================================================================
1 76 47 62 0 3 0 0.35 M M 8.3 36 320 M M 1 3 47 320
2 80 47 64 1 1 0 0.00 M M 10.5 29 150 M M 1 37 150
3 82 54 68 5 0 3 0.05 M M 10.4 36 260 M M 2 3 46 260
4 84 49 67 4 0 2 0.00 M M 11.9 31 230 M M 1 39 230
5 83 53 68 5 0 3 T M M 11.7 36 290 M M 2 3 45 280
6 77 57 67 3 0 2 T M M 8.8 22 120 M M 5 29 310
7 79 50 65 1 0 0 0.02 M M 10.4 30 290 M M 3 3 39 290
8 85 51 68 4 0 3 T M M 12.2 25 140 M M 2 35 300
9 91 51 71 7 0 6 0.00 M M 9.6 23 230 M M 0 30 200
10 90 53 72 8 0 7 0.00 M M 14.0 32 200 M M 1 51 240
11 82 47 65 0 0 0 0.00 M M 10.6 26 140 M M 2 33 150
12 89 49 69 4 0 4 0.00 M M 10.4 22 150 M M 0 39 270
13 87 51 69 4 0 4 T M M 10.5 30 260 M M 2 3 45 270
14 85 57 71 6 0 6 0.11 M M 9.4 30 170 M M 3 38 42 170
15 83 58 71 6 0 6 0.14 M M 9.2 33 220 M M 5 3 49 220
16 85 57 71 6 0 6 0.03 M M 10.6 26 340 M M 2 36 350
17 88 51 70 5 0 5 0.00 M M 8.8 22 140 M M 0 29 140
18 91 56 74 8 0 9 0.00 M M 15.3 38 280 M M 0 45 280
19 89 57 73 7 0 8 0.00 M M 16.7 32 280 M M 1 45 280
20 87 55 71 5 0 6 0.00 M M 10.6 26 330 M M 2 36 330
21 87 47 67 1 0 2 0.00 M M 10.0 24 310 M M 0 33 290
22 88 50 69 3 0 4 T M M 8.3 24 290 M M 1 32 340
23 83 54 69 3 0 4 0.04 M M 9.0 32 310 M M 3 3 44 310
24 68 51 60 -6 5 0 0.11 M M 10.5 25 240 M M 4 1 37 250
25 84 47 66 0 0 1 T M M 8.9 31 300 M M 2 40 300
26 80 50 65 -1 0 0 0.00 M M 10.7 24 150 M M 2 3 35 140
27 85 52 69 3 0 4 0.00 M M 9.7 24 150 M M 1 34 150
28 75 49 62 -4 3 0 0.03 M M 12.3 31 350 M M 3 3 45 350
29 81 47 64 -2 1 0 0.00 M M 8.7 24 150 M M 0 1 31 140
30 84 49 67 1 0 2 0.02 M M 8.4 21 320 M M 2 27 330
31 81 54 68 3 0 3 0.06 M M 7.9 22 230 M M 2 3 36 250
================================================================================
SM 2589 1600 13 100 0.96 M 324.3 M 55
================================================================================
AV 83.5 51.6 10.5 FASTST M M 2 MAX(MPH)
MISC ----> 38 280 51 240
================================================================================
NOTES:
# LAST OF SEVERAL OCCURRENCES
COLUMN 17 PEAK WIND IN M.P.H.
PRELIMINARY LOCAL CLIMATOLOGICAL DATA (WS FORM: F-6) , PAGE 2
STATION: LARAMIE WYOMING AIRPORT
MONTH: JULY
YEAR: 2022
LATITUDE: 41 18 N
LONGITUDE: 105 40 W
[TEMPERATURE DATA] [PRECIPITATION DATA] SYMBOLS USED IN COLUMN 16
AVERAGE MONTHLY: 67.6 TOTAL FOR MONTH: 0.96 1 = FOG OR MIST
DPTR FM NORMAL: 2.8 DPTR FM NORMAL: -0.38 2 = FOG REDUCING VISIBILITY
HIGHEST: 91 ON 18, 9 GRTST 24HR 0.77 ON 30- 1 TO 1/4 MILE OR LESS
LOWEST: 47 ON 29,25 3 = THUNDER
SNOW, ICE PELLETS, HAIL 4 = ICE PELLETS
TOTAL MONTH: M 5 = HAIL
GRTST 24HR M ON M 6 = FREEZING RAIN OR DRIZZLE
GRTST DEPTH: M ON M 7 = DUSTSTORM OR SANDSTORM:
VSBY 1/2 MILE OR LESS
8 = SMOKE OR HAZE
[NO. OF DAYS WITH] [WEATHER - DAYS WITH] 9 = BLOWING SNOW
X = TORNADO
MAX 32 OR BELOW: 0 0.01 INCH OR MORE: 11
MAX 90 OR ABOVE: 3 0.10 INCH OR MORE: 4
MIN 32 OR BELOW: 0 0.50 INCH OR MORE: 0
MIN 0 OR BELOW: 0 1.00 INCH OR MORE: 0
[HDD (BASE 65) ]
TOTAL THIS MO. 13 CLEAR (SCALE 0-3) 28
DPTR FM NORMAL -43 PTCLDY (SCALE 4-7) 3
TOTAL FM JUL 1 13 CLOUDY (SCALE 8-10) 0
DPTR FM NORMAL -39
[CDD (BASE 65) ]
TOTAL THIS MO. 100
DPTR FM NORMAL 51 [PRESSURE DATA]
TOTAL FM JAN 1 125 HIGHEST SLP 30.14 ON 24
DPTR FM NORMAL 66 LOWEST SLP 29.73 ON 3
[REMARKS]
JULY 1...RECORD PRECIPITATION 0.35" (PREVIOUS 0.27" IN 1966)
JULY 14...RECORD HIGH LOW 57 DEGREES (PREVIOUS 56 DEGREES IN 2004)
JULY 16...RECORD HIGH LOW 57 DEGREES (PREVIOUS 55 DEGREES IN 1996)
JULY 18...RECORD HIGH 91 DEGREES (PREVIOUS 89 DEGREES IN 2020)
JULY 19...TIED RECORD HIGH LOW 57 DEGREES PREVIOUSLY SET IN 2017
MEAN TEMPERATURE 67.6 DEGREES WAS 3RD WARMEST JULY
#FINAL-07-22#