000
CXUS55 KCYS 011826
CLMLAR
CLIMATE REPORT
NATIONAL WEATHER SERVICE CHEYENNE WY
1126 AM MST FRI DEC 01 2023
...................................
...THE LARAMIE WYOMING AIRPORT CLIMATE SUMMARY FOR THE MONTH OF NOVEMBER 2023...
CLIMATE NORMAL PERIOD 1991 TO 2020
CLIMATE RECORD PERIOD 1948 TO 2023
WEATHER OBSERVED NORMAL DEPART LAST YEAR`S
VALUE DATE(S) VALUE FROM VALUE DATE(S)
NORMAL
................................................................
TEMPERATURE (F)
RECORD
HIGH 70 11/15/1999
LOW -26 11/25/1993
HIGHEST 64 11/05 MM MM 62
LOWEST 2 11/25 17 -15 -9
AVG. MAXIMUM 49.1 42.5 6.6 39.2
AVG. MINIMUM 22.3 18.0 4.3 12.4
MEAN 35.7 30.2 5.5 25.8
DAYS MAX >= 90 0 0.0 0.0 0
DAYS MAX <= 32 3 6.9 -3.9 10
DAYS MIN <= 32 25 27.8 -2.8 30
DAYS MIN <= 0 0 2.4 -2.4 3
PRECIPITATION (INCHES)
RECORD
MAXIMUM 2.62 1983
TOTALS 0.05 0.42 -0.37 0.42
DAYS >= .01 3 5.1 -2.1 7
DAYS >= .10 0 1.5 -1.5 1
DAYS >= .50 0 0.0 0.0 0
DAYS >= 1.00 0 0.0 0.0 0
GREATEST
24 HR. TOTAL 0.03 11/20 TO 11/20 0.16 11/26 TO 11/27
11/28 TO 11/29
DEGREE DAYS
HEATING TOTAL 874 1042 -168 1170
SINCE 7/1 1859 2227 -368 MM
COOLING TOTAL 0 0 0 0
SINCE 1/1 139 85 54 MM
................................................................
WIND (MPH)
AVERAGE WIND SPEED 11.6
HIGHEST WIND SPEED/DIRECTION 38/250 DATE 11/03
38/250 11/05
HIGHEST GUST SPEED/DIRECTION 50/260 DATE 11/03
50/260 11/05
SKY COVER
POSSIBLE SUNSHINE (PERCENT) MM
AVERAGE SKY COVER 0.24
NUMBER OF DAYS FAIR 21
NUMBER OF DAYS PC 7
NUMBER OF DAYS CLOUDY 2
AVERAGE RH (PERCENT) 45
WEATHER CONDITIONS. NUMBER OF DAYS WITH
THUNDERSTORM 0 MIXED PRECIP 0
HEAVY RAIN 0 RAIN 1
LIGHT RAIN 2 FREEZING RAIN 0
LT FREEZING RAIN 0 HAIL 0
HEAVY SNOW 0 SNOW 0
LIGHT SNOW 5 SLEET 0
FOG 0 FOG W/VIS <= 1/4 MILE 0
HAZE 2
- INDICATES NEGATIVE NUMBERS.
R INDICATES RECORD WAS SET OR TIED.
MM INDICATES DATA IS MISSING.
T INDICATES TRACE AMOUNT.
$$