000
CXUS55 KVEF 010910
CF6LAS
PRELIMINARY LOCAL CLIMATOLOGICAL DATA (WS FORM: F-6)
STATION: LAS VEGAS NV
MONTH: MARCH
YEAR: 2023
LATITUDE: 36 4 N
LONGITUDE: 115 10 W
TEMPERATURE IN F: :PCPN: SNOW: WIND :SUNSHINE: SKY :PK WND
================================================================================
1 2 3 4 5 6A 6B 7 8 9 10 11 12 13 14 15 16 17 18
12Z AVG MX 2MIN
DY MAX MIN AVG DEP HDD CDD WTR SNW DPTH SPD SPD DIR MIN PSBL S-S WX SPD DR
================================================================================
1 48 38 43 -14 22 0 0.22 0.0 0 11.7 25 330 M M 9 1 36 320
2 56 43 50 -7 15 0 0.00 0.0 0 13.9 32 350 M M 3 44 340
3 59 37 48 -9 17 0 0.00 0.0 0 4.4 12 90 M M 2 17 80
4 63 39 51 -7 14 0 0.00 0.0 0 10.6 28 200 M M 5 42 220
5 59 44 52 -6 13 0 0.00 0.0 0 14.9 25 230 M M 5 39 190
6 56 45 51 -7 14 0 0.00 0.0 0 11.2 23 230 M M 7 35 220
7 61 43 52 -7 13 0 0.00 0.0 0 4.8 14 200 M M 6 18 200
8 64 47 56 -3 9 0 0.00 0.0 0 9.5 28 260 M M 7 40 280
9 68 42 55 -4 10 0 0.00 0.0 0 5.7 14 170 M M 8 23 170
10 71 61 66 7 0 1 T 0.0 0 12.8 29 220 M M 9 44 210
11 74 60 67 7 0 2 0.00 0.0 0 15.2 26 270 M M 6 35 250
12 72 54 63 3 2 0 0.00 0.0 0 6.2 16 230 M M 4 24 230
13 72 52 62 2 3 0 0.00 0.0 0 5.3 14 220 M M 4 21 230
14 67 57 62 2 3 0 0.12 0.0 0 8.3 18 180 M M 9 28 180
15 68 51 60 -1 5 0 0.04 0.0 0 10.1 32 350 M M 8 3 42 350
16 61 47 54 -7 11 0 0.00 0.0 0 8.1 20 10 M M 3 25 80
17 63 42 53 -8 12 0 0.00 0.0 0 7.0 20 60 M M 1 27 50
18 63 43 53 -8 12 0 0.00 0.0 0 6.7 18 40 M M 4 24 40
19 60 49 55 -7 10 0 T 0.0 0 4.2 18 200 M M 9 30 220
20 66 50 58 -4 7 0 0.00 0.0 0 7.6 24 230 M M 8 32 230
21 60 45 53 -9 12 0 0.11 0.0 0 9.2 24 230 M M 9 40 220
22 60 45 53 -9 12 0 T 0.0 0 14.1 28 260 M M 5 40 250
23 61 44 53 -10 12 0 0.00 0.0 0 6.0 15 260 M M 4 23 190
24 63 44 54 -9 11 0 T 0.0 0 9.7 30 340 M M 2 40 340
25 57 45 51 -12 14 0 0.00 0.0 0 8.7 18 50 M M 5 23 40
26 59 42 51 -12 14 0 0.00 0.0 0 10.7 28 340 M M 3 39 340
27 57 39 48 -15 17 0 0.00 0.0 0 10.9 22 20 M M 3 32 340
28 72 45 59 -5 6 0 0.00 0.0 0 5.8 17 250 M M 6 24 250
29 66 48 57 -7 8 0 T 0.0 0 11.8 26 240 M M 7 39 220
30 57 43 50 -14 15 0 0.01 0.0 0 9.1 29 260 M M 6 38 260
31 67 40 54 -10 11 0 0.00 0.0 0 5.6 16 70 M M 2 25 70
================================================================================
SM 1950 1424 324 3 0.50 0.0 279.8 M 169
================================================================================
AV 62.9 45.9 9.0 FASTST M M 5 MAX(MPH)
MISC ----> # 32 350 # 44 340
================================================================================
NOTES:
# LAST OF SEVERAL OCCURRENCES
COLUMN 17 PEAK WIND IN M.P.H.
PRELIMINARY LOCAL CLIMATOLOGICAL DATA (WS FORM: F-6) , PAGE 2
STATION: LAS VEGAS NV
MONTH: MARCH
YEAR: 2023
LATITUDE: 36 4 N
LONGITUDE: 115 10 W
[TEMPERATURE DATA] [PRECIPITATION DATA] SYMBOLS USED IN COLUMN 16
AVERAGE MONTHLY: 54.4 TOTAL FOR MONTH: 0.50 1 = FOG OR MIST
DPTR FM NORMAL: -6.4 DPTR FM NORMAL: 0.08 2 = FOG REDUCING VISIBILITY
HIGHEST: 74 ON 11 GRTST 24HR 0.22 ON 1- 1 TO 1/4 MILE OR LESS
LOWEST: 37 ON 3 3 = THUNDER
SNOW, ICE PELLETS, HAIL 4 = ICE PELLETS
TOTAL MONTH: 0.0 INCH 5 = HAIL
GRTST 24HR 0.0 6 = FREEZING RAIN OR DRIZZLE
GRTST DEPTH: 0 7 = DUSTSTORM OR SANDSTORM:
VSBY 1/2 MILE OR LESS
8 = SMOKE OR HAZE
[NO. OF DAYS WITH] [WEATHER - DAYS WITH] 9 = BLOWING SNOW
X = TORNADO
MAX 32 OR BELOW: 0 0.01 INCH OR MORE: 5
MAX 90 OR ABOVE: 0 0.10 INCH OR MORE: 3
MIN 32 OR BELOW: 0 0.50 INCH OR MORE: 0
MIN 0 OR BELOW: 0 1.00 INCH OR MORE: 0
[HDD (BASE 65) ]
TOTAL THIS MO. 324 CLEAR (SCALE 0-3) 6
DPTR FM NORMAL 158 PTCLDY (SCALE 4-7) 19
TOTAL FM JUL 1 2229 CLOUDY (SCALE 8-10) 6
DPTR FM NORMAL 459
[CDD (BASE 65) ]
TOTAL THIS MO. 3
DPTR FM NORMAL -33 [PRESSURE DATA]
TOTAL FM JAN 1 3 HIGHEST SLP M ON M
DPTR FM NORMAL -34 LOWEST SLP 27.56 ON 30
[REMARKS]
#FINAL-03-23#