000
CXUS55 KVEF 011115
CF6LAS
PRELIMINARY LOCAL CLIMATOLOGICAL DATA (WS FORM: F-6)
STATION: LAS VEGAS NV
MONTH: JANUARY
YEAR: 2023
LATITUDE: 36 4 N
LONGITUDE: 115 10 W
TEMPERATURE IN F: :PCPN: SNOW: WIND :SUNSHINE: SKY :PK WND
================================================================================
1 2 3 4 5 6A 6B 7 8 9 10 11 12 13 14 15 16 17 18
12Z AVG MX 2MIN
DY MAX MIN AVG DEP HDD CDD WTR SNW DPTH SPD SPD DIR MIN PSBL S-S WX SPD DR
================================================================================
1 56 46 51 3 14 0 0.12 0.0 0 9.2 25 230 M M 8 41 210
2 52 38 45 -3 20 0 T 0.0 0 4.3 16 200 M M 6 22 190
3 54 42 48 0 17 0 T 0.0 0 3.8 13 180 M M 8 18 190
4 50 40 45 -3 20 0 0.00 0.0 0 2.5 8 60 M M 8 11 40
5 52 44 48 0 17 0 0.14 0.0 0 5.2 23 260 M M 8 1 32 270
6 59 40 50 2 15 0 0.00 0.0 0 4.0 14 200 M M 1 21 190
7 54 38 46 -2 19 0 0.00 0.0 0 2.4 7 100 M M 6 11 340
8 56 40 48 -1 17 0 0.00 0.0 0 3.7 10 80 M M 6 12 90
9 56 47 52 3 13 0 0.03 0.0 0 3.7 14 300 M M 10 20 180
10 61 46 54 5 11 0 0.11 0.0 0 11.9 29 220 M M 7 3 42 260
11 56 39 48 -1 17 0 0.00 0.0 0 4.4 14 220 M M 5 19 240
12 58 38 48 -1 17 0 0.00 0.0 0 4.0 10 60 M M 6 13 70
13 58 41 50 1 15 0 0.00 0.0 0 2.8 8 220 M M 9 10 20
14 57 43 50 1 15 0 0.09 0.0 0 6.0 17 190 M M 7 31 190
15 55 46 51 2 14 0 0.00 0.0 0 11.0 22 250 M M 7 8 32 230
16 59 44 52 2 13 0 0.13 0.0 0 10.6 25 240 M M 6 3 43 230
17 52 42 47 -3 18 0 0.00 0.0 0 8.6 26 340 M M 8 35 350
18 52 37 45 -5 20 0 0.00 0.0 0 5.9 23 330 M M 2 32 310
19 50 33 42 -8 23 0 T 0.0 0 4.8 18 350 M M 7 27 330
20 51 41 46 -4 19 0 0.00 0.0 0 16.1 26 340 M M 3 42 350
21 52 34 43 -7 22 0 0.00 0.0 0 5.1 18 360 M M 0 23 350
22 53 33 43 -7 22 0 0.00 0.0 0 11.3 30 320 M M 3 43 330
23 54 39 47 -3 18 0 0.00 0.0 0 16.8 28 30 M M 2 39 330
24 57 35 46 -4 19 0 0.00 0.0 0 8.0 24 360 M M 0 36 20
25 56 36 46 -4 19 0 0.00 0.0 0 8.3 18 20 M M 1 23 20
26 57 41 49 -1 16 0 0.00 0.0 0 8.3 22 50 M M 1 28 60
27 57 35 46 -5 19 0 0.00 0.0 0 4.0 9 80 M M 2 13 70
28 56 36 46 -5 19 0 0.00 0.0 0 3.4 9 90 M M 1 14 90
29 58 37 48 -3 17 0 T 0.0 0 6.8 22 230 M M 3 32 210
30 48 38 43 -8 22 0 0.06 0.0 0 8.8 22 20 M M 9 1 30 20
31 49 31 40 -11 25 0 0.00 0.0 0 11.5 24 20 M M 2 34 30
================================================================================
SM 1695 1220 552 0 0.68 0.0 217.2 M 152
================================================================================
AV 54.7 39.4 7.0 FASTST M M 5 MAX(MPH)
MISC ----> 30 320 # 43 230
================================================================================
NOTES:
# LAST OF SEVERAL OCCURRENCES
COLUMN 17 PEAK WIND IN M.P.H.
PRELIMINARY LOCAL CLIMATOLOGICAL DATA (WS FORM: F-6) , PAGE 2
STATION: LAS VEGAS NV
MONTH: JANUARY
YEAR: 2023
LATITUDE: 36 4 N
LONGITUDE: 115 10 W
[TEMPERATURE DATA] [PRECIPITATION DATA] SYMBOLS USED IN COLUMN 16
AVERAGE MONTHLY: 47.0 TOTAL FOR MONTH: 0.68 1 = FOG OR MIST
DPTR FM NORMAL: -2.5 DPTR FM NORMAL: 0.12 2 = FOG REDUCING VISIBILITY
HIGHEST: 61 ON 10 GRTST 24HR 0.26 ON 9-10 TO 1/4 MILE OR LESS
LOWEST: 31 ON 31 3 = THUNDER
SNOW, ICE PELLETS, HAIL 4 = ICE PELLETS
TOTAL MONTH: 0.0 INCH 5 = HAIL
GRTST 24HR 0.0 6 = FREEZING RAIN OR DRIZZLE
GRTST DEPTH: 0 7 = DUSTSTORM OR SANDSTORM:
VSBY 1/2 MILE OR LESS
8 = SMOKE OR HAZE
[NO. OF DAYS WITH] [WEATHER - DAYS WITH] 9 = BLOWING SNOW
X = TORNADO
MAX 32 OR BELOW: 0 0.01 INCH OR MORE: 7
MAX 90 OR ABOVE: 0 0.10 INCH OR MORE: 4
MIN 32 OR BELOW: 1 0.50 INCH OR MORE: 0
MIN 0 OR BELOW: 0 1.00 INCH OR MORE: 0
[HDD (BASE 65) ]
TOTAL THIS MO. 552 CLEAR (SCALE 0-3) 12
DPTR FM NORMAL 72 PTCLDY (SCALE 4-7) 15
TOTAL FM JUL 1 1471 CLOUDY (SCALE 8-10) 4
DPTR FM NORMAL 189
[CDD (BASE 65) ]
TOTAL THIS MO. 0
DPTR FM NORMAL 0 [PRESSURE DATA]
TOTAL FM JAN 1 0 HIGHEST SLP 30.58 ON 26
DPTR FM NORMAL 0 LOWEST SLP 29.48 ON 1
[REMARKS]
#FINAL-01-23#