000
CXUS54 KOUN 010810
CF6LAW
PRELIMINARY LOCAL CLIMATOLOGICAL DATA (WS FORM: F-6)
STATION: LAWTON
MONTH: SEPTEMBER
YEAR: 2022
LATITUDE: 34 34 N
LONGITUDE: 98 25 W
TEMPERATURE IN F: :PCPN: SNOW: WIND :SUNSHINE: SKY :PK WND
================================================================================
1 2 3 4 5 6A 6B 7 8 9 10 11 12 13 14 15 16 17 18
12Z AVG MX 2MIN
DY MAX MIN AVG DEP HDD CDD WTR SNW DPTH SPD SPD DIR MIN PSBL S-S WX SPD DR
================================================================================
1 88 73 81 1 0 16 0.04 0.0 0 5.0 14 200 M M 4 19 180
2 96 73 85 5 0 20 0.00 0.0 0 5.9 20 250 M M 1 3 26 250
3 99 68 84 5 0 19 T 0.0 0 4.3 15 40 M M 1 20 30
4 95 65 80 1 0 15 0.00 0.0 0 4.7 16 30 M M 1 22 20
5 96 59 78 -1 0 13 0.00 0.0 0 5.1 15 130 M M 0 1 17 140
6 96 61 79 1 0 14 0.00 0.0 0 4.6 14 20 M M 0 17 10
7 96 65 81 3 0 16 0.00 0.0 0 8.3 18 50 M M 0 26 50
8 91 65 78 0 0 13 0.00 0.0 0 6.2 16 110 M M 0 20 110
9 92 62 77 0 0 12 0.00 0.0 0 7.4 17 160 M M 0 22 160
10 93 58 76 -1 0 11 0.00 0.0 0 7.5 31 360 M M 1 38 10
11 81 56 69 -8 0 4 0.01 0.0 0 10.7 24 10 M M 4 31 360
12 87 52 70 -6 0 5 0.00 0.0 0 4.7 12 190 M M 2 19 170
13 95 60 78 2 0 13 0.00 0.0 0 8.4 20 170 M M 1 26 160
14 93 65 79 3 0 14 0.00 0.0 0 9.8 21 130 M M 0 27 110
15 92 63 78 3 0 13 0.00 0.0 0 10.3 20 130 M M 0 26 130
16 95 67 81 6 0 16 0.00 0.0 0 12.2 22 160 M M 0 28 160
17 98 72 85 10 0 20 0.00 0.0 0 13.1 22 180 M M 1 29 180
18 99 72 86 12 0 21 0.00 0.0 0 11.2 21 180 M M 1 26 170
19 99 66 83 9 0 18 0.00 0.0 0 7.4 20 160 M M 1 26 160
20 99 66 83 9 0 18 0.00 0.0 0 6.8 17 190 M M 0 22 180
21 100 70 85 12 0 20 0.00 0.0 0 7.0 15 170 M M 3 21 180
22 89 62 76 3 0 11 0.00 0.0 M 12.6 23 10 M M 0 28 20
23 96 59 78 6 0 13 0.00 0.0 M 8.5 16 210 M M 0 23 200
24 98 60 79 7 0 14 0.00 0.0 M 6.9 18 190 M M 0 24 210
25 94 62 78 6 0 13 0.00 0.0 M 10.8 26 10 M M 0 33 10
26 90 50 70 -1 0 5 0.00 0.0 M 2.5 14 70 M M 0 8 17 30
27 95 51 73 2 0 8 0.00 0.0 M 6.8 18 190 M M 0 8 26 180
28 95 53 74 3 0 9 0.00 0.0 M 6.8 16 180 M M 0 22 200
29 85 60 73 3 0 8 0.00 0.0 0 10.4 21 130 M M 0 26 130
30 84 56 70 0 0 5 0.00 0.0 0 6.8 16 170 M M 0 21 120
================================================================================
SM 2806 1871 0 397 0.05 0.0 232.7 M 21
================================================================================
AV 93.5 62.4 7.8 FASTST M M 1 MAX(MPH)
MISC ----> 31 360 38 10
================================================================================
NOTES:
# LAST OF SEVERAL OCCURRENCES
COLUMN 17 PEAK WIND IN M.P.H.
PRELIMINARY LOCAL CLIMATOLOGICAL DATA (WS FORM: F-6) , PAGE 2
STATION: LAWTON
MONTH: SEPTEMBER
YEAR: 2022
LATITUDE: 34 34 N
LONGITUDE: 98 25 W
[TEMPERATURE DATA] [PRECIPITATION DATA] SYMBOLS USED IN COLUMN 16
AVERAGE MONTHLY: 78.0 TOTAL FOR MONTH: 0.05 1 = FOG OR MIST
DPTR FM NORMAL: 2.8 DPTR FM NORMAL: -2.75 2 = FOG REDUCING VISIBILITY
HIGHEST: 100 ON 21 GRTST 24HR 0.04 ON 1- 1 TO 1/4 MILE OR LESS
LOWEST: 50 ON 26 3 = THUNDER
SNOW, ICE PELLETS, HAIL 4 = ICE PELLETS
TOTAL MONTH: 0.0 INCH 5 = HAIL
GRTST 24HR 0.0 6 = FREEZING RAIN OR DRIZZLE
GRTST DEPTH: 0 7 = DUSTSTORM OR SANDSTORM:
VSBY 1/2 MILE OR LESS
8 = SMOKE OR HAZE
[NO. OF DAYS WITH] [WEATHER - DAYS WITH] 9 = BLOWING SNOW
X = TORNADO
MAX 32 OR BELOW: 0 0.01 INCH OR MORE: 2
MAX 90 OR ABOVE: 24 0.10 INCH OR MORE: 0
MIN 32 OR BELOW: 0 0.50 INCH OR MORE: 0
MIN 0 OR BELOW: 0 1.00 INCH OR MORE: 0
[HDD (BASE 65) ]
TOTAL THIS MO. 0 CLEAR (SCALE 0-3) 28
DPTR FM NORMAL -11 PTCLDY (SCALE 4-7) 2
TOTAL FM JUL 1 0 CLOUDY (SCALE 8-10) 0
DPTR FM NORMAL -7
[CDD (BASE 65) ]
TOTAL THIS MO. 397
DPTR FM NORMAL 83 [PRESSURE DATA]
TOTAL FM JAN 1 2741 HIGHEST SLP M ON M
DPTR FM NORMAL 511 LOWEST SLP 29.74 ON 9
[REMARKS]
#FINAL-09-22#