000
CXUS56 KLOX 011256
CF6LAX
PRELIMINARY LOCAL CLIMATOLOGICAL DATA (WS FORM: F-6)
STATION: LOS ANGELES INTL AIRPORT CA
MONTH: DECEMBER
YEAR: 2023
LATITUDE: 33 55 N
LONGITUDE: 118 24 W
TEMPERATURE IN F: :PCPN: SNOW: WIND :SUNSHINE: SKY :PK WND
================================================================================
1 2 3 4 5 6A 6B 7 8 9 10 11 12 13 14 15 16 17 18
12Z AVG MX 2MIN
DY MAX MIN AVG DEP HDD CDD WTR SNW DPTH SPD SPD DIR MIN PSBL S-S WX SPD DR
================================================================================
1 68 55 62 3 3 0 0.00 M M 10.9 28 330 M M 3 43 310
2 71 48 60 1 5 0 0.00 M M 5.1 13 250 M M 2 18 140
3 66 49 58 -1 7 0 0.00 M M 4.3 12 260 M M 3 15 280
4 72 51 62 4 3 0 0.00 M M 4.0 13 280 M M 5 1 18 280
5 83 54 69 11 0 4 0.00 M M 5.3 14 260 M M 2 17 240
6 70 54 62 4 3 0 0.00 M M 6.7 23 260 M M 2 27 260
7 66 53 60 2 5 0 0.00 M M 6.5 15 260 M M 3 18 25 300
8 69 52 61 3 4 0 0.00 M M 7.1 15 270 M M 2 24 330
9 73 49 61 3 4 0 0.00 M M 3.1 10 330 M M 2 16 340
10 77 51 64 6 1 0 0.00 M M 7.2 13 270 M M 3 18 360
11 73 50 62 4 3 0 0.00 M M 5.1 10 270 M M 5 16 260
12 66 50 58 0 7 0 0.00 M M 6.1 12 270 M M 4 12 16 30
13 65 54 60 3 5 0 0.00 M M 5.0 14 280 M M 3 8 20 280
14 75 47 61 4 4 0 0.00 M M 5.4 15 280 M M 5 1 19 280
15 80 52 66 9 0 1 0.00 M M 6.1 12 270 M M 5 19 320
16 79 56 68 11 0 3 0.00 M M 6.4 18 270 M M 6 23 260
17 75 54 65 8 0 0 0.00 M M 5.5 16 270 M M 7 20 290
18 72 57 65 8 0 0 0.01 M M 5.6 15 270 M M 8 20 290
19 67 58 63 6 2 0 0.10 M M 5.3 12 240 M M 10 1 19 150
20 64 59 62 5 3 0 1.01 M M 7.9 15 140 M M 9 18 21 140
21 64 58 61 4 4 0 1.33 M M 8.6 15 50 M M 9 13 29 80
22 69 57 63 6 2 0 0.50 M M 8.1 22 80 M M 8 1 33 60
23 66 51 59 2 6 0 0.00 M M 5.9 15 250 M M 6 19 260
24 64 54 59 2 6 0 T M M 5.0 15 280 M M 5 1 20 290
25 65 49 57 0 8 0 0.00 M M 5.6 14 270 M M 5 1 18 290
26 65 52 59 2 6 0 0.00 M M 5.0 13 280 M M 6 1 16 290
27 62 52 57 0 8 0 0.00 M M 5.6 17 270 M M 7 18 20 270
28 64 50 57 0 8 0 0.00 M M 5.6 14 270 M M 4 18 18 280
29 65 52 59 2 6 0 0.00 M M 3.9 14 260 M M 8 18 17 260
30 62 54 58 1 7 0 0.62 M M 8.5 23 270 M M 7 1 26 280
31 60 51 56 -1 9 0 T M M 4.9 12 110 M M 7 1 19 180
================================================================================
SM 2137 1633 129 8 3.57 M 185.3 M 161
================================================================================
AV 68.9 52.7 6.0 FASTST M M 5 MAX(MPH)
MISC ----> 28 330 43 310
================================================================================
NOTES:
# LAST OF SEVERAL OCCURRENCES
COLUMN 17 PEAK WIND IN M.P.H.
PRELIMINARY LOCAL CLIMATOLOGICAL DATA (WS FORM: F-6) , PAGE 2
STATION: LOS ANGELES INTL AIRPORT CA
MONTH: DECEMBER
YEAR: 2023
LATITUDE: 33 55 N
LONGITUDE: 118 24 W
[TEMPERATURE DATA] [PRECIPITATION DATA] SYMBOLS USED IN COLUMN 16
AVERAGE MONTHLY: 60.8 TOTAL FOR MONTH: 3.57 1 = FOG OR MIST
DPTR FM NORMAL: 3.2 DPTR FM NORMAL: 1.34 2 = FOG REDUCING VISIBILITY
HIGHEST: 83 ON 5 GRTST 24HR 1.75 ON 20-21 TO 1/4 MILE OR LESS
LOWEST: 47 ON 14 3 = THUNDER
SNOW, ICE PELLETS, HAIL 4 = ICE PELLETS
TOTAL MONTH: M 5 = HAIL
GRTST 24HR M ON M 6 = FREEZING RAIN OR DRIZZLE
GRTST DEPTH: M ON M 7 = DUSTSTORM OR SANDSTORM:
VSBY 1/2 MILE OR LESS
8 = SMOKE OR HAZE
[NO. OF DAYS WITH] [WEATHER - DAYS WITH] 9 = BLOWING SNOW
X = TORNADO
MAX 32 OR BELOW: 0 0.01 INCH OR MORE: 6
MAX 90 OR ABOVE: 0 0.10 INCH OR MORE: 5
MIN 32 OR BELOW: 0 0.50 INCH OR MORE: 4
MIN 0 OR BELOW: 0 1.00 INCH OR MORE: 2
[HDD (BASE 65) ]
TOTAL THIS MO. 129 CLEAR (SCALE 0-3) 8
DPTR FM NORMAL -103 PTCLDY (SCALE 4-7) 19
TOTAL FM JUL 1 190 CLOUDY (SCALE 8-10) 4
DPTR FM NORMAL -187
[CDD (BASE 65) ]
TOTAL THIS MO. 8
DPTR FM NORMAL 5 [PRESSURE DATA]
TOTAL FM JAN 1 575 HIGHEST SLP 30.24 ON 9
DPTR FM NORMAL -143 LOWEST SLP 29.81 ON 22
[REMARKS]
#FINAL-12-23#