000
CXUS54 KLUB 010730
CF6LBB
PRELIMINARY LOCAL CLIMATOLOGICAL DATA (WS FORM: F-6)
STATION: LUBBOCK
MONTH: JUNE
YEAR: 2022
LATITUDE: 33 39 N
LONGITUDE: 101 49 W
TEMPERATURE IN F: :PCPN: SNOW: WIND :SUNSHINE: SKY :PK WND
================================================================================
1 2 3 4 5 6A 6B 7 8 9 10 11 12 13 14 15 16 17 18
12Z AVG MX 2MIN
DY MAX MIN AVG DEP HDD CDD WTR SNW DPTH SPD SPD DIR MIN PSBL S-S WX SPD DR
================================================================================
1 84 57 71 -5 0 6 T 0.0 0 15.6 30 30 M M 7 13 39 40
2 76 57 67 -9 0 2 0.02 0.0 0 11.7 20 30 M M 9 1 25 40
3 77 59 68 -8 0 3 0.78 0.0 0 14.6 32 90 M M 7 138 44 90
4 88 62 75 -2 0 10 0.00 0.0 0 12.0 29 150 M M 5 1 46 150
5 99 71 85 8 0 20 0.00 0.0 0 12.0 23 190 M M 4 30 190
6 93 64 79 2 0 14 0.00 0.0 0 10.5 22 10 M M 2 29 20
7 86 67 77 0 0 12 0.00 0.0 0 11.6 28 50 M M 4 35 40
8 87 65 76 -2 0 11 T 0.0 0 15.0 46 30 M M 5 178 65 40
9 94 65 80 2 0 15 T 0.0 0 12.9 30 10 M M 5 8 38 20
10 100 67 84 6 0 19 T 0.0 0 13.0 23 150 M M 2 3 27 200
11 106 78 92 14 0 27 0.00 0.0 0 18.0 25 200 M M 1 36 200
12 107 77 92 14 0 27 0.00 0.0 0 18.9 28 170 M M 3 40 180
13 101 72 87 9 0 22 0.00 0.0 0 20.4 32 170 M M 2 8 41 160
14 100 75 88 9 0 23 0.00 0.0 0 18.3 32 180 M M 4 8 43 190
15 99 77 88 9 0 23 0.00 0.0 0 18.8 25 160 M M 3 34 200
16 98 72 85 6 0 20 0.00 0.0 0 15.9 26 180 M M 1 37 190
17 96 70 83 4 0 18 0.00 0.0 0 13.8 26 150 M M 4 38 150
18 94 67 81 2 0 16 0.00 0.0 0 10.9 22 130 M M 3 31 150
19 94 67 81 2 0 16 0.00 0.0 0 13.9 29 150 M M 3 37 130
20 95 68 82 2 0 17 0.00 0.0 0 14.0 28 170 M M 5 37 150
21 96 65 81 1 0 16 0.00 0.0 0 10.2 23 10 M M 4 32 140
22 96 66 81 1 0 16 0.00 0.0 0 9.9 20 20 M M 4 26 120
23 98 72 85 5 0 20 0.00 0.0 0 11.9 21 180 M M 2 27 190
24 100 73 87 7 0 22 0.00 0.0 0 13.3 24 220 M M 1 32 210
25 101 70 86 6 0 21 T 0.0 0 10.1 30 30 M M 3 38 40 30
26 87 68 78 -2 0 13 0.01 0.0 0 19.2 29 60 M M 4 3 37 50
27 88 61 75 -5 0 10 0.00 0.0 0 9.6 18 60 M M 5 25 60
28 87 66 77 -3 0 12 0.02 0.0 0 8.6 18 110 M M 7 23 130
29 93 64 79 -1 0 14 0.00 0.0 0 7.1 16 140 M M 3 23 140
30 98 69 84 4 0 19 0.00 0.0 0 9.9 18 170 M M 1 24 220
================================================================================
SM 2818 2031 0 484 0.83 0.0 401.6 M 113
================================================================================
AV 93.9 67.7 13.4 FASTST M M 4 MAX(MPH)
MISC ----> 46 30 65 40
================================================================================
NOTES:
# LAST OF SEVERAL OCCURRENCES
COLUMN 17 PEAK WIND IN M.P.H.
PRELIMINARY LOCAL CLIMATOLOGICAL DATA (WS FORM: F-6) , PAGE 2
STATION: LUBBOCK
MONTH: JUNE
YEAR: 2022
LATITUDE: 33 39 N
LONGITUDE: 101 49 W
[TEMPERATURE DATA] [PRECIPITATION DATA] SYMBOLS USED IN COLUMN 16
AVERAGE MONTHLY: 80.8 TOTAL FOR MONTH: 0.83 1 = FOG OR MIST
DPTR FM NORMAL: 2.2 DPTR FM NORMAL: -1.75 2 = FOG REDUCING VISIBILITY
HIGHEST: 107 ON 12 GRTST 24HR 0.80 ON 2- 3 TO 1/4 MILE OR LESS
LOWEST: 57 ON 2, 1 3 = THUNDER
SNOW, ICE PELLETS, HAIL 4 = ICE PELLETS
TOTAL MONTH: 0.0 INCH 5 = HAIL
GRTST 24HR 0.0 6 = FREEZING RAIN OR DRIZZLE
GRTST DEPTH: 0 7 = DUSTSTORM OR SANDSTORM:
VSBY 1/2 MILE OR LESS
8 = SMOKE OR HAZE
[NO. OF DAYS WITH] [WEATHER - DAYS WITH] 9 = BLOWING SNOW
X = TORNADO
MAX 32 OR BELOW: 0 0.01 INCH OR MORE: 4
MAX 90 OR ABOVE: 21 0.10 INCH OR MORE: 1
MIN 32 OR BELOW: 0 0.50 INCH OR MORE: 1
MIN 0 OR BELOW: 0 1.00 INCH OR MORE: 0
[HDD (BASE 65) ]
TOTAL THIS MO. 0 CLEAR (SCALE 0-3) 13
DPTR FM NORMAL -1 PTCLDY (SCALE 4-7) 16
TOTAL FM JUL 1 2911 CLOUDY (SCALE 8-10) 1
DPTR FM NORMAL -332
[CDD (BASE 65) ]
TOTAL THIS MO. 484
DPTR FM NORMAL 75 [PRESSURE DATA]
TOTAL FM JAN 1 954 HIGHEST SLP M ON M
DPTR FM NORMAL 272 LOWEST SLP 29.46 ON 5
[REMARKS]
#FINAL-06-22#